000
CXUS55 KPUB 011853
CF6COS
PRELIMINARY LOCAL CLIMATOLOGICAL DATA (WS FORM: F-6)
STATION: COLORADO SPRINGS CO
MONTH: DECEMBER
YEAR: 2021
LATITUDE: 38 49 N
LONGITUDE: 104 43 W
TEMPERATURE IN F: :PCPN: SNOW: WIND :SUNSHINE: SKY :PK WND
================================================================================
1 2 3 4 5 6A 6B 7 8 9 10 11 12 13 14 15 16 17 18
12Z AVG MX 2MIN
DY MAX MIN AVG DEP HDD CDD WTR SNW DPTH SPD SPD DIR MIN PSBL S-S WX SPD DR
================================================================================
1 69 35 52 18 13 0 0.00 0.0 0 3.8 17 10 M M 5 21 10
2 72 39 56 22 9 0 0.00 0.0 0 7.7 14 140 M M 0 18 150
3 58 37 48 14 17 0 0.00 0.0 0 9.4 20 140 M M 1 25 10
4 54 25 40 7 25 0 0.00 0.0 0 4.6 14 10 M M 2 15 20
5 69 21 45 12 20 0 0.00 0.0 0 13.0 43 30 M M 6 53 30
6 50 15 33 0 32 0 0.00 0.0 0 10.7 33 290 M M 7 45 300
7 50 25 38 6 27 0 0.00 0.0 0 9.2 31 300 M M 5 43 300
8 55 27 41 9 24 0 0.00 0.0 0 6.4 26 310 M M 5 40 320
9 58 30 44 12 21 0 0.00 0.0 0 8.0 20 160 M M 4 28 150
10 42 14 28 -4 37 0 T T 0 16.8 31 320 M M 5 43 330
11 45 7 26 -6 39 0 0.00 0.0 0 7.0 16 10 M M 4 21 80
12 68 33 51 19 14 0 0.00 0.0 0 8.0 24 20 M M 7 33 330
13 60 35 48 17 17 0 0.00 0.0 0 5.9 13 170 M M 5 17 120
14 66 36 51 20 14 0 0.00 0.0 0 15.0 28 220 M M 6 40 200
15 52 23 38 7 27 0 0.01 0.0 0 19.3 66 290 M M 5 178 92 290
16 52 21 37 6 28 0 0.00 0.0 0 9.6 28 160 M M 2 34 160
17 41 19 30 -1 35 0 0.00 0.0 0 9.1 18 130 M M 2 22 160
18 34 12 23 -8 42 0 0.00 0.0 0 4.7 14 20 M M 0 15 20
19 55 15 35 4 30 0 0.00 0.0 0 6.5 14 160 M M 1 16 160
20 58 25 42 11 23 0 0.00 0.0 0 8.1 17 150 M M 1 19 150
21 62 26 44 13 21 0 0.00 0.0 0 10.2 24 270 M M 4 32 270
22 61 33 47 16 18 0 0.00 0.0 0 11.1 33 320 M M 5 49 330
23 67 34 51 20 14 0 0.00 0.0 0 9.8 31 250 M M 8 40 250
24 60 33 47 16 18 0 0.04 0.0 0 17.8 38 340 M M 5 1 50 340
25 55 39 47 16 18 0 0.00 0.0 0 18.1 35 240 M M 1 42 240
26 55 33 44 13 21 0 0.00 0.0 0 16.5 43 250 M M 4 65 290
27 39 22 31 0 34 0 0.00 0.0 0 10.8 24 140 M M 4 32 260
28 49 17 33 2 32 0 0.00 0.0 0 12.2 32 220 M M 2 45 230
29 49 8 29 -2 36 0 0.00 0.0 0 7.9 25 220 M M 2 33 220
30 52 31 42 11 23 0 0.00 0.0 0 21.7 36 260 M M 1 49 260
31 51 22 37 6 28 0 0.02 0.4 0 17.5 31 220 M M 5 39 220
================================================================================
SM 1708 792 757 0 0.07 0.4 336.4 M 114
================================================================================
AV 55.1 25.5 10.9 FASTST M M 4 MAX(MPH)
MISC ----> 66 290 92 290
================================================================================
NOTES:
COLUMN 17 PEAK WIND IN M.P.H.
PRELIMINARY LOCAL CLIMATOLOGICAL DATA (WS FORM: F-6) , PAGE 2
STATION: COLORADO SPRINGS CO
MONTH: DECEMBER
YEAR: 2021
LATITUDE: 38 49 N
LONGITUDE: 104 43 W
[TEMPERATURE DATA] [PRECIPITATION DATA] SYMBOLS USED IN COLUMN 16
AVERAGE MONTHLY: 40.3 TOTAL FOR MONTH: 0.07 1 = FOG OR MIST
DPTR FM NORMAL: 8.6 DPTR FM NORMAL: -0.16 2 = FOG REDUCING VISIBILITY
HIGHEST: 72 ON 2 GRTST 24HR 0.04 ON 24 TO 1/4 MILE OR LESS
LOWEST: 7 ON 11 3 = THUNDER
SNOW, ICE PELLETS, HAIL 4 = ICE PELLETS
TOTAL MONTH: 0.4 INCH 5 = HAIL
GRTST 24HR 0.4 ON 31 6 = FREEZING RAIN OR DRIZZLE
GRTST DEPTH: T 7 = DUSTSTORM OR SANDSTORM:
VSBY 1/2 MILE OR LESS
8 = SMOKE OR HAZE
[NO. OF DAYS WITH] [WEATHER - DAYS WITH] 9 = BLOWING SNOW
X = TORNADO
MAX 32 OR BELOW: 0 0.01 INCH OR MORE: 3
MAX 90 OR ABOVE: 0 0.10 INCH OR MORE: 0
MIN 32 OR BELOW: 20 0.50 INCH OR MORE: 0
MIN 0 OR BELOW: 0 1.00 INCH OR MORE: 0
[HDD (BASE 65) ]
TOTAL THIS MO. 757 CLEAR (SCALE 0-3) 12
DPTR FM NORMAL -277 PTCLDY (SCALE 4-7) 18
TOTAL FM JUL 1 1733 CLOUDY (SCALE 8-10) 1
DPTR FM NORMAL -657
[CDD (BASE 65) ]
TOTAL THIS MO. 0
DPTR FM NORMAL 0 [PRESSURE DATA]
TOTAL FM JAN 1 854 HIGHEST SLP 30.46 ON 18
DPTR FM NORMAL 246 LOWEST SLP 29.14 ON 15
[REMARKS]
#FINAL-12-21#