000
CXUS54 KCRP 011210
CF6COT
PRELIMINARY LOCAL CLIMATOLOGICAL DATA (WS FORM: F-6)
STATION: COTULLA
MONTH: JULY
YEAR: 2021
LATITUDE: 28 27 N
LONGITUDE: 99 13 W
TEMPERATURE IN F: :PCPN: SNOW: WIND :SUNSHINE: SKY :PK WND
================================================================================
1 2 3 4 5 6A 6B 7 8 9 10 11 12 13 14 15 16 17 18
12Z AVG MX 2MIN
DY MAX MIN AVG DEP HDD CDD WTR SNW DPTH SPD SPD DIR MIN PSBL S-S WX SPD DR
================================================================================
1 97 75 86 0 0 21 0.00 0.0 0 4.6 16 120 M M 2 20 130
2 99 75 87 1 0 22 0.00 0.0 0 6.5 18 110 M M 1 24 110
3 100 76 88 2 0 23 0.00 0.0 0 7.0 17 110 M M 0 23 120
4 99 78 89 3 0 24 0.00 0.0 0 8.9 18 100 M M 0 24 110
5 97 75 86 0 0 21 1.15 0.0 0 9.4 30 70 M M 4 13 39 90
6 88 74 81 -5 0 16 1.33 0.0 0 6.4 17 110 M M 8 138 21 130
7 88 75 82 -4 0 17 0.04 0.0 0 9.9 20 60 M M 9 18 26 50
8 89 75 82 -4 0 17 0.11 0.0 0 10.3 20 40 M M 9 1 27 10
9 85 76 81 -5 0 16 0.87 0.0 0 5.0 15 150 M M 8 123 21 140
10 90 76 83 -3 0 18 0.18 0.0 0 8.0 30 140 M M 6 13 38 150
11 93 77 85 -1 0 20 0.00 0.0 0 8.7 16 140 M M 4 18 21 130
12 95 76 86 0 0 21 0.00 0.0 0 10.4 17 160 M M 3 1 24 140
13 92 73 83 -4 0 18 0.01 0.0 0 5.8 35 120 M M 5 13 42 130
14 93 76 85 -2 0 20 0.00 0.0 0 8.4 21 120 M M 4 1 25 120
15 95 76 86 -1 0 21 0.00 0.0 0 9.3 17 130 M M 2 1 23 120
16 96 76 86 -1 0 21 0.00 0.0 0 12.1 21 140 M M 1 28 150
17 96 78 87 0 0 22 0.00 0.0 0 12.1 20 130 M M 3 25 120
18 97 75 86 -1 0 21 0.00 0.0 0 7.7 15 120 M M 3 19 120
19 99 76 88 1 0 23 0.00 0.0 0 6.6 13 90 M M 1 1 17 80
20 94 72 83 -4 0 18 T 0.0 0 6.3 16 360 M M 3 13 20 10
21 95 75 85 -2 0 20 0.00 0.0 0 6.1 16 170 M M 1 22 30
22 94 73 84 -3 0 19 0.79 0.0 0 7.6 24 160 M M 2 13 33 170
23 99 77 88 0 0 23 0.00 0.0 0 10.8 20 150 M M 1 25 150
24 101 76 89 1 0 24 0.00 0.0 0 10.5 18 160 M M 1 24 160
25 101 74 88 0 0 23 0.00 0.0 0 8.1 18 130 M M 1 1 22 140
26 100 75 88 0 0 23 0.00 0.0 0 7.6 15 130 M M 1 1 19 130
27 100 75 88 0 0 23 0.00 0.0 0 6.2 14 80 M M 0 18 90
28 99 76 88 0 0 23 0.00 0.0 0 7.0 14 90 M M 1 18 80
29 98 75 87 -1 0 22 0.00 0.0 0 6.1 14 110 M M 1 18 120
30 96 76 86 -2 0 21 M 0.0 0 3.5 8 100 M M 1 M M
31 M M M M M M M M M M M M M M M M M
================================================================================
SM 2865 2262 0 621 4.48 0.0 236.9 M 86
================================================================================
AV 95.5 75.4 7.9 FASTST M M 3 MAX(MPH)
MISC ----> 35 120 42 130
================================================================================
NOTES:
# LAST OF SEVERAL OCCURRENCES
COLUMN 17 PEAK WIND IN M.P.H.
PRELIMINARY LOCAL CLIMATOLOGICAL DATA (WS FORM: F-6) , PAGE 2
STATION: COTULLA
MONTH: JULY
YEAR: 2021
LATITUDE: 28 27 N
LONGITUDE: 99 13 W
[TEMPERATURE DATA] [PRECIPITATION DATA] SYMBOLS USED IN COLUMN 16
AVERAGE MONTHLY: 85.5 TOTAL FOR MONTH: 4.48 1 = FOG OR MIST
DPTR FM NORMAL: -1.6 DPTR FM NORMAL: 2.22 2 = FOG REDUCING VISIBILITY
HIGHEST: 101 ON 25,24 GRTST 24HR 2.48 ON 5- 6 TO 1/4 MILE OR LESS
LOWEST: 72 ON 20 3 = THUNDER
SNOW, ICE PELLETS, HAIL 4 = ICE PELLETS
TOTAL MONTH: 0.0 INCH 5 = HAIL
GRTST 24HR 0.0 6 = FREEZING RAIN OR DRIZZLE
GRTST DEPTH: 0 7 = DUSTSTORM OR SANDSTORM:
VSBY 1/2 MILE OR LESS
8 = SMOKE OR HAZE
[NO. OF DAYS WITH] [WEATHER - DAYS WITH] 9 = BLOWING SNOW
X = TORNADO
MAX 32 OR BELOW: 0 0.01 INCH OR MORE: 8
MAX 90 OR ABOVE: 26 0.10 INCH OR MORE: 6
MIN 32 OR BELOW: 0 0.50 INCH OR MORE: 4
MIN 0 OR BELOW: 0 1.00 INCH OR MORE: 2
[HDD (BASE 65) ]
TOTAL THIS MO. 0 CLEAR (SCALE 0-3) 19
DPTR FM NORMAL 0 PTCLDY (SCALE 4-7) 9
TOTAL FM JUL 1 0 CLOUDY (SCALE 8-10) 3
DPTR FM NORMAL 0
[CDD (BASE 65) ]
TOTAL THIS MO. 621
DPTR FM NORMAL -59 [PRESSURE DATA]
TOTAL FM JAN 1 2354 HIGHEST SLP M ON M
DPTR FM NORMAL 68 LOWEST SLP 29.78 ON 5
[REMARKS]
#FINAL-07-21#