310
CXUS55 KRIW 011146
CF6CPR
PRELIMINARY LOCAL CLIMATOLOGICAL DATA (WS FORM: F-6)
STATION: CASPER WY
MONTH: JANUARY
YEAR: 2021
LATITUDE: 42 55 N
LONGITUDE: 106 28 W
TEMPERATURE IN F: :PCPN: SNOW: WIND :SUNSHINE: SKY :PK WND
================================================================================
1 2 3 4 5 6A 6B 7 8 9 10 11 12 13 14 15 16 17 18
12Z AVG MX 2MIN
DY MAX MIN AVG DEP HDD CDD WTR SNW DPTH SPD SPD DIR MIN PSBL S-S WX SPD DR
================================================================================
1 32 13 23 -1 42 0 0.00 0.0 3 14.8 28 210 M M 0 37 220
2 36 23 30 6 35 0 0.00 0.0 3 21.4 37 210 M M 2 3 48 200
3 37 23 30 6 35 0 0.00 0.0 2 19.8 32 210 M M 3 42 210
4 42 23 33 9 32 0 0.00 0.0 2 21.8 35 220 M M 1 46 220
5 40 14 27 3 38 0 0.09 1.6 2 16.7 31 210 M M 6 128 40 220
6 31 12 22 -3 43 0 0.00 0.0 2 19.2 29 220 M M 0 37 220
7 38 20 29 4 36 0 0.01 T 2 12.9 28 220 M M 4 1 34 220
8 33 9 21 -4 44 0 T 0.4 1 9.8 20 200 M M 6 1 23 200
9 28 6 17 -8 48 0 0.01 0.1 1 5.5 12 250 M M 8 12 14 230
10 31 12 22 -3 43 0 0.00 0.0 1 18.9 29 200 M M 0 39 210
11 33 20 27 2 38 0 0.00 0.0 1 21.8 33 200 M M 0 43 210
12 39 23 31 6 34 0 0.00 0.0 1 25.6 43 210 M M 0 52 210
13 48 26 37 12 28 0 0.05 0.4 T 26.8 43 230 M M 1 13 56 230
14 30 13 22 -3 43 0 0.00 0.0 T 16.3 33 310 M M 2 44 310
15 38 13 26 1 39 0 0.00 0.0 T 15.1 25 210 M M 1 32 210
16 36 11 24 -1 41 0 0.08 1.4 2 6.8 18 360 M M 5 1 23 360
17 38 17 28 3 37 0 0.00 0.0 2 14.4 28 210 M M 4 34 200
18 34 14 24 -1 41 0 T 0.3 1 9.6 29 340 M M 8 18 36 320
19 32 11 22 -3 43 0 T T 1 17.1 39 210 M M 3 50 200
20 42 25 34 9 31 0 0.00 0.0 T 25.0 38 210 M M 1 53 200
21 36 17 27 2 38 0 0.01 T T 6.8 24 230 M M 5 18 31 230
22 27 20 24 -1 41 0 0.01 0.3 1 6.9 14 90 M M 10 1 17 80
23 23 4 14 -11 51 0 0.22 3.0 1 6.5 15 360 M M 10 12 19 360
24 30 7 19 -6 46 0 0.00 0.0 4 10.6 22 210 M M 3 1 27 210
25 21 -6 8 -17 57 0 0.00 0.0 4 4.7 16 80 M M 3 19 80
26 19 3 11 -14 54 0 T 0.1 3 7.0 23 210 M M 6 1 30 200
27 29 13 21 -4 44 0 0.00 0.0 3 30.0 53 220 M M 0 89 68 220
28 43 28 36 11 29 0 0.00 0.0 3 27.6 44 220 M M 0 59 220
29 51 34 43 18 22 0 0.00 0.0 1 18.9 39 230 M M 1 52 230
30 44 24 34 9 31 0 T T 0 7.3 18 340 M M 8 25 340
31 41 21 31 6 34 0 0.00 0.0 0 19.1 35 210 M M 1 45 210
================================================================================
SM 1082 493 1218 0 0.48 7.6 484.7 M 102
================================================================================
AV 34.9 15.9 15.6 FASTST M M 3 MAX(MPH)
MISC ----> 53 220 68 220
================================================================================
NOTES:
# LAST OF SEVERAL OCCURRENCES
COLUMN 17 PEAK WIND IN M.P.H.
PRELIMINARY LOCAL CLIMATOLOGICAL DATA (WS FORM: F-6) , PAGE 2
STATION: CASPER WY
MONTH: JANUARY
YEAR: 2021
LATITUDE: 42 55 N
LONGITUDE: 106 28 W
[TEMPERATURE DATA] [PRECIPITATION DATA] SYMBOLS USED IN COLUMN 16
AVERAGE MONTHLY: 25.4 TOTAL FOR MONTH: 0.48 1 = FOG OR MIST
DPTR FM NORMAL: 0.7 DPTR FM NORMAL: -0.03 2 = FOG REDUCING VISIBILITY
HIGHEST: 51 ON 29 GRTST 24HR 0.22 ON 23-23 TO 1/4 MILE OR LESS
LOWEST: -6 ON 25 3 = THUNDER
SNOW, ICE PELLETS, HAIL 4 = ICE PELLETS
TOTAL MONTH: 7.6 INCHES 5 = HAIL
GRTST 24HR 3.0 ON 23-23 6 = FREEZING RAIN OR DRIZZLE
GRTST DEPTH: 4 ON 25,24 7 = DUSTSTORM OR SANDSTORM:
VSBY 1/2 MILE OR LESS
8 = SMOKE OR HAZE
[NO. OF DAYS WITH] [WEATHER - DAYS WITH] 9 = BLOWING SNOW
X = TORNADO
MAX 32 OR BELOW: 12 0.01 INCH OR MORE: 8
MAX 90 OR ABOVE: 0 0.10 INCH OR MORE: 1
MIN 32 OR BELOW: 30 0.50 INCH OR MORE: 0
MIN 0 OR BELOW: 1 1.00 INCH OR MORE: 0
[HDD (BASE 65) ]
TOTAL THIS MO. 1218 CLEAR (SCALE 0-3) 18
DPTR FM NORMAL -30 PTCLDY (SCALE 4-7) 10
TOTAL FM JUL 1 4181 CLOUDY (SCALE 8-10) 3
DPTR FM NORMAL -193
[CDD (BASE 65) ]
TOTAL THIS MO. 0
DPTR FM NORMAL 0 [PRESSURE DATA]
TOTAL FM JAN 1 0 HIGHEST SLP 30.54 ON 19
DPTR FM NORMAL 0 LOWEST SLP 29.55 ON 29
[REMARKS]
#FINAL-01-21#