000
CXUS56 KLOX 011255
CF6CQT
PRELIMINARY LOCAL CLIMATOLOGICAL DATA (WS FORM: F-6)
STATION: DOWNTOWN LOS ANGELES (USC) CA
MONTH: DECEMBER
YEAR: 2022
LATITUDE: 34 1 N
LONGITUDE: 118 17 W
TEMPERATURE IN F: :PCPN: SNOW: WIND :SUNSHINE: SKY :PK WND
================================================================================
1 2 3 4 5 6A 6B 7 8 9 10 11 12 13 14 15 16 17 18
12Z AVG MX 2MIN
DY MAX MIN AVG DEP HDD CDD WTR SNW DPTH SPD SPD DIR MIN PSBL S-S WX SPD DR
================================================================================
1 61 55 58 -1 7 0 T M M 2.1 8 140 M M 8 12 90
2 62 53 58 -1 7 0 0.12 M M 2.6 9 90 M M 9 1 14 90
3 71 52 62 3 3 0 0.00 M M 0.8 9 270 M M 1 1 14 270
4 65 54 60 1 5 0 0.02 M M 0.1 3 260 M M 9 1 6 360
5 63 54 59 1 6 0 0.00 M M 1.6 8 260 M M 3 1 11 250
6 63 50 57 -1 8 0 0.00 M M 2.6 7 120 M M 3 8 11 90
7 62 47 55 -3 10 0 0.00 M M 1.0 7 270 M M 0 13 260
8 63 45 54 -4 11 0 0.00 M M 0.6 8 270 M M 0 13 280
9 63 44 54 -4 11 0 0.00 M M 0.3 7 270 M M 0 8 11 270
10 64 46 55 -3 10 0 T M M 0.7 8 120 M M 6 1 13 130
11 60 46 53 -5 12 0 0.83 M M 3.5 13 260 M M 5 1 22 270
12 56 45 51 -7 14 0 0.26 M M 2.0 9 90 M M 5 18 13 100
13 62 44 53 -5 12 0 0.00 M M 1.3 7 270 M M 2 12 260
14 63 43 53 -5 12 0 0.00 M M 0.8 7 260 M M 0 11 270
15 63 45 54 -3 11 0 0.00 M M 0.6 6 270 M M 0 10 270
16 69 48 59 2 6 0 0.00 M M 0.6 5 20 M M 0 8 360
17 66 48 57 0 8 0 0.00 M M 2.1 7 360 M M 0 11 30
18 66 45 56 -1 9 0 0.00 M M 1.8 8 270 M M 0 8 13 270
19 67 42 55 -2 10 0 0.00 M M 0.6 6 280 M M 0 9 270
20 67 48 58 1 7 0 0.00 M M 0.8 7 270 M M 0 9 270
21 71 44 58 1 7 0 0.00 M M 0.6 6 270 M M 0 9 260
22 71 47 59 2 6 0 0.00 M M 0.3 6 100 M M 0 18 9 280
23 70 47 59 2 6 0 0.00 M M 0.4 6 260 M M 0 18 8 260
24 79 47 63 5 2 0 0.00 M M 0.0 5 260 M M 0 1 7 280
25 84 55 70 12 0 5 0.00 M M 0.9 6 260 M M 0 10 260
26 81 56 69 11 0 4 0.00 M M 0.6 5 100 M M 0 8 20
27 65 55 60 2 5 0 0.45 M M 1.0 8 270 M M 5 1 10 270
28 64 51 58 0 7 0 0.01 M M 0.9 7 140 M M 7 18 10 270
29 61 56 59 1 6 0 T M M 1.2 7 90 M M 10 10 100
30 60 56 58 0 7 0 0.01 M M 0.5 5 100 M M 10 1 7 80
31 60 57 59 1 6 0 1.11 M M 3.0 8 160 M M 10 1 16 140
================================================================================
SM 2042 1525 231 9 2.81 M 35.9 M 93
================================================================================
AV 65.9 49.2 1.2 FASTST M M 3 MAX(MPH)
MISC ----> 13 260 22 270
================================================================================
NOTES:
# LAST OF SEVERAL OCCURRENCES
COLUMN 17 PEAK WIND IN M.P.H.
PRELIMINARY LOCAL CLIMATOLOGICAL DATA (WS FORM: F-6) , PAGE 2
STATION: DOWNTOWN LOS ANGELES (USC) CA
MONTH: DECEMBER
YEAR: 2022
LATITUDE: 34 1 N
LONGITUDE: 118 17 W
[TEMPERATURE DATA] [PRECIPITATION DATA] SYMBOLS USED IN COLUMN 16
AVERAGE MONTHLY: 57.5 TOTAL FOR MONTH: 2.81 1 = FOG OR MIST
DPTR FM NORMAL: -0.3 DPTR FM NORMAL: 0.33 2 = FOG REDUCING VISIBILITY
HIGHEST: 84 ON 25 GRTST 24HR 1.11 ON 31-31 TO 1/4 MILE OR LESS
LOWEST: 42 ON 19 3 = THUNDER
SNOW, ICE PELLETS, HAIL 4 = ICE PELLETS
TOTAL MONTH: M 5 = HAIL
GRTST 24HR M ON M 6 = FREEZING RAIN OR DRIZZLE
GRTST DEPTH: M ON M 7 = DUSTSTORM OR SANDSTORM:
VSBY 1/2 MILE OR LESS
8 = SMOKE OR HAZE
[NO. OF DAYS WITH] [WEATHER - DAYS WITH] 9 = BLOWING SNOW
X = TORNADO
MAX 32 OR BELOW: 0 0.01 INCH OR MORE: 8
MAX 90 OR ABOVE: 0 0.10 INCH OR MORE: 5
MIN 32 OR BELOW: 0 0.50 INCH OR MORE: 2
MIN 0 OR BELOW: 0 1.00 INCH OR MORE: 1
[HDD (BASE 65) ]
TOTAL THIS MO. 231 CLEAR (SCALE 0-3) 20
DPTR FM NORMAL 4 PTCLDY (SCALE 4-7) 6
TOTAL FM JUL 1 371 CLOUDY (SCALE 8-10) 5
DPTR FM NORMAL 24
[CDD (BASE 65) ]
TOTAL THIS MO. 9
DPTR FM NORMAL 5 [PRESSURE DATA]
TOTAL FM JAN 1 1400 HIGHEST SLP M ON M
DPTR FM NORMAL 102 LOWEST SLP 29.72 ON 31
[REMARKS]
#FINAL-12-22#