000
CXUS56 KLOX 011155
CF6CQT
PRELIMINARY LOCAL CLIMATOLOGICAL DATA (WS FORM: F-6)
STATION: DOWNTOWN LOS ANGELES (USC) CA
MONTH: SEPTEMBER
YEAR: 2022
LATITUDE: 34 1 N
LONGITUDE: 118 17 W
TEMPERATURE IN F: :PCPN: SNOW: WIND :SUNSHINE: SKY :PK WND
================================================================================
1 2 3 4 5 6A 6B 7 8 9 10 11 12 13 14 15 16 17 18
12Z AVG MX 2MIN
DY MAX MIN AVG DEP HDD CDD WTR SNW DPTH SPD SPD DIR MIN PSBL S-S WX SPD DR
================================================================================
1 96 74 85 10 0 20 0.00 M M 1.4 7 280 M M 0 8 11 270
2 96 72 84 9 0 19 0.00 M M 1.3 8 270 M M 0 13 260
3 98 75 87 12 0 22 0.00 M M 1.2 9 280 M M 0 14 280
4 103 77 90 15 0 25 0.00 M M 1.1 8 260 M M 0 13 260
5 97 74 86 11 0 21 0.00 M M 1.2 8 270 M M 0 13 260
6 93 73 83 8 0 18 0.00 M M 1.4 8 270 M M 0 12 270
7 99 72 86 11 0 21 0.00 M M 0.7 8 280 M M 0 12 260
8 98 73 86 12 0 21 T M M 2.0 10 260 M M 1 17 260
9 98 70 84 10 0 19 0.12 M M 4.2 17 80 M M 3 1 28 120
10 80 70 75 1 0 10 0.24 M M 0.5 7 260 M M 7 1 10 270
11 87 74 81 7 0 16 0.01 M M 2.3 9 260 M M 5 8 16 280
12 85 70 78 4 0 13 0.00 M M 2.8 12 260 M M 1 18 270
13 82 69 76 2 0 11 0.00 M M 1.5 9 270 M M 1 14 270
14 82 68 75 1 0 10 0.00 M M 2.2 10 260 M M 2 16 250
15 79 66 73 -1 0 8 0.00 M M 1.6 9 260 M M 3 16 270
16 80 65 73 -1 0 8 0.00 M M 1.9 9 270 M M 1 8 15 270
17 77 66 72 -2 0 7 0.00 M M 1.4 9 260 M M 4 18 15 250
18 75 64 70 -4 0 5 0.00 M M 2.8 8 260 M M 5 15 260
19 77 63 70 -3 0 5 0.00 M M 1.8 10 260 M M 1 8 15 260
20 80 63 72 -1 0 7 0.00 M M 1.8 10 270 M M 0 17 260
21 79 62 71 -2 0 6 0.00 M M 1.2 12 260 M M 0 8 19 260
22 85 61 73 0 0 8 0.00 M M 1.3 9 270 M M 0 14 280
23 86 60 73 0 0 8 0.00 M M 1.2 8 270 M M 0 14 260
24 86 66 76 3 0 11 0.00 M M 1.0 9 260 M M 0 8 15 250
25 86 66 76 4 0 11 0.00 M M 1.0 9 260 M M 0 14 260
26 86 66 76 4 0 11 0.00 M M 1.0 9 270 M M 0 14 260
27 88 66 77 5 0 12 0.00 M M 1.4 8 260 M M 0 1 12 260
28 89 67 78 6 0 13 0.00 M M 1.5 7 270 M M 0 12 270
29 80 65 73 1 0 8 0.00 M M 1.0 8 260 M M 2 128 14 270
30 79 66 73 1 0 8 0.00 M M 1.6 8 260 M M 5 18 14 270
================================================================================
SM 2606 2043 0 382 0.37 M 47.3 M 41
================================================================================
AV 86.9 68.1 1.6 FASTST M M 1 MAX(MPH)
MISC ----> 17 80 28 120
================================================================================
NOTES:
# LAST OF SEVERAL OCCURRENCES
COLUMN 17 PEAK WIND IN M.P.H.
PRELIMINARY LOCAL CLIMATOLOGICAL DATA (WS FORM: F-6) , PAGE 2
STATION: DOWNTOWN LOS ANGELES (USC) CA
MONTH: SEPTEMBER
YEAR: 2022
LATITUDE: 34 1 N
LONGITUDE: 118 17 W
[TEMPERATURE DATA] [PRECIPITATION DATA] SYMBOLS USED IN COLUMN 16
AVERAGE MONTHLY: 77.5 TOTAL FOR MONTH: 0.37 1 = FOG OR MIST
DPTR FM NORMAL: 3.9 DPTR FM NORMAL: 0.24 2 = FOG REDUCING VISIBILITY
HIGHEST: 103 ON 4 GRTST 24HR 0.36 ON 9-10 TO 1/4 MILE OR LESS
LOWEST: 60 ON 23 3 = THUNDER
SNOW, ICE PELLETS, HAIL 4 = ICE PELLETS
TOTAL MONTH: M 5 = HAIL
GRTST 24HR M ON M 6 = FREEZING RAIN OR DRIZZLE
GRTST DEPTH: M ON M 7 = DUSTSTORM OR SANDSTORM:
VSBY 1/2 MILE OR LESS
8 = SMOKE OR HAZE
[NO. OF DAYS WITH] [WEATHER - DAYS WITH] 9 = BLOWING SNOW
X = TORNADO
MAX 32 OR BELOW: 0 0.01 INCH OR MORE: 3
MAX 90 OR ABOVE: 9 0.10 INCH OR MORE: 2
MIN 32 OR BELOW: 0 0.50 INCH OR MORE: 0
MIN 0 OR BELOW: 0 1.00 INCH OR MORE: 0
[HDD (BASE 65) ]
TOTAL THIS MO. 0 CLEAR (SCALE 0-3) 24
DPTR FM NORMAL -1 PTCLDY (SCALE 4-7) 6
TOTAL FM JUL 1 0 CLOUDY (SCALE 8-10) 0
DPTR FM NORMAL 0
[CDD (BASE 65) ]
TOTAL THIS MO. 382
DPTR FM NORMAL 123 [PRESSURE DATA]
TOTAL FM JAN 1 1262 HIGHEST SLP M ON M
DPTR FM NORMAL 155 LOWEST SLP 29.51 ON 9
[REMARKS]
#FINAL-09-22#