000
CXUS52 KJAX 010800
CF6CRG
PRELIMINARY LOCAL CLIMATOLOGICAL DATA (WS FORM: F-6)
STATION: CRAIG EXEC ARPT
MONTH: OCTOBER
YEAR: 2023
LATITUDE: 30 19 N
LONGITUDE: 81 31 W
TEMPERATURE IN F: :PCPN: SNOW: WIND :SUNSHINE: SKY :PK WND
================================================================================
1 2 3 4 5 6A 6B 7 8 9 10 11 12 13 14 15 16 17 18
12Z AVG MX 2MIN
DY MAX MIN AVG DEP HDD CDD WTR SNW DPTH SPD SPD DIR MIN PSBL S-S WX SPD DR
================================================================================
1 82 76 79 3 0 14 0.00 0.0 0 13.8 21 40 M M 5 32 20
2 84 74 79 3 0 14 0.02 0.0 0 12.6 21 50 M M 6 18 30 50
3 83 75 79 3 0 14 0.01 0.0 0 10.2 22 40 M M 6 18 30 50
4 84 73 79 4 0 14 0.02 0.0 0 8.8 21 40 M M 6 18 33 50
5 86 70 78 3 0 13 0.00 0.0 0 7.3 16 60 M M 5 23 90
6 84 72 78 3 0 13 0.00 0.0 0 4.5 12 70 M M 4 1 16 70
7 87 67 77 2 0 12 0.00 0.0 0 7.1 16 320 M M 1 22 310
8 74 55 65 -9 0 0 0.00 0.0 0 6.9 16 30 M M 0 23 30
9 77 52 65 -9 0 0 0.00 0.0 0 1.9 9 40 M M 0 12 40
10 82 53 68 -6 0 3 0.00 0.0 0 2.8 12 110 M M 0 15 110
11 79 66 73 -1 0 8 0.40 0.0 0 4.7 17 90 M M 5 1 27 70
12 82 69 76 3 0 11 2.21 0.0 0 8.3 22 20 M M 8 13 33 70
13 87 73 80 7 0 15 0.01 0.0 0 3.0 9 90 M M 7 1 13 240
14 81 72 77 4 0 12 0.00 0.0 0 8.8 16 280 M M 6 1 23 280
15 77 64 71 -1 0 6 0.00 0.0 0 10.3 20 320 M M 3 25 300
16 69 58 64 -8 1 0 0.00 0.0 0 12.0 21 330 M M 8 27 320
17 71 53 62 -10 3 0 0.00 0.0 0 5.0 14 330 M M 0 18 340
18 74 52 63 -8 2 0 0.00 0.0 0 3.5 13 90 M M 1 20 50
19 78 55 67 -4 0 2 0.00 0.0 0 3.3 13 70 M M 1 1 16 60
20 83 57 70 -1 0 5 0.00 0.0 0 8.6 20 240 M M 1 30 220
21 81 58 70 0 0 5 0.00 0.0 0 6.9 14 270 M M 0 22 320
22 87 55 71 1 0 6 0.00 0.0 0 2.9 13 300 M M 0 17 310
23 81 59 70 0 0 5 0.00 0.0 0 9.2 21 60 M M 0 29 60
24 81 72 77 8 0 12 T 0.0 0 11.1 21 60 M M 5 30 80
25 83 68 76 7 0 11 0.01 0.0 0 7.3 20 80 M M 5 1 31 90
26 82 68 75 6 0 10 0.00 0.0 0 6.8 17 100 M M 6 24 100
27 83 66 75 7 0 10 T 0.0 0 4.4 14 60 M M 6 18 80
28 83 64 74 6 0 9 0.00 0.0 0 4.4 13 80 M M 4 12 19 60
29 83 65 74 6 0 9 0.00 0.0 0 4.0 12 70 M M 6 12 17 60
30 84 63 74 6 0 9 0.00 0.0 0 2.1 10 90 M M 4 12 15 80
31 84 63 74 7 0 9 0.00 0.0 0 5.1 20 340 M M 5 12 25 340
================================================================================
SM 2516 1987 6 251 2.68 0.0 207.6 M 114
================================================================================
AV 81.2 64.1 6.7 FASTST M M 4 MAX(MPH)
MISC ----> # 22 40 # 33 50
================================================================================
NOTES:
# LAST OF SEVERAL OCCURRENCES
COLUMN 17 PEAK WIND IN M.P.H.
PRELIMINARY LOCAL CLIMATOLOGICAL DATA (WS FORM: F-6) , PAGE 2
STATION: CRAIG EXEC ARPT
MONTH: OCTOBER
YEAR: 2023
LATITUDE: 30 19 N
LONGITUDE: 81 31 W
[TEMPERATURE DATA] [PRECIPITATION DATA] SYMBOLS USED IN COLUMN 16
AVERAGE MONTHLY: 72.6 TOTAL FOR MONTH: 2.68 1 = FOG OR MIST
DPTR FM NORMAL: 0.7 DPTR FM NORMAL: -3.31 2 = FOG REDUCING VISIBILITY
HIGHEST: 87 ON 22,13 GRTST 24HR 2.61 ON 11-12 TO 1/4 MILE OR LESS
LOWEST: 52 ON 18, 9 3 = THUNDER
SNOW, ICE PELLETS, HAIL 4 = ICE PELLETS
TOTAL MONTH: 0.0 INCH 5 = HAIL
GRTST 24HR 0.0 6 = FREEZING RAIN OR DRIZZLE
GRTST DEPTH: 0 7 = DUSTSTORM OR SANDSTORM:
VSBY 1/2 MILE OR LESS
8 = SMOKE OR HAZE
[NO. OF DAYS WITH] [WEATHER - DAYS WITH] 9 = BLOWING SNOW
X = TORNADO
MAX 32 OR BELOW: 0 0.01 INCH OR MORE: 7
MAX 90 OR ABOVE: 0 0.10 INCH OR MORE: 2
MIN 32 OR BELOW: 0 0.50 INCH OR MORE: 1
MIN 0 OR BELOW: 0 1.00 INCH OR MORE: 1
[HDD (BASE 65) ]
TOTAL THIS MO. 6 CLEAR (SCALE 0-3) 12
DPTR FM NORMAL -13 PTCLDY (SCALE 4-7) 18
TOTAL FM JUL 1 6 CLOUDY (SCALE 8-10) 1
DPTR FM NORMAL -10
[CDD (BASE 65) ]
TOTAL THIS MO. 251
DPTR FM NORMAL 20 [PRESSURE DATA]
TOTAL FM JAN 1 3277 HIGHEST SLP 30.27 ON 25
DPTR FM NORMAL 609 LOWEST SLP 29.59 ON 12
[REMARKS]
#FINAL-10-23#