000
CXUS54 KCRP 100211
CF6CRP
PRELIMINARY LOCAL CLIMATOLOGICAL DATA (WS FORM: F-6)
STATION: CORPUS CHRISTI
MONTH: JANUARY
YEAR: 2022
LATITUDE: 27 46 N
LONGITUDE: 97 30 W
TEMPERATURE IN F: :PCPN: SNOW: WIND :SUNSHINE: SKY :PK WND
================================================================================
1 2 3 4 5 6A 6B 7 8 9 10 11 12 13 14 15 16 17 18
12Z AVG MX 2MIN
DY MAX MIN AVG DEP HDD CDD WTR SNW DPTH SPD SPD DIR MIN PSBL S-S WX SPD DR
================================================================================
1 92 70 81 23 0 16 0.00 0.0 0 13.3 31 170 M M 7 1 40 170
2 71 38 55 -3 10 0 0.00 0.0 0 21.8 39 360 M M 3 1 47 10
3 57 25 41 -17 24 0 0.00 0.0 0 5.6 13 20 M M 1 15 50
4 72 34 53 -5 12 0 0.00 0.0 0 7.5 20 170 M M 4 8 25 170
5 82 43 63 6 2 0 0.00 0.0 0 7.4 20 150 M M 2 12 23 160
6 81 47 64 7 1 0 0.00 0.0 0 10.4 29 30 M M 5 12 37 40
7 51 42 47 -10 18 0 0.08 0.0 0 12.9 25 20 M M 10 18 30 30
8 65 50 58 1 7 0 T 0.0 0 4.6 12 360 M M 10 12 13 360
9 83 54 69 12 0 4 0.01 0.0 0 11.8 30 20 M M 9 13 35 20
10 66 48 57 0 8 0 0.00 0.0 0 16.7 28 10 M M 8 33 10
11 66 42 54 -3 11 0 0.00 0.0 0 10.0 17 70 M M 7 20 80
12 64 50 57 0 8 0 0.01 0.0 0 8.2 16 30 M M 10 1 18 30
13 78 45 62 4 3 0 0.00 0.0 0 6.9 13 310 M M 1 17 300
14 78 44 61 3 4 0 0.00 0.0 0 10.0 20 150 M M 4 12 25 150
15 66 39 53 -5 12 0 0.00 0.0 0 19.0 40 340 M M 4 12 49 340
16 67 33 50 -8 15 0 0.00 0.0 0 9.3 17 340 M M 1 23 320
17 74 31 53 -5 12 0 0.00 0.0 0 6.9 20 140 M M 1 23 140
18 77 45 61 3 4 0 0.00 0.0 0 13.8 29 160 M M 5 37 160
19 85 60 73 15 0 8 0.00 0.0 0 13.6 26 190 M M 6 1 32 180
20 67 34 51 -7 14 0 0.03 0.0 0 21.3 37 10 M M 10 45 10
21 53 34 44 -14 21 0 0.02 0.0 0 12.3 24 360 M M 7 28 360
22 55 40 48 -10 17 0 0.00 0.0 0 12.7 25 50 M M 9 31 40
23 58 50 54 -4 11 0 0.00 0.0 0 9.7 16 40 M M 10 19 50
24 54 47 51 -7 14 0 0.79 0.0 0 11.5 20 320 M M 10 1 23 320
25 64 46 55 -3 10 0 0.00 0.0 0 9.9 20 60 M M 9 1 25 330
26 61 52 57 -2 8 0 0.00 0.0 0 14.8 24 50 M M 9 28 50
27 62 52 57 -2 8 0 T 0.0 0 11.0 17 40 M M 10 20 50
28 59 38 49 -10 16 0 0.15 0.0 0 12.2 28 30 M M 7 1 36 30
29 65 34 50 -9 15 0 0.00 0.0 0 5.8 16 130 M M 3 20 110
30 70 37 54 -5 11 0 0.00 0.0 0 8.0 21 160 M M 5 1 25 160
31 69 56 63 4 2 0 1.22 0.0 0 7.7 17 160 M M 8 123 20 150
================================================================================
SM 2112 1360 298 28 2.31 0.0 346.6 M 195
================================================================================
AV 68.1 43.9 11.2 FASTST M M 6 MAX(MPH)
MISC ----> 40 340 49 340
================================================================================
NOTES:
# LAST OF SEVERAL OCCURRENCES
COLUMN 17 PEAK WIND IN M.P.H.
PRELIMINARY LOCAL CLIMATOLOGICAL DATA (WS FORM: F-6) , PAGE 2
STATION: CORPUS CHRISTI
MONTH: JANUARY
YEAR: 2022
LATITUDE: 27 46 N
LONGITUDE: 97 30 W
[TEMPERATURE DATA] [PRECIPITATION DATA] SYMBOLS USED IN COLUMN 16
AVERAGE MONTHLY: 56.0 TOTAL FOR MONTH: 2.31 1 = FOG OR MIST
DPTR FM NORMAL: -2.0 DPTR FM NORMAL: 0.92 2 = FOG REDUCING VISIBILITY
HIGHEST: 92 ON 1 GRTST 24HR 1.22 ON 31-31 TO 1/4 MILE OR LESS
LOWEST: 25 ON 3 3 = THUNDER
SNOW, ICE PELLETS, HAIL 4 = ICE PELLETS
TOTAL MONTH: 0.0 INCH 5 = HAIL
GRTST 24HR 0.0 6 = FREEZING RAIN OR DRIZZLE
GRTST DEPTH: 0 7 = DUSTSTORM OR SANDSTORM:
VSBY 1/2 MILE OR LESS
8 = SMOKE OR HAZE
[NO. OF DAYS WITH] [WEATHER - DAYS WITH] 9 = BLOWING SNOW
X = TORNADO
MAX 32 OR BELOW: 0 0.01 INCH OR MORE: 8
MAX 90 OR ABOVE: 1 0.10 INCH OR MORE: 3
MIN 32 OR BELOW: 2 0.50 INCH OR MORE: 2
MIN 0 OR BELOW: 0 1.00 INCH OR MORE: 1
[HDD (BASE 65) ]
TOTAL THIS MO. 298 CLEAR (SCALE 0-3) 7
DPTR FM NORMAL 45 PTCLDY (SCALE 4-7) 13
TOTAL FM JUL 1 429 CLOUDY (SCALE 8-10) 11
DPTR FM NORMAL -147
[CDD (BASE 65) ]
TOTAL THIS MO. 28
DPTR FM NORMAL -6 [PRESSURE DATA]
TOTAL FM JAN 1 28 HIGHEST SLP 30.59 ON 3
DPTR FM NORMAL -6 LOWEST SLP 29.59 ON 1
[REMARKS]
#FINAL-01-22#