000
CXUS54 KCRP 011443
CLMCRP
SATCLMCRP 000
TTAA00 CRP 011443
CLIMATE REPORT
NATIONAL WEATHER SERVICE CORPUS CHRISTI TX
909 AM CDT TUE AUG 01 2023
...................................
...THE CORPUS CHRISTI CLIMATE SUMMARY FOR THE MONTH OF JULY 2023...
CLIMATE NORMAL PERIOD 1991 TO 2020
CLIMATE RECORD PERIOD 1887 TO 2023
WEATHER OBSERVED NORMAL DEPART LAST YEAR`S
VALUE DATE(S) VALUE FROM VALUE DATE(S)
NORMAL
................................................................
TEMPERATURE (F)
RECORD
HIGH 105 07/24/1934
LOW 64 07/16/1967
HIGHEST 103 07/16 94 9 100 07/10
LOWEST 73 07/29 75 -2 72 07/09
AVG. MAXIMUM 98.5 93.7 4.8 95.4
AVG. MINIMUM 77.6 75.5 2.1 75.4
MEAN 88.0 84.6 3.4 85.4
DAYS MAX >= 90 30 28.2 1.8 31
DAYS MAX <= 32 0 0.0 0.0 0
DAYS MIN <= 32 0 0.0 0.0 0
DAYS MIN <= 0 0 0.0 0.0 0
PRECIPITATION (INCHES)
RECORD
MAXIMUM 18.13 2007
MINIMUM 0.00 1957
1897
1895
TOTALS 0.39 2.54 -2.15 0.54
DAILY AVG. 0.01 0.08 -0.07 0.02
DAYS >= .01 3 5.5 -2.5 1
DAYS >= .10 2 3.2 -1.2 1
DAYS >= .50 0 1.6 -1.6 1
DAYS >= 1.00 0 0.6 -0.6 0
GREATEST
24 HR. TOTAL 0.25 07/06 TO 07/06 0.54
SNOWFALL (INCHES)
RECORDS
TOTAL 0.0 MM
24 HR TOTAL 0.0 MM
TOTALS 0.0 0.0 0.0 0.0
SINCE 7/1 0.0 0.0 0.0 0.0
SNOWDEPTH AVG. 0 0
DAYS >= 1.0 0 0.0 0.0 0
GREATEST
SNOW DEPTH 0 0
24 HR TOTAL 0.0 0.0
DEGREE DAYS
HEATING TOTAL 0 0 0 0
SINCE 7/1 0 0 0 0
COOLING TOTAL 722 608 114 640
SINCE 1/1 2598 2089 509 2275
................................................................
WIND (MPH)
AVERAGE WIND SPEED 11.6
HIGHEST WIND SPEED/DIRECTION 29/160 DATE 07/12
HIGHEST GUST SPEED/DIRECTION 39/160 DATE 07/12
39/150 07/13
39/130 07/27
SKY COVER
AVERAGE SKY COVER 0.41
AVERAGE RH (PERCENT) 73
WEATHER CONDITIONS. NUMBER OF DAYS WITH
THUNDERSTORM 0 MIXED PRECIP 0
HEAVY RAIN 1 RAIN 1
LIGHT RAIN 5 FREEZING RAIN 0
LT FREEZING RAIN 0 HAIL 0
HEAVY SNOW 0 SNOW 0
LIGHT SNOW 0 SLEET 0
FOG 6 FOG W/VIS <= 1/4 MILE 1
HAZE 1
- INDICATES NEGATIVE NUMBERS.
R INDICATES RECORD WAS SET OR TIED.
MM INDICATES DATA IS MISSING.
T INDICATES TRACE AMOUNT.
$$