000
CXUS56 KSGX 011045
CF6CRQ
PRELIMINARY LOCAL CLIMATOLOGICAL DATA (WS FORM: F-6)
STATION: CARLSBAD PALOMAR AIRPORT CA
MONTH: APRIL
YEAR: 2023
LATITUDE: 33 7 N
LONGITUDE: 117 17 W
TEMPERATURE IN F: :PCPN: SNOW: WIND :SUNSHINE: SKY :PK WND
================================================================================
1 2 3 4 5 6A 6B 7 8 9 10 11 12 13 14 15 16 17 18
12Z AVG MX 2MIN
DY MAX MIN AVG DEP HDD CDD WTR SNW DPTH SPD SPD DIR MIN PSBL S-S WX SPD DR
================================================================================
1 63 46 55 -4 10 0 0.00 M M 3.8 13 250 M M 1 16 250
2 60 47 54 -5 11 0 0.00 M M 5.5 12 250 M M 5 12 15 260
3 60 50 55 -4 10 0 0.00 M M 9.8 17 250 M M 8 27 270
4 59 42 51 -8 14 0 0.00 M M 5.2 16 260 M M 0 20 260
5 61 44 53 -6 12 0 0.00 M M 3.8 13 260 M M 0 17 250
6 69 46 58 -1 7 0 0.00 M M 3.7 13 260 M M 0 17 280
7 64 50 57 -2 8 0 0.00 M M 3.5 12 260 M M 0 15 260
8 63 50 57 -2 8 0 0.00 M M 4.1 12 270 M M 4 1 16 270
9 60 52 56 -3 9 0 0.00 M M 3.1 9 270 M M 8 1 13 270
10 63 51 57 -2 8 0 0.00 M M 2.7 10 250 M M 8 12 13 270
11 64 52 58 -1 7 0 0.00 M M 4.5 13 260 M M 8 12 18 250
12 58 53 56 -3 9 0 0.08 M M 7.5 14 190 M M 10 18 18 200
13 58 52 55 -5 10 0 0.08 M M 8.4 17 210 M M 10 1 23 210
14 60 51 56 -4 9 0 0.00 M M 4.6 13 230 M M 8 15 260
15 63 54 59 -1 6 0 0.00 M M 3.6 14 250 M M 5 18 260
16 59 54 57 -3 8 0 0.00 M M 2.9 10 240 M M 10 12 250
17 58 53 56 -4 9 0 T M M 4.7 10 230 M M 10 1 12 230
18 62 53 58 -2 7 0 0.00 M M 5.3 13 250 M M 7 17 260
19 63 51 57 -3 8 0 0.00 M M 5.4 14 250 M M 2 18 280
20 70 50 60 0 5 0 0.00 M M 3.9 12 260 M M 0 M M
21 79 57 68 8 0 3 0.00 M M 3.8 12 290 M M 0 16 260
22 76 57 67 7 0 2 0.00 M M 4.0 10 250 M M 0 13 260
23 65 56 61 1 4 0 0.00 M M 6.1 14 230 M M 7 128 19 220
24 64 57 61 0 4 0 0.00 M M 4.5 12 240 M M 9 18 250
25 64 58 61 0 4 0 0.00 M M 4.9 12 250 M M 10 16 260
26 66 59 63 2 2 0 0.00 M M 3.3 12 270 M M 8 15 300
27 65 56 61 0 4 0 0.00 M M 3.1 12 240 M M 8 18 15 260
28 63 55 59 -2 6 0 0.00 M M 3.7 10 250 M M 9 1 15 250
29 63 56 60 -1 5 0 0.00 M M 3.5 10 250 M M 9 18 15 260
30 60 55 58 -3 7 0 0.00 M M 4.7 10 240 M M 10 1 13 240
================================================================================
SM 1902 1567 211 5 0.16 M 137.6 M 174
================================================================================
AV 63.4 52.2 4.6 FASTST M M 6 MAX(MPH)
MISC ----> # 17 250 27 270
================================================================================
NOTES:
# LAST OF SEVERAL OCCURRENCES
COLUMN 17 PEAK WIND IN M.P.H.
PRELIMINARY LOCAL CLIMATOLOGICAL DATA (WS FORM: F-6) , PAGE 2
STATION: CARLSBAD PALOMAR AIRPORT CA
MONTH: APRIL
YEAR: 2023
LATITUDE: 33 7 N
LONGITUDE: 117 17 W
[TEMPERATURE DATA] [PRECIPITATION DATA] SYMBOLS USED IN COLUMN 16
AVERAGE MONTHLY: 57.8 TOTAL FOR MONTH: 0.16 1 = FOG OR MIST
DPTR FM NORMAL: -2.0 DPTR FM NORMAL: -0.72 2 = FOG REDUCING VISIBILITY
HIGHEST: 79 ON 21 GRTST 24HR 0.16 ON 12-13 TO 1/4 MILE OR LESS
LOWEST: 42 ON 4 3 = THUNDER
SNOW, ICE PELLETS, HAIL 4 = ICE PELLETS
TOTAL MONTH: M 5 = HAIL
GRTST 24HR M ON M 6 = FREEZING RAIN OR DRIZZLE
GRTST DEPTH: M ON M 7 = DUSTSTORM OR SANDSTORM:
VSBY 1/2 MILE OR LESS
8 = SMOKE OR HAZE
[NO. OF DAYS WITH] [WEATHER - DAYS WITH] 9 = BLOWING SNOW
X = TORNADO
MAX 32 OR BELOW: 0 0.01 INCH OR MORE: 2
MAX 90 OR ABOVE: 0 0.10 INCH OR MORE: 0
MIN 32 OR BELOW: 0 0.50 INCH OR MORE: 0
MIN 0 OR BELOW: 0 1.00 INCH OR MORE: 0
[HDD (BASE 65) ]
TOTAL THIS MO. 211 CLEAR (SCALE 0-3) 9
DPTR FM NORMAL 46 PTCLDY (SCALE 4-7) 10
TOTAL FM JUL 1 1610 CLOUDY (SCALE 8-10) 11
DPTR FM NORMAL 219
[CDD (BASE 65) ]
TOTAL THIS MO. 5
DPTR FM NORMAL -4 [PRESSURE DATA]
TOTAL FM JAN 1 5 HIGHEST SLP 30.13 ON 4
DPTR FM NORMAL -18 LOWEST SLP 29.77 ON 23
[REMARKS]
#FINAL-04-23#