937
CXUS56 KSGX 011145
CF6CRQ
PRELIMINARY LOCAL CLIMATOLOGICAL DATA (WS FORM: F-6)
STATION: CARLSBAD PALOMAR AIRPORT CA
MONTH: JANUARY
YEAR: 2021
LATITUDE: 33 7 N
LONGITUDE: 117 17 W
TEMPERATURE IN F: :PCPN: SNOW: WIND :SUNSHINE: SKY :PK WND
================================================================================
1 2 3 4 5 6A 6B 7 8 9 10 11 12 13 14 15 16 17 18
12Z AVG MX 2MIN
DY MAX MIN AVG DEP HDD CDD WTR SNW DPTH SPD SPD DIR MIN PSBL S-S WX SPD DR
================================================================================
1 69 46 58 3 7 0 0.00 M M 3.5 13 250 M M 0 8 15 250
2 61 45 53 -2 12 0 0.00 M M 3.6 9 260 M M 1 12 230
3 61 46 54 -1 11 0 0.00 M M 2.9 10 250 M M 3 14 240
4 60 46 53 -2 12 0 0.00 M M 3.2 12 280 M M 5 18 18 290
5 57 48 53 -2 12 0 0.00 M M 2.5 10 250 M M 6 128 13 240
6 61 46 54 -1 11 0 0.00 M M 2.2 10 250 M M 3 128 13 250
7 68 44 56 1 9 0 0.00 M M 2.3 12 260 M M 2 128 16 290
8 63 45 54 -1 11 0 0.00 M M 2.3 12 250 M M 2 128 15 260
9 67 42 55 0 10 0 0.00 M M 3.3 12 250 M M 0 8 14 250
10 68 46 57 2 8 0 0.00 M M 2.3 10 250 M M 0 13 250
11 70 46 58 3 7 0 0.00 M M 3.6 12 260 M M 0 15 270
12 71 46 59 4 6 0 0.00 M M 2.3 10 260 M M 0 14 290
13 68 48 58 3 7 0 0.00 M M 2.3 9 250 M M 0 11 250
14 79 50 65 10 0 0 0.00 M M 2.4 9 250 M M 0 11 270
15 90 58 74 19 0 9 0.00 M M 3.7 10 20 M M 0 15 30
16 77 56 67 11 0 2 0.00 M M 2.2 12 220 M M 0 14 230
17 82 56 69 13 0 4 0.00 M M 2.5 10 250 M M 0 13 250
18 72 52 62 6 3 0 0.00 M M 4.2 13 250 M M 2 1 16 260
19 71 52 62 6 3 0 0.00 M M 6.9 26 90 M M 6 18 38 80
20 75 58 67 11 0 2 0.00 M M 9.9 30 80 M M 2 39 70
21 66 52 59 3 6 0 0.00 M 0 2.9 13 240 M M 1 16 260
22 62 52 57 1 8 0 0.06 M 0 6.9 15 250 M M 9 18 20 260
23 56 45 51 -5 14 0 0.54 M 0 3.8 17 250 M M 7 1 21 260
24 57 42 50 -6 15 0 0.01 M M 4.7 18 240 M M 6 22 240
25 53 46 50 -6 15 0 0.41 M M 14.7 26 260 M M 9 138 41 280
26 54 42 48 -8 17 0 0.01 M M 5.0 17 280 M M 2 27 290
27 59 44 52 -4 13 0 0.00 M M 4.7 10 260 M M 1 14 250
28 63 44 54 -2 11 0 0.15 M M 5.3 17 240 M M 1 1 23 200
29 58 46 52 -4 13 0 1.07 M M 6.2 23 240 M M 6 1 36 230
30 59 43 51 -5 14 0 0.00 M M 2.9 10 260 M M 0 15 260
31 68 45 57 1 8 0 0.00 M M 1.4 10 240 M M 0 13 240
================================================================================
SM 2045 1477 263 17 2.25 M 126.6 M 74
================================================================================
AV 66.0 47.6 4.1 FASTST M M 2 MAX(MPH)
MISC ----> 30 80 41 280
================================================================================
NOTES:
# LAST OF SEVERAL OCCURRENCES
COLUMN 17 PEAK WIND IN M.P.H.
PRELIMINARY LOCAL CLIMATOLOGICAL DATA (WS FORM: F-6) , PAGE 2
STATION: CARLSBAD PALOMAR AIRPORT CA
MONTH: JANUARY
YEAR: 2021
LATITUDE: 33 7 N
LONGITUDE: 117 17 W
[TEMPERATURE DATA] [PRECIPITATION DATA] SYMBOLS USED IN COLUMN 16
AVERAGE MONTHLY: 56.8 TOTAL FOR MONTH: 2.25 1 = FOG OR MIST
DPTR FM NORMAL: 1.4 DPTR FM NORMAL: -0.26 2 = FOG REDUCING VISIBILITY
HIGHEST: 90 ON 15 GRTST 24HR 1.11 ON 29-30 TO 1/4 MILE OR LESS
LOWEST: 42 ON 26,24 3 = THUNDER
SNOW, ICE PELLETS, HAIL 4 = ICE PELLETS
TOTAL MONTH: M 5 = HAIL
GRTST 24HR M ON M 6 = FREEZING RAIN OR DRIZZLE
GRTST DEPTH: 0 7 = DUSTSTORM OR SANDSTORM:
VSBY 1/2 MILE OR LESS
8 = SMOKE OR HAZE
[NO. OF DAYS WITH] [WEATHER - DAYS WITH] 9 = BLOWING SNOW
X = TORNADO
MAX 32 OR BELOW: 0 0.01 INCH OR MORE: 7
MAX 90 OR ABOVE: 1 0.10 INCH OR MORE: 4
MIN 32 OR BELOW: 0 0.50 INCH OR MORE: 2
MIN 0 OR BELOW: 0 1.00 INCH OR MORE: 1
[HDD (BASE 65) ]
TOTAL THIS MO. 263 CLEAR (SCALE 0-3) 23
DPTR FM NORMAL -39 PTCLDY (SCALE 4-7) 6
TOTAL FM JUL 1 657 CLOUDY (SCALE 8-10) 2
DPTR FM NORMAL -186
[CDD (BASE 65) ]
TOTAL THIS MO. 17
DPTR FM NORMAL 13 [PRESSURE DATA]
TOTAL FM JAN 1 17 HIGHEST SLP 30.28 ON 2
DPTR FM NORMAL 13 LOWEST SLP 29.70 ON 19
[REMARKS]
#FINAL-01-21#