000
CXUS56 KSGX 011245
CF6CRQ
PRELIMINARY LOCAL CLIMATOLOGICAL DATA (WS FORM: F-6)
STATION: CARLSBAD PALOMAR AIRPORT CA
MONTH: MARCH
YEAR: 2020
LATITUDE: 33 7 N
LONGITUDE: 117 17 W
TEMPERATURE IN F: :PCPN: SNOW: WIND :SUNSHINE: SKY :PK WND
================================================================================
1 2 3 4 5 6A 6B 7 8 9 10 11 12 13 14 15 16 17 18
12Z AVG MX 2MIN
DY MAX MIN AVG DEP HDD CDD WTR SNW DPTH SPD SPD DIR MIN PSBL S-S WX SPD DR
================================================================================
1 59 51 55 -1 10 0 0.02 0.0 0 8.3 16 220 M M 10 20 220
2 63 48 56 0 9 0 0.00 0.0 0 6.1 17 260 M M 3 23 250
3 76 47 62 6 3 0 0.00 0.0 0 4.6 17 250 M M 0 8 22 250
4 64 52 58 2 7 0 0.00 0.0 0 4.7 13 240 M M 5 18 17 220
5 70 52 61 5 4 0 0.00 0.0 0 2.6 12 250 M M 4 18 15 280
6 64 54 59 3 6 0 0.00 0.0 0 3.4 12 240 M M 8 128 16 230
7 62 55 59 3 6 0 0.04 0.0 0 4.7 15 260 M M 6 1 19 250
8 62 53 58 2 7 0 0.01 0.0 0 4.1 13 240 M M 3 1 18 230
9 69 50 60 3 5 0 0.12 0.0 0 5.2 20 160 M M 3 26 160
10 68 56 62 5 3 0 0.64 0.0 0 6.4 16 200 M M 9 1 21 190
11 67 59 63 6 2 0 0.00 0.0 0 4.1 13 250 M M 6 17 250
12 61 54 58 1 7 0 1.52 0.0 0 3.0 16 240 M M 8 1 20 240
13 59 54 57 0 8 0 0.43 0.0 0 5.8 13 220 M M 9 18 17 180
14 62 55 59 2 6 0 T 0.0 0 2.4 10 250 M M 9 1 14 260
15 62 54 58 1 7 0 0.01 0.0 0 2.8 9 260 M M 9 1 13 230
16 63 53 58 1 7 0 0.37 0.0 0 8.5 21 190 M M 10 1 26 190
17 59 49 54 -3 11 0 0.02 M 0 3.2 13 250 M M 3 1 17 250
18 57 47 52 -5 13 0 0.31 M 0 4.0 12 240 M M 6 1 18 340
19 61 50 56 -1 9 0 0.34 0.0 0 6.3 18 210 M M 9 1 24 210
20 62 50 56 -1 9 0 T 0.0 0 5.6 13 230 M M 5 16 260
21 63 52 58 1 7 0 0.00 0.0 0 4.1 14 240 M M 2 18 240
22 68 51 60 3 5 0 0.68 0.0 0 5.8 14 230 M M 4 1 18 260
23 62 53 58 1 7 0 0.02 0.0 0 5.9 14 250 M M 4 1 19 240
24 63 53 58 1 7 0 T 0.0 0 4.9 14 250 M M 7 20 260
25 62 55 59 2 6 0 T 0.0 0 6.7 15 250 M M 7 22 280
26 59 50 55 -2 10 0 T 0.0 0 6.4 18 250 M M 6 24 250
27 60 46 53 -4 12 0 0.01 M 0 5.3 15 250 M M 1 8 20 230
28 61 47 54 -3 11 0 0.00 0.0 0 4.5 13 220 M M 0 16 230
29 62 49 56 -2 9 0 0.00 0.0 0 4.8 15 250 M M 2 18 250
30 67 52 60 2 5 0 T 0.0 0 4.2 14 260 M M 2 18 270
31 67 54 61 3 4 0 0.00 0.0 0 2.3 10 260 M M 0 14 260
================================================================================
SM 1964 1605 222 0 4.54 0.0 150.7 M 160
================================================================================
AV 63.4 51.8 4.9 FASTST M M 5 MAX(MPH)
MISC ----> # 21 190 # 26 160
================================================================================
NOTES:
# LAST OF SEVERAL OCCURRENCES
COLUMN 17 PEAK WIND IN M.P.H.
PRELIMINARY LOCAL CLIMATOLOGICAL DATA (WS FORM: F-6) , PAGE 2
STATION: CARLSBAD PALOMAR AIRPORT CA
MONTH: MARCH
YEAR: 2020
LATITUDE: 33 7 N
LONGITUDE: 117 17 W
[TEMPERATURE DATA] [PRECIPITATION DATA] SYMBOLS USED IN COLUMN 16
AVERAGE MONTHLY: 57.6 TOTAL FOR MONTH: 4.54 1 = FOG OR MIST
DPTR FM NORMAL: 0.7 DPTR FM NORMAL: 2.86 2 = FOG REDUCING VISIBILITY
HIGHEST: 76 ON 3 GRTST 24HR 1.52 ON 12-12 TO 1/4 MILE OR LESS
LOWEST: 46 ON 27 3 = THUNDER
SNOW, ICE PELLETS, HAIL 4 = ICE PELLETS
TOTAL MONTH: 0.0 INCH 5 = HAIL
GRTST 24HR 0.0 6 = FREEZING RAIN OR DRIZZLE
GRTST DEPTH: 0 7 = DUSTSTORM OR SANDSTORM:
VSBY 1/2 MILE OR LESS
8 = SMOKE OR HAZE
[NO. OF DAYS WITH] [WEATHER - DAYS WITH] 9 = BLOWING SNOW
X = TORNADO
MAX 32 OR BELOW: 0 0.01 INCH OR MORE: 15
MAX 90 OR ABOVE: 0 0.10 INCH OR MORE: 8
MIN 32 OR BELOW: 0 0.50 INCH OR MORE: 3
MIN 0 OR BELOW: 0 1.00 INCH OR MORE: 1
[HDD (BASE 65) ]
TOTAL THIS MO. 222 CLEAR (SCALE 0-3) 10
DPTR FM NORMAL -33 PTCLDY (SCALE 4-7) 14
TOTAL FM JUL 1 1131 CLOUDY (SCALE 8-10) 7
DPTR FM NORMAL -217
[CDD (BASE 65) ]
TOTAL THIS MO. 0
DPTR FM NORMAL -3 [PRESSURE DATA]
TOTAL FM JAN 1 12 HIGHEST SLP 30.23 ON 30
DPTR FM NORMAL 3 LOWEST SLP 29.74 ON 18
[REMARKS]
#FINAL-03-20#