000
CXUS54 KOUN 010810
CF6CSM
PRELIMINARY LOCAL CLIMATOLOGICAL DATA (WS FORM: F-6)
STATION: CLINTON
MONTH: MAY
YEAR: 2021
LATITUDE: 35 20 N
LONGITUDE: 99 12 W
TEMPERATURE IN F: :PCPN: SNOW: WIND :SUNSHINE: SKY :PK WND
================================================================================
1 2 3 4 5 6A 6B 7 8 9 10 11 12 13 14 15 16 17 18
12Z AVG MX 2MIN
DY MAX MIN AVG DEP HDD CDD WTR SNW DPTH SPD SPD DIR MIN PSBL S-S WX SPD DR
================================================================================
1 74 52 63 1 2 0 T M M 11.8 22 150 M M 6 1 28 170
2 80 62 71 8 0 6 0.00 M M 14.1 25 140 M M 5 32 140
3 75 53 64 1 1 0 0.51 M M 19.5 30 20 M M 8 13 38 20
4 69 50 60 -4 5 0 0.09 M M 11.6 23 10 M M 4 13 30 10
5 74 42 58 -6 7 0 0.11 M M 8.7 26 30 M M 1 13 33 40
6 76 53 65 1 0 0 0.03 M M 8.6 14 40 M M 4 38 18 40
7 85 53 69 4 0 4 0.07 M M 15.9 30 190 M M 1 138 41 200
8 89 60 75 10 0 10 0.00 M M 20.9 32 160 M M 0 8 41 170
9 72 50 61 -5 4 0 0.00 M M 17.9 29 360 M M 0 39 350
10 61 48 55 -11 10 0 0.00 M M 15.7 29 60 M M 9 33 60
11 53 46 50 -16 15 0 0.22 M M 15.0 24 30 M M 10 13 30 30
12 66 42 54 -13 11 0 0.00 M M 7.1 16 30 M M 4 20 30
13 70 44 57 -10 8 0 0.00 M M 7.6 14 150 M M 3 22 130
14 74 53 64 -4 1 0 0.02 M M 16.0 36 170 M M 1 45 170
15 79 57 68 0 0 3 T M M 13.6 29 180 M M 6 38 190
16 75 61 68 -1 0 3 0.10 M M 10.7 21 160 M M 6 1 27 160
17 80 59 70 1 0 5 0.21 M M 9.9 30 280 M M 2 13 40 270
18 77 57 67 -2 0 2 0.51 M M 8.3 31 80 M M 2 13 38 80
19 79 59 69 -1 0 4 1.16 M M 8.3 20 230 M M 5 13 26 230
20 77 58 68 -2 0 3 0.03 M M 11.0 22 150 M M 5 13 27 130
21 82 62 72 1 0 7 0.00 M M 15.2 21 150 M M 5 1 26 170
22 80 67 74 3 0 9 0.01 M M 13.6 21 140 M M 8 3 27 150
23 73 63 68 -4 0 3 0.04 M M 16.3 25 150 M M 8 1 32 160
24 76 61 69 -3 0 4 0.03 M M 13.7 22 140 M M 9 1 27 150
25 83 63 73 1 0 8 T M M 9.8 21 210 M M 2 1 27 210
26 88 67 78 5 0 13 T M M 12.6 28 160 M M 5 1 33 160
27 90 65 78 5 0 13 0.10 M M 16.6 43 280 M M 3 13 55 280
28 73 57 65 -8 0 0 0.00 M M 10.5 22 50 M M 1 26 50
29 77 55 66 -8 0 1 0.00 M M 10.7 16 80 M M 3 20 70
30 79 58 69 -5 0 4 0.00 M M 11.2 20 130 M M 6 25 140
31 65 59 62 -12 3 0 2.02 0.0 M 10.7 23 50 M M 10 13 27 70
================================================================================
SM 2351 1736 67 102 5.26 0.0 393.1 M 142
================================================================================
AV 75.8 56.0 12.7 FASTST M M 5 MAX(MPH)
MISC ----> 43 280 55 280
================================================================================
NOTES:
# LAST OF SEVERAL OCCURRENCES
COLUMN 17 PEAK WIND IN M.P.H.
PRELIMINARY LOCAL CLIMATOLOGICAL DATA (WS FORM: F-6) , PAGE 2
STATION: CLINTON
MONTH: MAY
YEAR: 2021
LATITUDE: 35 20 N
LONGITUDE: 99 12 W
[TEMPERATURE DATA] [PRECIPITATION DATA] SYMBOLS USED IN COLUMN 16
AVERAGE MONTHLY: 65.9 TOTAL FOR MONTH: 5.26 1 = FOG OR MIST
DPTR FM NORMAL: -2.6 DPTR FM NORMAL: 1.71 2 = FOG REDUCING VISIBILITY
HIGHEST: 90 ON 27 GRTST 24HR 2.02 ON 31-31 TO 1/4 MILE OR LESS
LOWEST: 42 ON 12, 5 3 = THUNDER
SNOW, ICE PELLETS, HAIL 4 = ICE PELLETS
TOTAL MONTH: 0.0 INCH 5 = HAIL
GRTST 24HR 0.0 6 = FREEZING RAIN OR DRIZZLE
GRTST DEPTH: M ON M 7 = DUSTSTORM OR SANDSTORM:
VSBY 1/2 MILE OR LESS
8 = SMOKE OR HAZE
[NO. OF DAYS WITH] [WEATHER - DAYS WITH] 9 = BLOWING SNOW
X = TORNADO
MAX 32 OR BELOW: 0 0.01 INCH OR MORE: 17
MAX 90 OR ABOVE: 1 0.10 INCH OR MORE: 9
MIN 32 OR BELOW: 0 0.50 INCH OR MORE: 4
MIN 0 OR BELOW: 0 1.00 INCH OR MORE: 2
[HDD (BASE 65) ]
TOTAL THIS MO. 67 CLEAR (SCALE 0-3) 10
DPTR FM NORMAL 7 PTCLDY (SCALE 4-7) 16
TOTAL FM JUL 1 3897 CLOUDY (SCALE 8-10) 5
DPTR FM NORMAL 148
[CDD (BASE 65) ]
TOTAL THIS MO. 102
DPTR FM NORMAL -66 [PRESSURE DATA]
TOTAL FM JAN 1 125 HIGHEST SLP M ON M
DPTR FM NORMAL -80 LOWEST SLP 29.37 ON 2
[REMARKS]
#FINAL-05-21#