000
CXUS56 KTFX 211634
CF6CTB
PRELIMINARY LOCAL CLIMATOLOGICAL DATA (WS FORM: F-6)
STATION: CUT BANK MT
MONTH: AUGUST
YEAR: 2022
LATITUDE: 48 37 N
LONGITUDE: 112 23 W
TEMPERATURE IN F: :PCPN: SNOW: WIND :SUNSHINE: SKY :PK WND
================================================================================
1 2 3 4 5 6A 6B 7 8 9 10 11 12 13 14 15 16 17 18
12Z AVG MX 2MIN
DY MAX MIN AVG DEP HDD CDD WTR SNW DPTH SPD SPD DIR MIN PSBL S-S WX SPD DR
================================================================================
1 95 55 75 8 0 10 0.00 M 0 11.4 33 260 M M 1 45 250
2 87 53 70 3 0 5 0.00 M 0 10.2 23 280 M M 0 36 290
3 88 51 70 3 0 5 0.00 M 0 15.0 32 250 M M 0 46 220
4 87 53 70 3 0 5 0.00 M 0 19.3 44 260 M M 0 59 260
5 73 42 58 -9 7 0 0.00 M 0 10.9 23 20 M M 2 30 20
6 76 44 60 -6 5 0 0.00 M 0 6.6 18 150 M M 2 31 120
7 86 48 67 1 0 2 0.00 M 0 7.7 16 270 M M 0 23 310
8 92 48 70 4 0 5 0.00 M 0 11.6 24 330 M M 0 33 320
9 87 52 70 4 0 5 0.00 M 0 8.7 25 330 M M 0 33 330
10 88 64 76 10 0 11 0.00 M 0 6.3 20 320 M M 2 25 310
11 94 62 78 12 0 13 0.00 M 0 9.8 18 290 M M 2 27 320
12 91 59 75 10 0 10 0.03 M 0 8.4 26 230 M M 2 3 43 250
13 91 53 72 7 0 7 0.12 M 0 8.2 22 260 M M 1 29 260
14 85 51 68 3 0 3 0.00 M 0 9.6 21 260 M M 0 27 260
15 89 46 68 4 0 3 0.00 M 0 7.7 16 320 M M 0 20 200
16 93 50 72 8 0 7 0.00 M 0 8.0 20 280 M M 0 27 300
17 86 56 71 7 0 6 0.00 M 0 12.3 26 330 M M 0 36 330
18 87 50 69 5 0 4 0.00 M 0 6.5 15 120 M M 0 22 140
19 89 48 69 6 0 4 0.00 M 0 8.2 20 140 M M 0 27 140
20 93 53 73 10 0 8 0.00 M 0 6.6 31 240 M M 1 42 250
21 87 61 74 11 0 9 0.00 M 0 10.0 21 330 M M 2 26 320
22 90 55 73 11 0 8 0.01 M 0 5.9 15 200 M M 2 19 200
23 76 58 67 5 0 2 0.07 M 0 10.8 21 340 M M 7 13 27 350
24 75 53 64 2 1 0 0.00 M 0 6.2 15 90 M M 6 12 21 50
25 77 57 67 6 0 2 0.14 M 0 6.3 17 230 M M 7 1 23 220
26 83 53 68 7 0 3 0.00 M 0 14.3 32 270 M M 2 3 42 270
27 75 47 61 0 4 0 T M 0 17.6 36 240 M M 2 48 240
28 73 45 59 -1 6 0 0.00 M 0 10.4 22 250 M M 3 31 310
29 85 43 64 4 1 0 0.00 M 0 7.4 16 270 M M 0 23 270
30 90 49 70 10 0 5 0.00 M 0 6.8 15 280 M M 0 19 330
31 93 50 72 12 0 7 0.00 M 0 6.5 18 280 M M 0 26 270
================================================================================
SM 2661 1609 24 149 0.37 M 295.2 M 44
================================================================================
AV 85.8 51.9 9.5 FASTST M M 1 MAX(MPH)
MISC ----> 44 260 59 260
================================================================================
NOTES:
# LAST OF SEVERAL OCCURRENCES
COLUMN 17 PEAK WIND IN M.P.H.
PRELIMINARY LOCAL CLIMATOLOGICAL DATA (WS FORM: F-6) , PAGE 2
STATION: CUT BANK MT
MONTH: AUGUST
YEAR: 2022
LATITUDE: 48 37 N
LONGITUDE: 112 23 W
[TEMPERATURE DATA] [PRECIPITATION DATA] SYMBOLS USED IN COLUMN 16
AVERAGE MONTHLY: 68.9 TOTAL FOR MONTH: 0.37 1 = FOG OR MIST
DPTR FM NORMAL: 5.0 DPTR FM NORMAL: -0.59 2 = FOG REDUCING VISIBILITY
HIGHEST: 95 ON 1 GRTST 24HR 0.17 ON 12-13 TO 1/4 MILE OR LESS
LOWEST: 42 ON 5 3 = THUNDER
SNOW, ICE PELLETS, HAIL 4 = ICE PELLETS
TOTAL MONTH: M 5 = HAIL
GRTST 24HR M ON M 6 = FREEZING RAIN OR DRIZZLE
GRTST DEPTH: 0 7 = DUSTSTORM OR SANDSTORM:
VSBY 1/2 MILE OR LESS
8 = SMOKE OR HAZE
[NO. OF DAYS WITH] [WEATHER - DAYS WITH] 9 = BLOWING SNOW
X = TORNADO
MAX 32 OR BELOW: 0 0.01 INCH OR MORE: 5
MAX 90 OR ABOVE: 10 0.10 INCH OR MORE: 2
MIN 32 OR BELOW: 0 0.50 INCH OR MORE: 0
MIN 0 OR BELOW: 0 1.00 INCH OR MORE: 0
[HDD (BASE 65) ]
TOTAL THIS MO. 24 CLEAR (SCALE 0-3) 28
DPTR FM NORMAL -78 PTCLDY (SCALE 4-7) 3
TOTAL FM JUL 1 54 CLOUDY (SCALE 8-10) 0
DPTR FM NORMAL -128
[CDD (BASE 65) ]
TOTAL THIS MO. 149
DPTR FM NORMAL 83 [PRESSURE DATA]
TOTAL FM JAN 1 258 HIGHEST SLP 30.21 ON 17
DPTR FM NORMAL 104 LOWEST SLP 29.55 ON 27
[REMARKS]
#FINAL-08-22#