000
CXUS52 KCAE 011400
CF6CUB
PRELIMINARY LOCAL CLIMATOLOGICAL DATA (WS FORM: F-6)
STATION: HAMILTON - OWENS AIRPORT SC
MONTH: APRIL
YEAR: 2023
LATITUDE: 33 58 N
LONGITUDE: 80 59 W
TEMPERATURE IN F: :PCPN: SNOW: WIND :SUNSHINE: SKY :PK WND
================================================================================
1 2 3 4 5 6A 6B 7 8 9 10 11 12 13 14 15 16 17 18
12Z AVG MX 2MIN
DY MAX MIN AVG DEP HDD CDD WTR SNW DPTH SPD SPD DIR MIN PSBL S-S WX SPD DR
================================================================================
1 79 64 72 10 0 7 0.23 M M 10.7 21 210 M M 4 13 33 220
2 73 53 63 1 2 0 0.00 M M 3.2 13 270 M M 0 20 310
3 70 49 60 -2 5 0 0.05 M M 1.2 8 150 M M 4 1 11 150
4 80 58 69 7 0 4 0.00 M M 1.9 12 190 M M 5 12 15 180
5 87 60 74 11 0 9 0.00 M M 4.2 15 180 M M 0 1 21 210
6 86 69 78 15 0 13 0.02 M M 6.9 14 170 M M 6 3 19 170
7 83 47 65 2 0 0 0.56 M M 6.1 16 330 M M 9 13 27 360
8 48 43 46 -17 19 0 1.84 M M 5.1 13 50 M M 10 1 21 70
9 65 42 54 -10 11 0 0.07 M M 6.1 15 70 M M 4 1 23 70
10 67 43 55 -9 10 0 0.00 M M 4.4 13 60 M M 0 8 20 60
11 74 37 56 -8 9 0 0.00 M M 1.9 9 230 M M 1 8 16 70
12 78 40 59 -5 6 0 0.00 M M 2.2 10 170 M M 0 14 170
13 77 47 62 -3 3 0 0.14 M M 2.8 12 160 M M 3 18 17 160
14 80 62 71 6 0 6 0.11 M M 3.1 15 230 M M 8 13 21 230
15 82 56 69 4 0 4 0.00 M M 4.4 18 250 M M 3 12 25 220
16 80 60 70 4 0 5 0.02 M M 6.7 18 260 M M 4 24 260
17 73 52 63 -3 2 0 0.00 M M 7.7 20 270 M M 0 26 270
18 81 43 62 -4 3 0 0.00 M M 3.3 14 310 M M 0 17 300
19 87 49 68 2 0 3 0.00 M M 2.4 12 180 M M 0 17 180
20 86 53 70 4 0 5 0.00 M M 2.5 13 160 M M 0 17 170
21 82 58 70 3 0 5 0.00 M M 6.3 15 200 M M M 21 150
22 80 55 68 1 0 3 0.00 M M 7.0 21 270 M M M 28 300
23 77 46 62 -5 3 0 0.00 M M 4.6 16 290 M M M 27 290
24 68 53 61 -7 4 0 0.00 M M 2.9 9 30 M M 7 16 310
25 72 53 63 -5 2 0 0.00 M M 3.1 10 160 M M 7 17 120
26 74 57 66 -2 0 1 0.05 M M 4.4 10 20 M M 8 1 19 30
27 76 57 67 -1 0 2 0.19 M M 3.7 10 150 M M 9 1 16 140
28 80 63 72 4 0 7 0.24 M M 4.5 16 260 M M 6 1 21 270
29 83 58 71 2 0 6 0.50 M M 2.8 21 190 M M 1 13 26 190
30 76 60 68 -1 0 3 0.35 M M 9.7 26 280 M M 7 13 40 300
================================================================================
SM 2304 1587 79 83 4.37 M 135.8 M 106
================================================================================
AV 76.8 52.9 4.5 FASTST M M 4 MAX(MPH)
MISC ----> 26 280 40 300
================================================================================
NOTES:
# LAST OF SEVERAL OCCURRENCES
COLUMN 17 PEAK WIND IN M.P.H.
PRELIMINARY LOCAL CLIMATOLOGICAL DATA (WS FORM: F-6) , PAGE 2
STATION: HAMILTON - OWENS AIRPORT SC
MONTH: APRIL
YEAR: 2023
LATITUDE: 33 58 N
LONGITUDE: 80 59 W
[TEMPERATURE DATA] [PRECIPITATION DATA] SYMBOLS USED IN COLUMN 16
AVERAGE MONTHLY: 64.9 TOTAL FOR MONTH: 4.37 1 = FOG OR MIST
DPTR FM NORMAL: -0.4 DPTR FM NORMAL: 1.67 2 = FOG REDUCING VISIBILITY
HIGHEST: 87 ON 19, 5 GRTST 24HR 1.90 ON 8- 9 TO 1/4 MILE OR LESS
LOWEST: 37 ON 11 3 = THUNDER
SNOW, ICE PELLETS, HAIL 4 = ICE PELLETS
TOTAL MONTH: M 5 = HAIL
GRTST 24HR M ON M 6 = FREEZING RAIN OR DRIZZLE
GRTST DEPTH: M ON M 7 = DUSTSTORM OR SANDSTORM:
VSBY 1/2 MILE OR LESS
8 = SMOKE OR HAZE
[NO. OF DAYS WITH] [WEATHER - DAYS WITH] 9 = BLOWING SNOW
X = TORNADO
MAX 32 OR BELOW: 0 0.01 INCH OR MORE: 14
MAX 90 OR ABOVE: 0 0.10 INCH OR MORE: 9
MIN 32 OR BELOW: 0 0.50 INCH OR MORE: 3
MIN 0 OR BELOW: 0 1.00 INCH OR MORE: 1
[HDD (BASE 65) ]
TOTAL THIS MO. 79 CLEAR (SCALE 0-3) 12
DPTR FM NORMAL -7 PTCLDY (SCALE 4-7) 11
TOTAL FM JUL 1 1829 CLOUDY (SCALE 8-10) 7
DPTR FM NORMAL -368
[CDD (BASE 65) ]
TOTAL THIS MO. 83
DPTR FM NORMAL -13 [PRESSURE DATA]
TOTAL FM JAN 1 139 HIGHEST SLP 30.45 ON 10
DPTR FM NORMAL 10 LOWEST SLP 29.33 ON 30
[REMARKS]
#FINAL-04-23#