000
CXUS52 KCAE 011400
CF6CUB
PRELIMINARY LOCAL CLIMATOLOGICAL DATA (WS FORM: F-6)
STATION: HAMILTON - OWENS AIRPORT SC
MONTH: MAY
YEAR: 2023
LATITUDE: 33 58 N
LONGITUDE: 80 59 W
TEMPERATURE IN F: :PCPN: SNOW: WIND :SUNSHINE: SKY :PK WND
================================================================================
1 2 3 4 5 6A 6B 7 8 9 10 11 12 13 14 15 16 17 18
12Z AVG MX 2MIN
DY MAX MIN AVG DEP HDD CDD WTR SNW DPTH SPD SPD DIR MIN PSBL S-S WX SPD DR
================================================================================
1 72 49 61 -8 4 0 0.00 M M 11.8 28 250 M M 0 37 250
2 74 48 61 -9 4 0 0.00 M M 10.1 29 260 M M 1 40 250
3 75 45 60 -10 5 0 0.00 M M 7.3 22 280 M M 0 30 270
4 74 43 59 -11 6 0 0.00 M M 1.3 10 300 M M 0 14 310
5 75 49 62 -8 3 0 0.00 M M 2.6 10 170 M M 3 16 130
6 74 56 65 -6 0 0 T M M 2.3 10 200 M M 4 14 160
7 81 55 68 -3 0 3 0.00 M M 5.4 14 220 M M 3 19 200
8 85 64 75 4 0 10 T M M 4.6 13 270 M M 2 8 17 270
9 92 66 79 8 0 14 T M M 4.1 13 310 M M 1 3 21 310
10 81 65 73 1 0 8 0.00 M M 3.4 9 50 M M 3 8 15 70
11 82 60 71 -1 0 6 0.00 M M 2.6 12 160 M M 1 20 160
12 86 61 74 2 0 9 0.01 M M 3.2 13 160 M M 4 8 18 160
13 86 65 76 4 0 11 0.00 M M 4.2 12 180 M M 2 16 180
14 86 67 77 4 0 12 0.00 M M 2.8 12 220 M M 2 13 14 30
15 85 67 76 3 0 11 0.00 M M 4.1 13 160 M M 3 17 60
16 88 62 75 2 0 10 0.00 M M 5.2 15 210 M M 3 21 180
17 87 71 79 6 0 14 T M M 4.4 12 300 M M 4 16 310
18 75 60 68 -6 0 3 1.47 M M 4.1 10 70 M M 9 1 17 60
19 70 58 64 -10 1 0 0.39 M M 2.3 8 30 M M 10 1 14 20
20 75 62 69 -5 0 4 0.02 M M 2.1 8 180 M M 7 1 14 160
21 76 66 71 -3 0 6 0.27 M M 0.7 8 30 M M 8 18 11 20
22 80 62 71 -4 0 6 0.00 M M 2.9 12 120 M M 1 18 19 120
23 81 61 71 -4 0 6 0.00 M M 4.0 12 70 M M 1 8 20 60
24 80 59 70 -5 0 5 0.00 M M 3.7 12 30 M M 0 16 330
25 83 55 69 -6 0 4 0.00 M M 4.4 14 60 M M 4 8 22 60
26 70 62 66 -10 0 1 0.00 M M 6.5 13 30 M M 7 22 30
27 64 51 58 -18 7 0 0.94 M M 6.3 14 350 M M 10 1 24 10
28 66 57 62 -14 3 0 0.20 M M 4.6 10 300 M M 10 1 16 300
29 81 56 69 -7 0 4 0.00 M M 2.4 10 280 M M 5 14 270
30 84 62 73 -4 0 8 0.00 M M 3.8 10 40 M M 4 17 20
31 78 65 72 -5 0 7 0.00 M M 2.9 9 70 M M 6 14 30
================================================================================
SM 2446 1829 33 162 3.30 M 130.1 M 118
================================================================================
AV 78.9 59.0 4.2 FASTST M M 4 MAX(MPH)
MISC ----> 29 260 40 250
================================================================================
NOTES:
# LAST OF SEVERAL OCCURRENCES
COLUMN 17 PEAK WIND IN M.P.H.
PRELIMINARY LOCAL CLIMATOLOGICAL DATA (WS FORM: F-6) , PAGE 2
STATION: HAMILTON - OWENS AIRPORT SC
MONTH: MAY
YEAR: 2023
LATITUDE: 33 58 N
LONGITUDE: 80 59 W
[TEMPERATURE DATA] [PRECIPITATION DATA] SYMBOLS USED IN COLUMN 16
AVERAGE MONTHLY: 69.0 TOTAL FOR MONTH: 3.30 1 = FOG OR MIST
DPTR FM NORMAL: -4.1 DPTR FM NORMAL: 0.35 2 = FOG REDUCING VISIBILITY
HIGHEST: 92 ON 9 GRTST 24HR 1.85 ON 18-19 TO 1/4 MILE OR LESS
LOWEST: 43 ON 4 3 = THUNDER
SNOW, ICE PELLETS, HAIL 4 = ICE PELLETS
TOTAL MONTH: M 5 = HAIL
GRTST 24HR M ON M 6 = FREEZING RAIN OR DRIZZLE
GRTST DEPTH: M ON M 7 = DUSTSTORM OR SANDSTORM:
VSBY 1/2 MILE OR LESS
8 = SMOKE OR HAZE
[NO. OF DAYS WITH] [WEATHER - DAYS WITH] 9 = BLOWING SNOW
X = TORNADO
MAX 32 OR BELOW: 0 0.01 INCH OR MORE: 7
MAX 90 OR ABOVE: 1 0.10 INCH OR MORE: 5
MIN 32 OR BELOW: 0 0.50 INCH OR MORE: 2
MIN 0 OR BELOW: 0 1.00 INCH OR MORE: 1
[HDD (BASE 65) ]
TOTAL THIS MO. 33 CLEAR (SCALE 0-3) 15
DPTR FM NORMAL 22 PTCLDY (SCALE 4-7) 12
TOTAL FM JUL 1 1862 CLOUDY (SCALE 8-10) 4
DPTR FM NORMAL -343
[CDD (BASE 65) ]
TOTAL THIS MO. 162
DPTR FM NORMAL -100 [PRESSURE DATA]
TOTAL FM JAN 1 301 HIGHEST SLP 30.28 ON 6
DPTR FM NORMAL -90 LOWEST SLP 29.59 ON 2
[REMARKS]
#FINAL-05-23#