000
CXUS53 KUNR 011030
CF6CUT
PRELIMINARY LOCAL CLIMATOLOGICAL DATA (WS FORM: F-6)
STATION: CUSTER COUNTY AIRPORT SD
MONTH: NOVEMBER
YEAR: 2021
LATITUDE: 43 43 N
LONGITUDE: 103 37 W
TEMPERATURE IN F: :PCPN: SNOW: WIND :SUNSHINE: SKY :PK WND
================================================================================
1 2 3 4 5 6A 6B 7 8 9 10 11 12 13 14 15 16 17 18
12Z AVG MX 2MIN
DY MAX MIN AVG DEP HDD CDD WTR SNW DPTH SPD SPD DIR MIN PSBL S-S WX SPD DR
================================================================================
1 31 19 25 -13 40 0 0.01 M M 2.8 12 240 M M 9 1 19 220
2 44 17 31 -6 34 0 0.00 M M 4.5 10 270 M M 1 15 230
3 55 29 42 5 23 0 0.00 M M 5.8 17 290 M M 1 25 300
4 60 29 45 8 20 0 0.00 M M 6.2 16 250 M M 0 27 240
5 58 33 46 10 19 0 0.00 M M 10.6 23 280 M M 0 43 300
6 61 32 47 11 18 0 0.00 M M 6.4 21 250 M M 0 36 240
7 61 35 48 12 17 0 0.00 M M 6.1 16 270 M M 2 23 260
8 42 28 35 0 30 0 0.14 M M 3.7 12 220 M M 6 12 21 220
9 48 26 37 2 28 0 T M M 3.9 12 170 M M 3 20 170
10 44 28 36 1 29 0 T M M 9.1 20 290 M M 5 30 270
11 33 23 28 -6 37 0 0.00 M M 17.9 31 300 M M 0 54 310
12 40 21 31 -3 34 0 0.00 M M 9.1 25 320 M M 0 47 340
13 56 32 44 10 21 0 T M M 11.8 29 310 M M 4 45 320
14 51 28 40 7 25 0 T M M 7.6 20 260 M M 6 32 280
15 63 40 52 19 13 0 0.00 M M 5.9 17 290 M M 0 27 280
16 56 24 40 8 25 0 0.00 M M 14.4 31 260 M M 2 55 250
17 28 18 23 -9 42 0 0.00 M M 16.5 28 280 M M 1 49 320
18 39 13 26 -6 39 0 0.00 M M 7.2 15 280 M M 0 23 250
19 50 27 39 8 26 0 0.00 M M 3.1 13 260 M M 3 21 250
20 41 29 35 4 30 0 T M M 5.5 15 280 M M 7 26 290
21 41 26 34 4 31 0 0.00 M M 7.9 20 270 M M 1 26 290
22 55 29 42 12 23 0 0.00 M M 10.2 18 280 M M 0 29 300
23 54 30 42 12 23 0 0.00 M M 8.5 23 240 M M 0 42 260
24 36 15 26 -3 39 0 T M M 6.2 15 330 M M 5 24 310
25 45 14 30 1 35 0 0.00 M M 7.3 17 270 M M 3 24 290
26 56 36 46 17 19 0 0.00 M M 7.2 15 270 M M 0 22 240
27 46 26 36 8 29 0 0.00 M M 5.9 17 350 M M 1 31 350
28 57 30 44 16 21 0 0.00 M M 7.8 22 280 M M 0 31 290
29 55 34 45 17 20 0 T M M 4.6 12 10 M M 1 18 330
30 43 32 38 10 27 0 0.01 M M 7.2 23 250 M M 5 37 230
================================================================================
SM 1449 803 817 0 0.16 M 230.9 M 66
================================================================================
AV 48.3 26.8 7.7 FASTST M M 2 MAX(MPH)
MISC ----> # 31 300 55 250
================================================================================
NOTES:
# LAST OF SEVERAL OCCURRENCES
COLUMN 17 PEAK WIND IN M.P.H.
PRELIMINARY LOCAL CLIMATOLOGICAL DATA (WS FORM: F-6) , PAGE 2
STATION: CUSTER COUNTY AIRPORT SD
MONTH: NOVEMBER
YEAR: 2021
LATITUDE: 43 43 N
LONGITUDE: 103 37 W
[TEMPERATURE DATA] [PRECIPITATION DATA] SYMBOLS USED IN COLUMN 16
AVERAGE MONTHLY: 37.5 TOTAL FOR MONTH: 0.16 1 = FOG OR MIST
DPTR FM NORMAL: 4.9 DPTR FM NORMAL: -0.36 2 = FOG REDUCING VISIBILITY
HIGHEST: 63 ON 15 GRTST 24HR 0.14 ON 8- 8 TO 1/4 MILE OR LESS
LOWEST: 13 ON 18 3 = THUNDER
SNOW, ICE PELLETS, HAIL 4 = ICE PELLETS
TOTAL MONTH: M 5 = HAIL
GRTST 24HR M ON M 6 = FREEZING RAIN OR DRIZZLE
GRTST DEPTH: M ON M 7 = DUSTSTORM OR SANDSTORM:
VSBY 1/2 MILE OR LESS
8 = SMOKE OR HAZE
[NO. OF DAYS WITH] [WEATHER - DAYS WITH] 9 = BLOWING SNOW
X = TORNADO
MAX 32 OR BELOW: 2 0.01 INCH OR MORE: 3
MAX 90 OR ABOVE: 0 0.10 INCH OR MORE: 1
MIN 32 OR BELOW: 25 0.50 INCH OR MORE: 0
MIN 0 OR BELOW: 0 1.00 INCH OR MORE: 0
[HDD (BASE 65) ]
TOTAL THIS MO. 817 CLEAR (SCALE 0-3) 21
DPTR FM NORMAL -157 PTCLDY (SCALE 4-7) 8
TOTAL FM JUL 1 1615 CLOUDY (SCALE 8-10) 1
DPTR FM NORMAL -461
[CDD (BASE 65) ]
TOTAL THIS MO. 0
DPTR FM NORMAL 0 [PRESSURE DATA]
TOTAL FM JAN 1 345 HIGHEST SLP 30.46 ON 24
DPTR FM NORMAL 136 LOWEST SLP 29.41 ON 16
[REMARKS]
#FINAL-11-21#