000
CXUS53 KUNR 010930
CF6CUT
PRELIMINARY LOCAL CLIMATOLOGICAL DATA (WS FORM: F-6)
STATION: CUSTER COUNTY AIRPORT SD
MONTH: MARCH
YEAR: 2021
LATITUDE: 43 43 N
LONGITUDE: 103 37 W
TEMPERATURE IN F: :PCPN: SNOW: WIND :SUNSHINE: SKY :PK WND
================================================================================
1 2 3 4 5 6A 6B 7 8 9 10 11 12 13 14 15 16 17 18
12Z AVG MX 2MIN
DY MAX MIN AVG DEP HDD CDD WTR SNW DPTH SPD SPD DIR MIN PSBL S-S WX SPD DR
================================================================================
1 41 18 30 2 35 0 0.00 M M 11.4 20 260 M M 1 30 260
2 51 26 39 11 26 0 0.00 M M 7.3 16 280 M M 0 23 250
3 53 24 39 10 26 0 0.00 M M 4.8 13 240 M M 0 18 250
4 55 25 40 11 25 0 0.00 M M 4.1 13 180 M M 0 21 180
5 57 29 43 14 22 0 0.00 M M 5.6 13 210 M M 0 19 240
6 59 33 46 17 19 0 0.00 M M 9.2 22 250 M M 0 40 240
7 54 29 42 12 23 0 0.00 M M 4.5 13 250 M M 0 22 280
8 61 27 44 14 21 0 0.00 M M 5.0 14 180 M M 0 22 210
9 51 29 40 10 25 0 T M M 9.4 17 260 M M 2 26 250
10 29 17 23 -7 42 0 0.36 M M 5.5 14 30 M M 10 18 23 30
11 34 16 25 -5 40 0 T M M 4.9 12 240 M M 1 19 200
12 37 21 29 -2 36 0 T M M 3.3 10 200 M M 9 18 210
13 40 22 31 0 34 0 0.17 M M 9.2 24 80 M M 8 128 38 60
14 31 21 26 -5 39 0 0.89 M M 20.5 33 60 M M 10 12 50 60
15 27 20 24 -7 41 0 0.18 M M 3.6 16 70 M M 10 12 20 50
16 31 22 27 -5 38 0 T M M 4.4 10 250 M M 10 12 16 240
17 38 16 27 -5 38 0 0.00 M M 5.4 15 310 M M 1 27 320
18 39 11 25 -7 40 0 0.00 M M 3.9 10 200 M M 2 12 17 220
19 53 21 37 5 28 0 0.00 M M 6.9 14 270 M M 0 20 270
20 60 36 48 16 17 0 0.00 M M 6.6 17 230 M M 0 28 240
21 41 25 33 1 32 0 0.00 M M 5.5 15 350 M M 7 21 350
22 43 19 31 -2 34 0 0.00 M M 4.7 14 200 M M 2 24 180
23 39 22 31 -2 34 0 0.01 M M 11.2 24 10 M M 5 1 36 20
24 39 17 28 -5 37 0 0.00 M M 6.7 17 270 M M 1 30 340
25 46 24 35 2 30 0 0.00 M M 5.8 14 90 M M 5 8 19 90
26 40 30 35 1 30 0 0.16 M M 4.8 13 280 M M 10 1 18 280
27 40 24 32 -2 33 0 T M M 9.5 22 280 M M 3 35 310
28 60 24 42 8 23 0 0.00 M M 11.8 25 260 M M 0 40 230
29 58 22 40 6 25 0 0.00 M M 18.4 37 270 M M 0 57 270
30 31 15 23 -11 42 0 0.00 M M 13.2 30 280 M M 2 47 260
31 40 14 27 -8 38 0 0.00 M M 8.2 20 270 M M 1 32 270
================================================================================
SM 1378 699 973 0 1.77 M 235.3 M 100
================================================================================
AV 44.5 22.5 7.6 FASTST M M 3 MAX(MPH)
MISC ----> 37 270 57 270
================================================================================
NOTES:
# LAST OF SEVERAL OCCURRENCES
COLUMN 17 PEAK WIND IN M.P.H.
PRELIMINARY LOCAL CLIMATOLOGICAL DATA (WS FORM: F-6) , PAGE 2
STATION: CUSTER COUNTY AIRPORT SD
MONTH: MARCH
YEAR: 2021
LATITUDE: 43 43 N
LONGITUDE: 103 37 W
[TEMPERATURE DATA] [PRECIPITATION DATA] SYMBOLS USED IN COLUMN 16
AVERAGE MONTHLY: 33.5 TOTAL FOR MONTH: 1.77 1 = FOG OR MIST
DPTR FM NORMAL: 2.0 DPTR FM NORMAL: 0.76 2 = FOG REDUCING VISIBILITY
HIGHEST: 61 ON 8 GRTST 24HR 0.89 ON 14-14 TO 1/4 MILE OR LESS
LOWEST: 11 ON 18 3 = THUNDER
SNOW, ICE PELLETS, HAIL 4 = ICE PELLETS
TOTAL MONTH: M 5 = HAIL
GRTST 24HR M ON M 6 = FREEZING RAIN OR DRIZZLE
GRTST DEPTH: M ON M 7 = DUSTSTORM OR SANDSTORM:
VSBY 1/2 MILE OR LESS
8 = SMOKE OR HAZE
[NO. OF DAYS WITH] [WEATHER - DAYS WITH] 9 = BLOWING SNOW
X = TORNADO
MAX 32 OR BELOW: 5 0.01 INCH OR MORE: 6
MAX 90 OR ABOVE: 0 0.10 INCH OR MORE: 5
MIN 32 OR BELOW: 29 0.50 INCH OR MORE: 1
MIN 0 OR BELOW: 0 1.00 INCH OR MORE: 0
[HDD (BASE 65) ]
TOTAL THIS MO. 973 CLEAR (SCALE 0-3) 21
DPTR FM NORMAL -67 PTCLDY (SCALE 4-7) 4
TOTAL FM JUL 1 6594 CLOUDY (SCALE 8-10) 6
DPTR FM NORMAL -280
[CDD (BASE 65) ]
TOTAL THIS MO. 0
DPTR FM NORMAL 0 [PRESSURE DATA]
TOTAL FM JAN 1 0 HIGHEST SLP 30.47 ON 31
DPTR FM NORMAL 0 LOWEST SLP 29.27 ON 29
[REMARKS]
#FINAL-03-21#