000
CXUS55 KCYS 120154 CCA
CF6CYS
PRELIMINARY LOCAL CLIMATOLOGICAL DATA (WS FORM: F-6)...CORRECTED
STATION: CHEYENNE WYOMING AIRPORT
MONTH: DECEMBER
YEAR: 2022
LATITUDE: 41 9 N
LONGITUDE: 104 49 W
TEMPERATURE IN F: :PCPN: SNOW: WIND :SUNSHINE: SKY :PK WND
================================================================================
1 2 3 4 5 6A 6B 7 8 9 10 11 12 13 14 15 16 17 18
12Z AVG MX 2MIN
DY MAX MIN AVG DEP HDD CDD WTR SNW DPTH SPD SPD DIR MIN PSBL S-S WX SPD DR
================================================================================
1 51 19 35 4 30 0 0.00 0.0 2 7.2 20 220 M M 0 28 240
2 46 16 31 1 34 0 T T 2 19.5 40 300 M M 0 8 60 300
3 46 14 30 0 35 0 0.00 0.0 2 13.8 26 260 M M 0 35 250
4 48 33 41 11 24 0 0.00 0.0 1 10.6 28 280 M M 2 38 280
5 45 32 39 9 26 0 T T T 18.4 41 280 M M 2 54 280
6 39 28 34 4 31 0 0.00 0.0 0 21.0 43 270 M M 2 57 260
7 44 23 34 5 31 0 0.00 0.0 0 12.0 26 270 M M 3 36 260
8 38 21 30 1 35 0 T T 0 14.7 36 280 M M 4 47 280
9 49 15 32 3 33 0 T T 0 11.4 32 270 M M 1 40 280
10 44 21 33 4 32 0 0.00 0.0 0 9.9 23 210 M M 0 32 220
11 56 20 38 9 27 0 0.00 0.0 0 7.2 16 200 M M 0 21 190
12 41 16 29 1 36 0 T T 0 12.9 28 10 M M 2 16 37 360
13 17 11 14 -14 51 0 0.08 1.8 2 22.8 35 310 M M 9 169 55 310
14 26 14 20 -8 45 0 T T T 23.4 36 310 M M 8 59 330
15 23 12 18 -10 47 0 T T T 22.3 31 310 M M 1 50 310
16 22 12 17 -11 48 0 0.00 0.0 T 23.7 40 310 M M 2 64 310
17 33 14 24 -4 41 0 0.00 0.0 T 11.8 32 290 M M 2 46 290
18 42 13 28 0 37 0 0.00 0.0 T 8.9 26 270 M M 0 32 270
19 39 10 25 -3 40 0 0.00 0.0 T 19.8 43 270 M M 0 56 270
20 44 20 32 4 33 0 0.00 0.0 T 14.7 33 260 M M 1 43 260
21 42 -19 12 -16 53 0 0.08 2.4 2 21.2 41 270 M M 5 8 57 250
22 -3 -25 -14 -42 79 0 T T 2 13.0 28 330 M M 2 8 37 330
23 33 -9 12 -16 53 0 0.00 0.0 2 11.8 28 280 M M 2 37 290
24 42 28 35 7 30 0 0.00 0.0 1 13.8 29 280 M M 3 37 280
25 45 33 39 11 26 0 T T T 22.6 44 280 M M 4 60 270
26 46 24 35 7 30 0 0.02 0.2 T 11.6 30 260 M M 2 1 42 260
27 57 32 45 17 20 0 0.00 0.0 0 13.2 29 280 M M 1 37 280
28 46 31 39 11 26 0 T T 0 14.5 25 280 M M 5 36 280
29 34 18 26 -2 39 0 0.00 0.0 0 16.0 31 280 M M 4 44 290
30 40 21 31 2 34 0 0.00 0.0 0 16.6 31 260 M M 0 41 250
31 48 30 39 10 26 0 0.00 0.0 0 15.6 39 260 M M 5 49 260
================================================================================
SM 1223 528 1132 0 0.18 4.4 475.9 M 72
================================================================================
AV 39.5 17.0 15.4 FASTST M M 2 MAX(MPH)
MISC ----> 44 280 64 310
================================================================================
NOTES:
# LAST OF SEVERAL OCCURRENCES
COLUMN 17 PEAK WIND IN M.P.H.
PRELIMINARY LOCAL CLIMATOLOGICAL DATA (WS FORM: F-6) , PAGE 2
STATION: CHEYENNE WYOMING AIRPORT
MONTH: DECEMBER
YEAR: 2022
LATITUDE: 41 9 N
LONGITUDE: 104 49 W
[TEMPERATURE DATA] [PRECIPITATION DATA] SYMBOLS USED IN COLUMN 16
AVERAGE MONTHLY: 28.2 TOTAL FOR MONTH: 0.18 1 = FOG OR MIST
DPTR FM NORMAL: -0.5 DPTR FM NORMAL: -0.30 2 = FOG REDUCING VISIBILITY
HIGHEST: 57 ON 27 GRTST 24HR 0.08 ON 13-13 TO 1/4 MILE OR LESS
LOWEST: -25 ON 22 3 = THUNDER
SNOW, ICE PELLETS, HAIL 4 = ICE PELLETS
TOTAL MONTH: 4.4 INCHES 5 = HAIL
GRTST 24HR 2.4 ON 21-21 6 = FREEZING RAIN OR DRIZZLE
GRTST DEPTH: 3 ON M 7 = DUSTSTORM OR SANDSTORM:
VSBY 1/2 MILE OR LESS
8 = SMOKE OR HAZE
[NO. OF DAYS WITH] [WEATHER - DAYS WITH] 9 = BLOWING SNOW
X = TORNADO
MAX 32 OR BELOW: 5 0.01 INCH OR MORE: 3
MAX 90 OR ABOVE: 0 0.10 INCH OR MORE: 0
MIN 32 OR BELOW: 29 0.50 INCH OR MORE: 0
MIN 0 OR BELOW: 3 1.00 INCH OR MORE: 0
[HDD (BASE 65) ]
TOTAL THIS MO. 1132 CLEAR (SCALE 0-3) 22
DPTR FM NORMAL 7 PTCLDY (SCALE 4-7) 8
TOTAL FM JUL 1 2740 CLOUDY (SCALE 8-10) 1
DPTR FM NORMAL -72
[CDD (BASE 65) ]
TOTAL THIS MO. 0
DPTR FM NORMAL 0 [PRESSURE DATA]
TOTAL FM JAN 1 701 HIGHEST SLP 30.71 ON 22
DPTR FM NORMAL 304 LOWEST SLP 29.25 ON 28
[REMARKS]
USED WFO CYS COOP BACKUP (CYSW4) FOR PRECIPITATION AND
SNOWFALL ON: 12/13, 12/21, AND 12/26.
#FINAL-12-22#