000
CXUS53 KUNR 010930
CF6D07
PRELIMINARY LOCAL CLIMATOLOGICAL DATA (WS FORM: F-6)
STATION: FAITH SD
MONTH: JULY
YEAR: 2021
LATITUDE: 45 1 N
LONGITUDE: 102 1 W
TEMPERATURE IN F: :PCPN: SNOW: WIND :SUNSHINE: SKY :PK WND
================================================================================
1 2 3 4 5 6A 6B 7 8 9 10 11 12 13 14 15 16 17 18
12Z AVG MX 2MIN
DY MAX MIN AVG DEP HDD CDD WTR SNW DPTH SPD SPD DIR MIN PSBL S-S WX SPD DR
================================================================================
1 93 64 79 9 0 14 0.00 M M 12.7 22 150 M M M 35 160
2 93 65 79 8 0 14 0.00 M M 17.1 29 160 M M M 44 170
3 104 67 86 15 0 21 0.00 M M 13.1 24 170 M M M 34 170
4 99 65 82 11 0 17 0.00 M M 9.4 24 20 M M M 33 300
5 90 65 78 6 0 13 0.22 M M 14.2 32 130 M M M 45 140
6 81 63 72 0 0 7 0.05 M M 10.6 20 50 M M M 26 90
7 83 62 73 1 0 8 0.00 M M 12.3 22 130 M M M 32 120
8 85 60 73 1 0 8 0.31 M M 11.0 32 70 M M M 41 70
9 83 63 73 1 0 8 0.00 M M 11.6 21 10 M M M 26 20
10 85 60 73 0 0 8 0.00 M M 9.1 20 40 M M M 27 40
11 89 59 74 1 0 9 0.00 M M 11.2 25 160 M M M 32 170
12 89 60 75 2 0 10 0.00 M M 14.1 26 360 M M M 35 350
13 87 56 72 -1 0 7 0.26 M M 8.3 18 210 M M M 26 210
14 77 58 68 -5 0 3 0.13 M M 8.6 18 160 M M M 47 150
15 87 60 74 1 0 9 0.00 M M 14.5 23 160 M M M 32 150
16 91 64 78 4 0 13 0.00 M M 16.1 23 180 M M M 31 170
17 93 62 78 4 0 13 0.00 M M 15.4 23 170 M M M 30 150
18 96 66 81 7 0 16 0.00 M M 13.3 18 120 M M M 33 160
19 96 65 81 7 0 16 0.00 M M 13.4 24 130 M M M 31 120
20 95 65 80 6 0 15 0.00 M M 19.6 25 160 M M M 40 140
21 M M M M M M 0.00 M M M M M M M M M M
22 102 68 85 11 0 20 0.01 M M 8.2 32 330 M M M 45 340
23 92 65 79 5 0 14 0.00 M M 7.1 20 140 M M M 26 340
24 93 62 78 4 0 13 0.00 M M 8.8 17 330 M M M 25 10
25 98 67 83 9 0 18 0.00 M M 10.4 18 140 M M M 25 150
26 100 70 85 11 0 20 0.00 M M 11.0 25 170 M M M 31 170
27 110 68 89 15 0 24 0.00 M M 14.2 25 170 M M M 38 180
28 100 70 85 11 0 20 0.00 M M 16.7 30 30 M M M 36 30
29 82 63 73 -1 0 8 0.00 M M 10.3 23 80 M M M 27 80
30 75 56 66 -8 0 1 0.00 M M 9.8 21 170 M M M 26 170
31 88 60 74 0 0 9 0.00 M M 9.3 22 10 M M M 28 360
================================================================================
SM 2736 1898 0 376 0.98 M 361.4 M M
================================================================================
AV 91.2 63.3 12.0 FASTST M M M MAX(MPH)
MISC ----> # 32 130 47 150
================================================================================
NOTES:
# LAST OF SEVERAL OCCURRENCES
COLUMN 17 PEAK WIND IN M.P.H.
PRELIMINARY LOCAL CLIMATOLOGICAL DATA (WS FORM: F-6) , PAGE 2
STATION: FAITH SD
MONTH: JULY
YEAR: 2021
LATITUDE: 45 1 N
LONGITUDE: 102 1 W
[TEMPERATURE DATA] [PRECIPITATION DATA] SYMBOLS USED IN COLUMN 16
AVERAGE MONTHLY: 77.2 TOTAL FOR MONTH: 0.98 1 = FOG OR MIST
DPTR FM NORMAL: 4.2 DPTR FM NORMAL: -1.17 2 = FOG REDUCING VISIBILITY
HIGHEST: 110 ON 27 GRTST 24HR 0.37 ON 13-14 TO 1/4 MILE OR LESS
LOWEST: 56 ON 30,13 3 = THUNDER
SNOW, ICE PELLETS, HAIL 4 = ICE PELLETS
TOTAL MONTH: M 5 = HAIL
GRTST 24HR M ON M 6 = FREEZING RAIN OR DRIZZLE
GRTST DEPTH: M ON M 7 = DUSTSTORM OR SANDSTORM:
VSBY 1/2 MILE OR LESS
8 = SMOKE OR HAZE
[NO. OF DAYS WITH] [WEATHER - DAYS WITH] 9 = BLOWING SNOW
X = TORNADO
MAX 32 OR BELOW: 0 0.01 INCH OR MORE: 6
MAX 90 OR ABOVE: 17 0.10 INCH OR MORE: 4
MIN 32 OR BELOW: 0 0.50 INCH OR MORE: 0
MIN 0 OR BELOW: 0 1.00 INCH OR MORE: 0
[HDD (BASE 65) ]
TOTAL THIS MO. 0 CLEAR (SCALE 0-3) 0
DPTR FM NORMAL -8 PTCLDY (SCALE 4-7) 0
TOTAL FM JUL 1 0 CLOUDY (SCALE 8-10) 31
DPTR FM NORMAL -2
[CDD (BASE 65) ]
TOTAL THIS MO. 376
DPTR FM NORMAL 120 [PRESSURE DATA]
TOTAL FM JAN 1 576 HIGHEST SLP 30.25 ON 31
DPTR FM NORMAL 214 LOWEST SLP 29.67 ON 3
[REMARKS]
#FINAL-07-21#