000
CXUS53 KUNR 010930
CF6D07
PRELIMINARY LOCAL CLIMATOLOGICAL DATA (WS FORM: F-6)
STATION: FAITH SD
MONTH: OCTOBER
YEAR: 2023
LATITUDE: 45 1 N
LONGITUDE: 102 1 W
TEMPERATURE IN F: :PCPN: SNOW: WIND :SUNSHINE: SKY :PK WND
================================================================================
1 2 3 4 5 6A 6B 7 8 9 10 11 12 13 14 15 16 17 18
12Z AVG MX 2MIN
DY MAX MIN AVG DEP HDD CDD WTR SNW DPTH SPD SPD DIR MIN PSBL S-S WX SPD DR
================================================================================
1 87 54 71 17 0 6 0.08 M M 14.1 24 170 M M M 32 180
2 62 51 57 3 8 0 0.41 M M 5.9 20 310 M M M 25 310
3 68 50 59 6 6 0 0.11 M M 15.0 26 330 M M M 35 340
4 64 43 54 1 11 0 0.01 M M 12.4 36 270 M M M 48 290
5 60 39 50 -2 15 0 0.00 M M 20.7 33 330 M M M 48 340
6 51 31 41 -11 24 0 0.00 M M 15.0 30 320 M M M 40 320
7 71 31 51 0 14 0 0.00 M M 8.7 18 290 M M M 25 280
8 68 40 54 3 11 0 0.00 M M 7.8 15 30 M M M 20 40
9 66 41 54 4 11 0 0.00 M M 8.3 16 130 M M M 20 130
10 64 41 53 3 12 0 0.00 M M 14.0 21 130 M M M 29 130
11 60 39 50 1 15 0 0.00 M M 12.5 23 100 M M M 35 110
12 51 41 46 -3 19 0 0.00 M M 24.6 37 50 M M M 48 40
13 49 40 45 -3 20 0 0.00 M M 18.6 29 20 M M M 38 20
14 48 38 43 -5 22 0 0.01 M M 5.9 10 100 M M M 15 90
15 54 34 44 -3 21 0 0.00 M M 7.3 14 170 M M M 18 210
16 70 33 52 5 13 0 0.00 M M 11.0 16 170 M M M 18 180
17 73 44 59 13 6 0 0.01 M M 15.2 46 340 M M M 60 340
18 58 43 51 5 14 0 0.00 M M 18.6 37 320 M M M 49 310
19 75 43 59 14 6 0 0.00 M M 11.3 26 320 M M M 35 320
20 78 45 62 17 3 0 0.00 M M 11.0 24 310 M M M 33 320
21 63 40 52 8 13 0 0.00 M M 8.7 12 150 M M M M M
22 68 39 54 10 11 0 0.00 M M 11.6 25 160 M M M 33 160
23 61 37 49 6 16 0 0.00 M M 10.3 23 40 M M M 29 40
24 48 42 45 2 20 0 0.02 M M 5.0 15 30 M M M 19 40
25 43 27 35 -7 30 0 0.01 M M 13.6 21 130 M M M 30 130
26 29 12 21 -21 44 0 0.11 M M 13.3 26 330 M M M 35 350
27 21 7 14 -28 51 0 0.00 M M 8.7 21 300 M M M 25 310
28 23 14 19 -22 46 0 0.01 M M 9.0 12 300 M M M M M
29 M M M M M M M M M M M M M M M M M
30 M M M M M M M M M M M M M M M M M
31 M M M M M M M M M M M M M M M M M
================================================================================
SM 1633 1039 482 6 0.78 M 338.1 M M
================================================================================
AV 58.3 37.1 12.1 FASTST M M M MAX(MPH)
MISC ----> 46 340 60 340
================================================================================
NOTES:
# LAST OF SEVERAL OCCURRENCES
COLUMN 17 PEAK WIND IN M.P.H.
PRELIMINARY LOCAL CLIMATOLOGICAL DATA (WS FORM: F-6) , PAGE 2
STATION: FAITH SD
MONTH: OCTOBER
YEAR: 2023
LATITUDE: 45 1 N
LONGITUDE: 102 1 W
[TEMPERATURE DATA] [PRECIPITATION DATA] SYMBOLS USED IN COLUMN 16
AVERAGE MONTHLY: 47.7 TOTAL FOR MONTH: 0.78 1 = FOG OR MIST
DPTR FM NORMAL: 0.9 DPTR FM NORMAL: -0.58 2 = FOG REDUCING VISIBILITY
HIGHEST: 87 ON 1 GRTST 24HR 0.50 ON 2- 3 TO 1/4 MILE OR LESS
LOWEST: 7 ON 27 3 = THUNDER
SNOW, ICE PELLETS, HAIL 4 = ICE PELLETS
TOTAL MONTH: M 5 = HAIL
GRTST 24HR M ON M 6 = FREEZING RAIN OR DRIZZLE
GRTST DEPTH: M ON M 7 = DUSTSTORM OR SANDSTORM:
VSBY 1/2 MILE OR LESS
8 = SMOKE OR HAZE
[NO. OF DAYS WITH] [WEATHER - DAYS WITH] 9 = BLOWING SNOW
X = TORNADO
MAX 32 OR BELOW: 3 0.01 INCH OR MORE: 10
MAX 90 OR ABOVE: 0 0.10 INCH OR MORE: 3
MIN 32 OR BELOW: 6 0.50 INCH OR MORE: 0
MIN 0 OR BELOW: 0 1.00 INCH OR MORE: 0
[HDD (BASE 65) ]
TOTAL THIS MO. 482 CLEAR (SCALE 0-3) 0
DPTR FM NORMAL -86 PTCLDY (SCALE 4-7) 0
TOTAL FM JUL 1 595 CLOUDY (SCALE 8-10) 31
DPTR FM NORMAL -168
[CDD (BASE 65) ]
TOTAL THIS MO. 6
DPTR FM NORMAL 2 [PRESSURE DATA]
TOTAL FM JAN 1 670 HIGHEST SLP M ON M
DPTR FM NORMAL 14 LOWEST SLP 29.52 ON 11
[REMARKS]
#FINAL-10-23#