000
CXUS53 KUNR 011526
CLMD07
CLIMATE REPORT
NATIONAL WEATHER SERVICE RAPID CITY SD
926 AM MDT SAT APR 01 2023
...................................
...THE FAITH SD CLIMATE SUMMARY FOR THE MONTH OF MARCH 2023...
CLIMATE NORMAL PERIOD 1991 TO 2020
CLIMATE RECORD PERIOD 9999 TO 9999
WEATHER OBSERVED NORMAL DEPART LAST YEAR`S
VALUE DATE(S) VALUE FROM VALUE DATE(S)
NORMAL
................................................................
TEMPERATURE (F)
HIGHEST 45 03/19 72 03/20
LOWEST 1 03/13 -6 03/11
03/18
AVG. MAXIMUM 29.8 44.1 -14.3 47.3
AVG. MINIMUM 13.9 22.4 -8.5 19.3
MEAN 21.8 33.3 -11.5 33.3
DAYS MAX >= 90 0 0
DAYS MAX <= 32 21 8
DAYS MIN <= 32 31 29
DAYS MIN <= 0 0 2
PRECIPITATION (INCHES)
TOTALS 1.00 0.70 0.30 0.17
DAILY AVG. 0.03 0.02 0.01 0.01
DAYS >= .01 8 5
DAYS >= .10 5 0
DAYS >= .50 0 0
DAYS >= 1.00 0 0
GREATEST
24 HR. TOTAL 0.43 02/28 TO 02/28 0.10
DEGREE DAYS
HEATING TOTAL 1331 984 347 972
SINCE 7/1 6882 6602 280 MM
COOLING TOTAL 0 0 0 0
SINCE 1/1 0 0 0 MM
................................................................
WIND (MPH)
AVERAGE WIND SPEED 12.1
HIGHEST WIND SPEED/DIRECTION 41/300 DATE 03/11
HIGHEST GUST SPEED/DIRECTION 54/310 DATE 03/11
AVERAGE RH (PERCENT) 80
- INDICATES NEGATIVE NUMBERS.
R INDICATES RECORD WAS SET OR TIED.
MM INDICATES DATA IS MISSING.
T INDICATES TRACE AMOUNT.
$$