000
CXUS52 KMLB 010623
CF6DAB
PRELIMINARY LOCAL CLIMATOLOGICAL DATA (WS FORM: F-6)
STATION: DAYTONA BEACH
MONTH: JUNE
YEAR: 2021
LATITUDE: 29 10 N
LONGITUDE: 81 3 W
TEMPERATURE IN F: :PCPN: SNOW: WIND :SUNSHINE: SKY :PK WND
================================================================================
1 2 3 4 5 6A 6B 7 8 9 10 11 12 13 14 15 16 17 18
12Z AVG MX 2MIN
DY MAX MIN AVG DEP HDD CDD WTR SNW DPTH SPD SPD DIR MIN PSBL S-S WX SPD DR
================================================================================
1 85 66 76 -2 0 11 0.00 0.0 0 6.0 16 20 M M 2 23 40
2 86 70 78 -1 0 13 T 0.0 0 5.8 17 90 M M 6 24 110
3 89 70 80 1 0 15 0.39 0.0 0 6.3 22 150 M M 7 13 33 150
4 88 73 81 2 0 16 0.51 0.0 0 5.5 20 200 M M 7 13 30 200
5 88 76 82 3 0 17 0.06 0.0 0 6.3 16 160 M M 7 3 22 170
6 88 75 82 3 0 17 T 0.0 0 6.2 15 110 M M 8 3 23 120
7 87 76 82 3 0 17 0.00 0.0 0 5.4 14 110 M M 9 24 100
8 89 74 82 2 0 17 0.00 0.0 0 5.2 15 100 M M 4 22 100
9 88 72 80 0 0 15 0.00 0.0 0 5.1 14 70 M M 3 20 70
10 92 72 82 2 0 17 0.00 0.0 0 4.9 14 90 M M 3 18 70
11 93 73 83 3 0 18 0.00 0.0 0 6.2 13 70 M M 5 17 100
12 95 72 84 4 0 19 0.00 0.0 0 7.9 18 310 M M 4 3 24 330
13 89 71 80 0 0 15 0.66 0.0 0 7.0 23 300 M M 7 138 37 290
14 85 72 79 -1 0 14 0.12 0.0 0 4.6 16 260 M M 9 3 20 240
15 87 71 79 -1 0 14 T 0.0 0 10.4 23 360 M M 8 3 30 360
16 89 71 80 0 0 15 0.00 0.0 0 9.7 20 250 M M 8 26 250
17 89 71 80 0 0 15 0.05 0.0 0 5.5 18 270 M M 8 1 21 260
18 90 72 81 0 0 16 0.00 0.0 0 3.9 13 70 M M 8 15 70
19 91 78 85 4 0 20 T 0.0 0 5.5 13 150 M M 8 3 16 160
20 90 78 84 3 0 19 T 0.0 0 7.7 18 240 M M 9 23 240
21 91 73 82 1 0 17 0.51 0.0 0 5.9 25 330 M M 10 13 35 330
22 92 73 83 2 0 18 0.98 0.0 0 7.3 22 300 M M 8 138 30 290
23 89 73 81 0 0 16 0.10 0.0 0 5.0 13 70 M M 8 13 16 350
24 86 71 79 -2 0 14 0.04 0.0 0 4.5 15 70 M M 9 13 19 70
25 86 71 79 -2 0 14 1.80 0.0 0 4.4 21 60 M M 9 13 24 50
26 86 73 80 -1 0 15 T 0.0 0 5.0 16 80 M M 7 13 24 100
27 87 75 81 0 0 16 T 0.0 0 8.1 20 70 M M 4 23 60
28 87 73 80 -1 0 15 0.00 0.0 0 5.8 15 80 M M 4 1 19 80
29 87 76 82 1 0 17 T 0.0 0 5.5 16 80 M M 8 20 170
30 85 76 81 0 0 16 0.11 0.0 0 4.9 14 80 M M 8 138 19 100
================================================================================
SM 2654 2187 0 478 5.33 0.0 181.5 M 205
================================================================================
AV 88.5 72.9 6.1 FASTST M M 7 MAX(MPH)
MISC ----> 25 330 37 290
================================================================================
NOTES:
# LAST OF SEVERAL OCCURRENCES
COLUMN 17 PEAK WIND IN M.P.H.
PRELIMINARY LOCAL CLIMATOLOGICAL DATA (WS FORM: F-6) , PAGE 2
STATION: DAYTONA BEACH
MONTH: JUNE
YEAR: 2021
LATITUDE: 29 10 N
LONGITUDE: 81 3 W
[TEMPERATURE DATA] [PRECIPITATION DATA] SYMBOLS USED IN COLUMN 16
AVERAGE MONTHLY: 80.7 TOTAL FOR MONTH: 5.33 1 = FOG OR MIST
DPTR FM NORMAL: 0.5 DPTR FM NORMAL: -1.61 2 = FOG REDUCING VISIBILITY
HIGHEST: 95 ON 12 GRTST 24HR 1.80 ON 25-25 TO 1/4 MILE OR LESS
LOWEST: 66 ON 1 3 = THUNDER
SNOW, ICE PELLETS, HAIL 4 = ICE PELLETS
TOTAL MONTH: 0.0 INCH 5 = HAIL
GRTST 24HR 0.0 6 = FREEZING RAIN OR DRIZZLE
GRTST DEPTH: 0 7 = DUSTSTORM OR SANDSTORM:
VSBY 1/2 MILE OR LESS
8 = SMOKE OR HAZE
[NO. OF DAYS WITH] [WEATHER - DAYS WITH] 9 = BLOWING SNOW
X = TORNADO
MAX 32 OR BELOW: 0 0.01 INCH OR MORE: 12
MAX 90 OR ABOVE: 8 0.10 INCH OR MORE: 9
MIN 32 OR BELOW: 0 0.50 INCH OR MORE: 5
MIN 0 OR BELOW: 0 1.00 INCH OR MORE: 1
[HDD (BASE 65) ]
TOTAL THIS MO. 0 CLEAR (SCALE 0-3) 2
DPTR FM NORMAL 0 PTCLDY (SCALE 4-7) 18
TOTAL FM JUL 1 643 CLOUDY (SCALE 8-10) 10
DPTR FM NORMAL -65
[CDD (BASE 65) ]
TOTAL THIS MO. 478
DPTR FM NORMAL 22 [PRESSURE DATA]
TOTAL FM JAN 1 1256 HIGHEST SLP M ON M
DPTR FM NORMAL 129 LOWEST SLP 29.78 ON 12
[REMARKS]
#FINAL-06-21#