000
CXUS55 KVEF 281021
CF6DAG
PRELIMINARY LOCAL CLIMATOLOGICAL DATA (WS FORM: F-6)
STATION: BARSTOW-DAGGETT CA
MONTH: AUGUST
YEAR: 2021
LATITUDE: 34 51 N
LONGITUDE: 116 47 W
TEMPERATURE IN F: :PCPN: SNOW: WIND :SUNSHINE: SKY :PK WND
================================================================================
1 2 3 4 5 6A 6B 7 8 9 10 11 12 13 14 15 16 17 18
12Z AVG MX 2MIN
DY MAX MIN AVG DEP HDD CDD WTR SNW DPTH SPD SPD DIR MIN PSBL S-S WX SPD DR
================================================================================
1 106 77 92 2 0 27 0.00 0.0 0 9.4 23 240 M M 0 26 240
2 109 78 94 4 0 29 0.00 0.0 0 9.4 21 240 M M 0 24 250
3 111 78 95 5 0 30 0.00 0.0 0 9.3 18 250 M M 0 21 260
4 114 80 97 7 0 32 0.00 0.0 0 11.8 24 260 M M 0 27 260
5 113 81 97 7 0 32 0.00 0.0 0 18.1 32 250 M M 0 41 260
6 107 77 92 2 0 27 0.00 0.0 0 12.8 25 260 M M 0 29 260
7 107 72 90 0 0 25 0.00 0.0 0 11.9 21 250 M M 0 26 270
8 109 73 91 1 0 26 0.00 0.0 0 12.0 28 290 M M 0 35 290
9 106 75 91 1 0 26 0.00 0.0 0 10.9 21 100 M M 0 26 110
10 107 77 92 3 0 27 0.00 0.0 0 7.0 21 120 M M 0 3 28 110
11 104 78 91 2 0 26 0.00 0.0 0 5.3 17 240 M M 0 19 240
12 106 78 92 3 0 27 0.00 0.0 0 7.7 22 250 M M 0 27 230
13 108 81 95 6 0 30 0.00 0.0 0 9.7 21 180 M M 0 25 160
14 105 80 93 4 0 28 0.00 0.0 0 5.9 20 270 M M 0 24 270
15 108 80 94 5 0 29 0.00 0.0 0 7.8 15 240 M M 0 21 80
16 109 83 96 7 0 31 0.00 0.0 0 9.5 25 250 M M 0 30 260
17 105 80 93 4 0 28 0.00 0.0 0 14.1 30 240 M M 0 38 230
18 96 71 84 -4 0 19 0.00 0.0 0 20.0 33 270 M M 0 8 40 280
19 93 64 79 -9 0 14 0.00 0.0 0 9.3 20 280 M M 0 24 310
20 98 68 83 -5 0 18 0.00 0.0 0 9.8 20 90 M M 1 25 90
21 100 71 86 -2 0 21 0.00 0.0 0 9.3 22 260 M M 0 25 270
22 99 68 84 -4 0 19 0.00 0.0 0 9.5 23 100 M M 0 28 100
23 102 67 85 -3 0 20 0.00 0.0 0 10.4 24 250 M M 0 28 250
24 103 66 85 -3 0 20 0.00 0.0 0 10.2 20 270 M M 0 23 320
25 105 72 89 2 0 24 0.00 0.0 0 10.2 20 280 M M 0 24 240
26 106 74 90 3 0 25 0.00 0.0 0 14.1 23 260 M M 0 28 260
27 107 70 89 2 0 24 0.00 0.0 0 10.6 20 230 M M 0 23 260
28 110 73 92 5 0 27 0.00 0.0 0 10.4 20 240 M M 0 22 50
29 110 77 94 7 0 29 0.00 0.0 0 8.6 22 280 M M 0 28 290
30 109 80 95 9 0 30 0.00 0.0 0 9.7 31 170 M M 0 8 37 170
31 102 78 90 4 0 25 0.00 0.0 0 8.5 23 280 M M 1 8 27 270
================================================================================
SM 3274 2327 0 795 0.00 0.0 323.2 M 2
================================================================================
AV105.6 75.1 10.4 FASTST M M 0 MAX(MPH)
MISC ----> 33 270 41 260
================================================================================
NOTES:
# LAST OF SEVERAL OCCURRENCES
COLUMN 17 PEAK WIND IN M.P.H.
PRELIMINARY LOCAL CLIMATOLOGICAL DATA (WS FORM: F-6) , PAGE 2
STATION: BARSTOW-DAGGETT CA
MONTH: AUGUST
YEAR: 2021
LATITUDE: 34 51 N
LONGITUDE: 116 47 W
[TEMPERATURE DATA] [PRECIPITATION DATA] SYMBOLS USED IN COLUMN 16
AVERAGE MONTHLY: 90.3 TOTAL FOR MONTH: 0.00 1 = FOG OR MIST
DPTR FM NORMAL: 1.8 DPTR FM NORMAL: -0.20 2 = FOG REDUCING VISIBILITY
HIGHEST: 114 ON 4 GRTST 24HR 0.00 ON 1- 1 TO 1/4 MILE OR LESS
LOWEST: 64 ON 19 3 = THUNDER
SNOW, ICE PELLETS, HAIL 4 = ICE PELLETS
TOTAL MONTH: 0.0 INCH 5 = HAIL
GRTST 24HR 0.0 6 = FREEZING RAIN OR DRIZZLE
GRTST DEPTH: 0 7 = DUSTSTORM OR SANDSTORM:
VSBY 1/2 MILE OR LESS
8 = SMOKE OR HAZE
[NO. OF DAYS WITH] [WEATHER - DAYS WITH] 9 = BLOWING SNOW
X = TORNADO
MAX 32 OR BELOW: 0 0.01 INCH OR MORE: 0
MAX 90 OR ABOVE: 31 0.10 INCH OR MORE: 0
MIN 32 OR BELOW: 0 0.50 INCH OR MORE: 0
MIN 0 OR BELOW: 0 1.00 INCH OR MORE: 0
[HDD (BASE 65) ]
TOTAL THIS MO. 0 CLEAR (SCALE 0-3) 31
DPTR FM NORMAL 0 PTCLDY (SCALE 4-7) 0
TOTAL FM JUL 1 0 CLOUDY (SCALE 8-10) 0
DPTR FM NORMAL 0
[CDD (BASE 65) ]
TOTAL THIS MO. 795
DPTR FM NORMAL 67 [PRESSURE DATA]
TOTAL FM JAN 1 2900 HIGHEST SLP 30.01 ON 2
DPTR FM NORMAL 430 LOWEST SLP 29.53 ON 31
[REMARKS]
#FINAL-08-21#