000
CXUS54 KFWD 090014
CF6DAL
PRELIMINARY LOCAL CLIMATOLOGICAL DATA (WS FORM: F-6)
STATION: DALLAS LOVE FIELD
MONTH: MAY
YEAR: 2020
LATITUDE: 32 50 N
LONGITUDE: 96 51 W
TEMPERATURE IN F: :PCPN: SNOW: WIND :SUNSHINE: SKY :PK WND
================================================================================
1 2 3 4 5 6A 6B 7 8 9 10 11 12 13 14 15 16 17 18
12Z AVG MX 2MIN
DY MAX MIN AVG DEP HDD CDD WTR SNW DPTH SPD SPD DIR MIN PSBL S-S WX SPD DR
================================================================================
1 88 65 77 6 0 12 0.00 0.0 0 13.6 23 170 M M 5 35 170
2 88 67 78 7 0 13 T 0.0 0 13.9 23 160 M M 5 36 180
3 90 70 80 9 0 15 0.00 0.0 0 12.8 20 170 M M 3 31 170
4 92 71 82 11 0 17 0.14 0.0 0 12.6 26 180 M M 5 3 36 180
5 81 65 73 1 0 8 T 0.0 0 9.8 23 360 M M 4 3 32 360
6 84 55 70 -2 0 5 0.00 0.0 0 4.9 12 100 M M 2 18 80
7 85 61 73 1 0 8 0.10 0.0 0 12.9 33 160 M M 5 3 47 150
8 75 59 67 -6 0 2 0.12 0.0 0 14.0 29 360 M M 8 138 41 10
9 74 55 65 -8 0 0 0.00 0.0 0 6.8 14 150 M M 4 21 140
10 78 54 66 -7 0 1 0.00 0.0 0 5.8 14 80 M M 4 21 70
11 81 59 70 -3 0 5 0.00 0.0 0 10.1 18 140 M M 6 28 140
12 79 68 74 0 0 9 0.11 0.0 0 10.9 17 150 M M 8 1 25 150
13 84 67 76 2 0 11 0.00 0.0 0 11.6 18 160 M M 8 30 140
14 91 72 82 8 0 17 T 0.0 0 11.7 21 170 M M 7 31 170
15 87 68 78 3 0 13 T 0.0 0 11.2 28 60 M M 9 3 45 80
16 68 65 67 -8 0 2 3.01 0.0 0 11.1 25 340 M M 10 13 36 350
17 86 66 76 1 0 11 0.03 0.0 0 9.6 24 320 M M 5 1 30 320
18 91 64 78 3 0 13 0.00 0.0 0 4.3 13 120 M M 2 18 130
19 97 73 85 9 0 20 0.00 0.0 0 7.2 16 80 M M 2 25 70
20 79 72 76 0 0 11 0.00 0.0 0 9.7 17 100 M M 9 24 120
21 88 71 80 4 0 15 T 0.0 0 9.3 18 160 M M 7 18 27 160
22 92 76 84 8 0 19 T 0.0 0 11.5 24 150 M M 7 3 37 140
23 90 67 79 2 0 14 0.48 0.0 0 11.9 26 330 M M 7 13 39 320
24 87 69 78 1 0 13 0.01 0.0 0 11.8 26 160 M M 9 3 38 150
25 70 65 68 -9 0 3 1.23 0.0 0 8.1 17 340 M M 8 1 27 350
26 75 63 69 -9 0 4 T 0.0 0 5.8 16 320 M M 7 21 320
27 87 60 74 -4 0 9 0.00 0.0 0 3.7 14 140 M M 6 19 150
28 87 68 78 0 0 13 T 0.0 0 6.5 17 330 M M 6 24 320
29 89 66 78 0 0 13 0.00 0.0 0 7.3 16 50 M M 3 27 30
30 88 69 79 0 0 14 0.00 0.0 0 6.3 13 110 M M 2 19 100
31 88 70 79 0 0 14 0.00 0.0 0 6.5 13 130 M M 6 18 130
================================================================================
SM 2619 2040 0 324 5.23 0.0 293.2 M 179
================================================================================
AV 84.5 65.8 9.5 FASTST M M 6 MAX(MPH)
MISC ----> # 33 160 # 47 150
================================================================================
NOTES:
# LAST OF SEVERAL OCCURRENCES
COLUMN 17 PEAK WIND IN M.P.H.
PRELIMINARY LOCAL CLIMATOLOGICAL DATA (WS FORM: F-6) , PAGE 2
STATION: DALLAS LOVE FIELD
MONTH: MAY
YEAR: 2020
LATITUDE: 32 50 N
LONGITUDE: 96 51 W
[TEMPERATURE DATA] [PRECIPITATION DATA] SYMBOLS USED IN COLUMN 16
AVERAGE MONTHLY: 75.2 TOTAL FOR MONTH: 5.23 1 = FOG OR MIST
DPTR FM NORMAL: 0.3 DPTR FM NORMAL: 0.31 2 = FOG REDUCING VISIBILITY
HIGHEST: 97 ON 19 GRTST 24HR 3.01 ON 16-16 TO 1/4 MILE OR LESS
LOWEST: 54 ON 10 3 = THUNDER
SNOW, ICE PELLETS, HAIL 4 = ICE PELLETS
TOTAL MONTH: 0.0 INCH 5 = HAIL
GRTST 24HR 0.0 6 = FREEZING RAIN OR DRIZZLE
GRTST DEPTH: 0 7 = DUSTSTORM OR SANDSTORM:
VSBY 1/2 MILE OR LESS
8 = SMOKE OR HAZE
[NO. OF DAYS WITH] [WEATHER - DAYS WITH] 9 = BLOWING SNOW
X = TORNADO
MAX 32 OR BELOW: 0 0.01 INCH OR MORE: 9
MAX 90 OR ABOVE: 7 0.10 INCH OR MORE: 7
MIN 32 OR BELOW: 0 0.50 INCH OR MORE: 2
MIN 0 OR BELOW: 0 1.00 INCH OR MORE: 2
[HDD (BASE 65) ]
TOTAL THIS MO. 0 CLEAR (SCALE 0-3) 6
DPTR FM NORMAL -6 PTCLDY (SCALE 4-7) 19
TOTAL FM JUL 1 1828 CLOUDY (SCALE 8-10) 6
DPTR FM NORMAL -308
[CDD (BASE 65) ]
TOTAL THIS MO. 324
DPTR FM NORMAL 14 [PRESSURE DATA]
TOTAL FM JAN 1 558 HIGHEST SLP 30.27 ON 10
DPTR FM NORMAL 81 LOWEST SLP 29.65 ON 4
[REMARKS]
NO EDITS
#FINAL-05-20#