000
CXUS51 KRNK 010714
CF6DAN
PRELIMINARY LOCAL CLIMATOLOGICAL DATA (WS FORM: F-6)
STATION: DANVILLE VA
MONTH: MARCH
YEAR: 2024
LATITUDE: 36 34 N
LONGITUDE: 79 20 W
TEMPERATURE IN F: :PCPN: SNOW: WIND :SUNSHINE: SKY :PK WND
================================================================================
1 2 3 4 5 6A 6B 7 8 9 10 11 12 13 14 15 16 17 18
12Z AVG MX 2MIN
DY MAX MIN AVG DEP HDD CDD WTR SNW DPTH SPD SPD DIR MIN PSBL S-S WX SPD DR
================================================================================
1 49 27 38 -7 27 0 0.70 0.0 0 4.6 10 60 M M 7 1 16 80
2 64 44 54 9 11 0 0.31 0.0 0 3.1 10 360 M M 7 1 14 10
3 68 44 56 11 9 0 0.00 0.0 0 1.1 7 220 M M 8 12 11 200
4 70 46 58 13 7 0 0.00 0.0 0 5.4 15 50 M M 7 1 22 60
5 72 50 61 15 4 0 0.00 0.0 0 2.5 16 40 M M 6 1 22 30
6 58 53 56 10 9 0 0.40 0.0 0 5.0 13 50 M M 10 1 17 50
7 72 51 62 16 3 0 0.00 0.0 0 2.3 14 50 M M 7 1 20 10
8 62 52 57 11 8 0 T 0.0 0 4.0 8 80 M M 9 15 110
9 54 44 49 2 16 0 0.92 0.0 0 6.0 10 240 M M 10 1 14 100
10 55 40 48 1 17 0 0.00 0.0 0 12.7 25 260 M M 1 39 320
11 62 35 49 2 16 0 0.00 0.0 0 9.1 16 320 M M 0 25 290
12 73 27 50 2 15 0 0.00 0.0 0 5.0 14 230 M M 0 21 230
13 76 36 56 8 9 0 0.00 0.0 0 3.2 14 300 M M 0 19 320
14 80 38 59 11 6 0 0.00 0.0 0 3.5 16 230 M M 0 23 250
15 71 53 62 13 3 0 0.09 0.0 0 5.7 16 230 M M 5 1 24 210
16 71 47 59 10 6 0 0.00 0.0 0 4.3 12 220 M M 3 1 18 230
17 72 47 60 11 5 0 0.00 0.0 0 9.2 21 260 M M 5 31 240
18 61 37 49 -1 16 0 0.00 0.0 0 8.8 22 350 M M 4 34 10
19 56 27 42 -8 23 0 0.00 0.0 0 9.1 20 250 M M 1 28 300
20 72 33 53 3 12 0 0.00 0.0 0 12.0 26 250 M M 1 37 290
21 63 41 52 2 13 0 0.00 0.0 0 5.1 12 340 M M 0 18 340
22 64 37 51 0 14 0 0.59 0.0 0 5.2 12 10 M M 6 1 15 50
23 68 39 54 3 11 0 0.64 0.0 0 11.2 18 340 M M 7 1 33 300
24 55 32 44 -7 21 0 0.00 0.0 0 7.8 17 40 M M 0 25 50
25 60 29 45 -7 20 0 0.00 0.0 0 4.3 14 60 M M 0 19 50
26 57 35 46 -6 19 0 0.04 0.0 0 3.3 10 60 M M 6 13 18 60
27 52 48 50 -2 15 0 1.17 0.0 0 4.4 10 10 M M 10 13 15 70
28 64 41 53 0 12 0 0.05 0.0 0 7.8 20 320 M M 6 29 320
29 70 34 52 -1 13 0 0.00 0.0 0 8.5 23 270 M M 1 35 260
30 76 42 59 6 6 0 0.00 0.0 0 8.4 24 250 M M 1 36 240
31 82 48 65 11 0 0 0.00 0.0 0 6.5 20 250 M M 2 28 230
================================================================================
SM 2029 1257 366 0 4.91 0.0 189.1 M 130
================================================================================
AV 65.5 40.5 6.1 FASTST M M 4 MAX(MPH)
MISC ----> 26 250 39 320
================================================================================
NOTES:
# LAST OF SEVERAL OCCURRENCES
COLUMN 17 PEAK WIND IN M.P.H.
PRELIMINARY LOCAL CLIMATOLOGICAL DATA (WS FORM: F-6) , PAGE 2
STATION: DANVILLE VA
MONTH: MARCH
YEAR: 2024
LATITUDE: 36 34 N
LONGITUDE: 79 20 W
[TEMPERATURE DATA] [PRECIPITATION DATA] SYMBOLS USED IN COLUMN 16
AVERAGE MONTHLY: 53.0 TOTAL FOR MONTH: 4.91 1 = FOG OR MIST
DPTR FM NORMAL: 4.0 DPTR FM NORMAL: 1.38 2 = FOG REDUCING VISIBILITY
HIGHEST: 82 ON 31 GRTST 24HR 1.23 ON 22-23 TO 1/4 MILE OR LESS
LOWEST: 27 ON 19,12 3 = THUNDER
SNOW, ICE PELLETS, HAIL 4 = ICE PELLETS
TOTAL MONTH: 0.0 INCH 5 = HAIL
GRTST 24HR 0.0 6 = FREEZING RAIN OR DRIZZLE
GRTST DEPTH: 0 7 = DUSTSTORM OR SANDSTORM:
VSBY 1/2 MILE OR LESS
8 = SMOKE OR HAZE
[NO. OF DAYS WITH] [WEATHER - DAYS WITH] 9 = BLOWING SNOW
X = TORNADO
MAX 32 OR BELOW: 0 0.01 INCH OR MORE: 10
MAX 90 OR ABOVE: 0 0.10 INCH OR MORE: 7
MIN 32 OR BELOW: 5 0.50 INCH OR MORE: 5
MIN 0 OR BELOW: 0 1.00 INCH OR MORE: 1
[HDD (BASE 65) ]
TOTAL THIS MO. 366 CLEAR (SCALE 0-3) 14
DPTR FM NORMAL -136 PTCLDY (SCALE 4-7) 12
TOTAL FM JUL 1 3087 CLOUDY (SCALE 8-10) 5
DPTR FM NORMAL -399
[CDD (BASE 65) ]
TOTAL THIS MO. 0
DPTR FM NORMAL -5 [PRESSURE DATA]
TOTAL FM JAN 1 0 HIGHEST SLP M ON M
DPTR FM NORMAL -6 LOWEST SLP 29.59 ON 17
[REMARKS]
#FINAL-03-24#