000
CXUS55 KALY 010710
CF6DDH
PRELIMINARY LOCAL CLIMATOLOGICAL DATA (WS FORM: F-6)
STATION: BENNINGTON VT
MONTH: JULY
YEAR: 2021
LATITUDE: 42 53 N
LONGITUDE: 73 15 W
TEMPERATURE IN F: :PCPN: SNOW: WIND :SUNSHINE: SKY :PK WND
================================================================================
1 2 3 4 5 6A 6B 7 8 9 10 11 12 13 14 15 16 17 18
12Z AVG MX 2MIN
DY MAX MIN AVG DEP HDD CDD WTR SNW DPTH SPD SPD DIR MIN PSBL S-S WX SPD DR
================================================================================
1 75 65 70 2 0 5 0.18 M M 2.7 8 220 M M 8 1 11 250
2 68 59 64 -4 1 0 0.38 M M 5.6 20 110 M M 10 1 27 90
3 67 57 62 -6 3 0 0.29 M M 2.3 12 120 M M 10 1 17 130
4 71 54 63 -5 2 0 0.18 M M 2.4 10 340 M M 8 1 14 350
5 79 53 66 -2 0 1 0.00 M M 2.9 12 190 M M 4 13 17 180
6 83 65 74 6 0 9 0.47 M M 3.0 17 330 M M 6 138 26 330
7 84 63 74 5 0 9 0.00 M M 2.7 10 250 M M 4 12 13 260
8 71 62 67 -2 0 2 1.34 M M 4.7 22 260 M M 8 123 34 250
9 81 65 73 4 0 8 0.07 M M 3.1 10 260 M M 7 1 15 270
10 78 56 67 -2 0 2 0.00 M M 2.9 12 260 M M 4 18 17 250
11 77 53 65 -4 0 0 1.29 M M 1.5 10 250 M M 4 1 18 240
12 72 62 67 -2 0 2 1.04 M M 4.7 10 100 M M 10 18 17 110
13 75 65 70 1 0 5 0.24 M M 8.1 15 140 M M 10 1 20 150
14 85 64 75 6 0 10 0.89 M M 4.2 24 240 M M 5 123 36 240
15 85 63 74 5 0 9 0.00 M M 3.2 12 200 M M 4 128 17 200
16 83 67 75 6 0 10 T M M 5.0 14 280 M M 2 8 19 260
17 81 67 74 5 0 9 0.46 M M 2.3 10 20 M M 7 13 14 120
18 76 65 71 2 0 6 0.59 M M 3.4 8 10 M M 10 1 11 100
19 79 63 71 2 0 6 0.20 M M 2.4 10 340 M M 7 1 16 330
20 82 61 72 3 0 7 0.82 M M 2.6 20 310 M M 6 138 37 320
21 75 55 65 -4 0 0 0.17 M M 3.8 12 320 M M 7 1 16 340
22 77 50 64 -5 1 0 0.02 M M 2.3 10 240 M M 5 128 14 250
23 77 55 66 -3 0 1 T M M 2.5 10 310 M M 2 1 16 300
24 81 51 66 -3 0 1 T M M 2.3 14 180 M M 1 1 20 200
25 81 62 72 3 0 7 0.62 M M 4.6 14 180 M M 6 1 20 180
26 82 60 71 2 0 6 T M M 3.9 9 240 M M 4 128 13 250
27 84 56 70 1 0 5 0.05 M M 2.7 12 250 M M 4 138 18 240
28 78 59 69 0 0 4 0.01 M M 2.4 9 360 M M 8 18 13 350
29 75 53 64 -5 1 0 0.16 M M 4.0 23 170 M M 6 1 34 170
30 74 49 62 -7 3 0 0.01 M M 5.6 16 340 M M 6 1 25 330
31 71 43 57 -12 8 0 0.00 M M 3.5 13 270 M M 1 17 230
================================================================================
SM 2407 1822 19 124 9.48 M 107.3 M 184
================================================================================
AV 77.6 58.8 3.5 FASTST M M 6 MAX(MPH)
MISC ----> 24 240 37 320
================================================================================
NOTES:
# LAST OF SEVERAL OCCURRENCES
COLUMN 17 PEAK WIND IN M.P.H.
PRELIMINARY LOCAL CLIMATOLOGICAL DATA (WS FORM: F-6) , PAGE 2
STATION: BENNINGTON VT
MONTH: JULY
YEAR: 2021
LATITUDE: 42 53 N
LONGITUDE: 73 15 W
[TEMPERATURE DATA] [PRECIPITATION DATA] SYMBOLS USED IN COLUMN 16
AVERAGE MONTHLY: 68.2 TOTAL FOR MONTH: 9.48 1 = FOG OR MIST
DPTR FM NORMAL: -0.7 DPTR FM NORMAL: 4.83 2 = FOG REDUCING VISIBILITY
HIGHEST: 85 ON 15,14 GRTST 24HR 2.32 ON 11-12 TO 1/4 MILE OR LESS
LOWEST: 43 ON 31 3 = THUNDER
SNOW, ICE PELLETS, HAIL 4 = ICE PELLETS
TOTAL MONTH: M 5 = HAIL
GRTST 24HR M ON M 6 = FREEZING RAIN OR DRIZZLE
GRTST DEPTH: M ON M 7 = DUSTSTORM OR SANDSTORM:
VSBY 1/2 MILE OR LESS
8 = SMOKE OR HAZE
[NO. OF DAYS WITH] [WEATHER - DAYS WITH] 9 = BLOWING SNOW
X = TORNADO
MAX 32 OR BELOW: 0 0.01 INCH OR MORE: 22
MAX 90 OR ABOVE: 0 0.10 INCH OR MORE: 17
MIN 32 OR BELOW: 0 0.50 INCH OR MORE: 7
MIN 0 OR BELOW: 0 1.00 INCH OR MORE: 3
[HDD (BASE 65) ]
TOTAL THIS MO. 19 CLEAR (SCALE 0-3) 4
DPTR FM NORMAL -1 PTCLDY (SCALE 4-7) 20
TOTAL FM JUL 1 19 CLOUDY (SCALE 8-10) 7
DPTR FM NORMAL 0
[CDD (BASE 65) ]
TOTAL THIS MO. 124
DPTR FM NORMAL -17 [PRESSURE DATA]
TOTAL FM JAN 1 285 HIGHEST SLP M ON M
DPTR FM NORMAL 60 LOWEST SLP 29.61 ON 29
[REMARKS]
#FINAL-07-21#