000
CXUS51 KALY 010856
CLMDDH
CLIMATE REPORT
NATIONAL WEATHER SERVICE ALBANY NY
356 AM EST MON JAN 01 2024
...................................
...THE BENNINGTON VT CLIMATE SUMMARY FOR THE MONTH OF DECEMBER 2023...
CLIMATE NORMAL PERIOD: 1991 TO 2020
CLIMATE RECORD PERIOD: 9999 TO 9999
WEATHER OBSERVED NORMAL DEPART LAST YEAR`S
VALUE DATE(S) VALUE FROM VALUE DATE(S)
NORMAL
................................................................
TEMPERATURE (F)
HIGHEST 63 12/18 60 12/07
LOWEST 11 12/22 2 12/13
AVG. MAXIMUM 43.5 37.5 6.0 38.6
AVG. MINIMUM 29.6 20.6 9.0 20.4
MEAN 36.5 29.1 7.4 29.5
DAYS MAX >= 90 0 0.0 0.0 0
DAYS MAX <= 32 5 10.7 -5.7 9
DAYS MIN <= 32 20 26.6 -6.6 25
DAYS MIN <= 0 0 1.3 -1.3 0
PRECIPITATION (INCHES)
TOTALS 5.64 2.90 2.74 2.52
DAILY AVG. 0.18 0.08
DAYS >= .01 13 10
DAYS >= .10 9 8
DAYS >= .50 4 2
DAYS >= 1.00 1 0
GREATEST
24 HR. TOTAL 2.31 12/17 TO 12/18
DEGREE DAYS
HEATING TOTAL 874 1114 -240 1093
SINCE 7/1 2242 2640 -398 MM
COOLING TOTAL 0 0 0 0
SINCE 1/1 480 371 109 MM
................................................................
WIND (MPH)
AVERAGE WIND SPEED 4.3
HIGHEST WIND SPEED/DIRECTION 28/140 DATE 12/17
28/140 12/18
HIGHEST GUST SPEED/DIRECTION 48/140 DATE 12/18
SKY COVER
AVERAGE SKY COVER 0.70
AVERAGE RH (PERCENT) 76
WEATHER CONDITIONS. NUMBER OF DAYS WITH
THUNDERSTORM 0 MIXED PRECIP 0
HEAVY RAIN 2 RAIN 4
LIGHT RAIN 11 FREEZING RAIN 0
LT FREEZING RAIN 0 HAIL 0
HEAVY SNOW 0 SNOW 0
LIGHT SNOW 7 SLEET 0
FOG 19 FOG W/VIS <= 1/4 MILE 1
HAZE 7
- INDICATES NEGATIVE NUMBERS.
R INDICATES RECORD WAS SET OR TIED.
MM INDICATES DATA IS MISSING.
T INDICATES TRACE AMOUNT.
$$