000
CXUS51 KALY 011517
CLSDDH
CLIMATE REPORT
NATIONAL WEATHER SERVICE ALBANY NY
1017 AM EST WED DEC 01 2021
...................................
...THE BENNINGTON VT CLIMATE SUMMARY FOR THE SEASON, FROM
9/1/2021 TO 11/30/2021...
CLIMATE NORMAL PERIOD: 1991 TO 2020
CLIMATE RECORD PERIOD: 9999 TO 9999
WEATHER OBSERVED NORMAL DEPART LAST YEAR`S
VALUE DATE(S) VALUE FROM VALUE DATE(S)
NORMAL
................................................................
TEMPERATURE (F)
HIGHEST 83 09/15 84 09/08
LOWEST 11 11/28 14 11/18
11/30
11/19
AVG. MAXIMUM 61.1 60.2 0.9 62.4
AVG. MINIMUM 40.6 38.4 2.2 39.8
MEAN 50.8 49.3 1.5 51.1
DAYS MAX >= 90 0 0.4 -0.4 0
DAYS MAX <= 32 3 1.8 1.2 1
DAYS MIN <= 32 26 28.3 -2.3 27
DAYS MIN <= 0 0 0.0 0.0 0
PRECIPITATION (INCHES)
TOTALS 15.65 10.20 5.45 10.51
DAILY AVG. 0.17 0.12
DAYS >= .01 37 30
DAYS >= .10 26 19
DAYS >= .50 10 8
DAYS >= 1.00 4 2
GREATEST
24 HR. TOTAL 2.07 09/23 TO 09/24
DEGREE DAYS
HEATING TOTAL 1295 1468 -173 1286
SINCE 7/1 1324 1525 -201 1316
COOLING TOTAL 32 39 -7 41
SINCE 1/1 514 371 143 575
................................................................
WIND (MPH)
AVERAGE WIND SPEED 4.2
HIGHEST WIND SPEED/DIRECTION 31/150 DATE 11/12
HIGHEST GUST SPEED/DIRECTION 40/080 DATE 10/30
40/130 11/12
WEATHER CONDITIONS. NUMBER OF DAYS WITH
THUNDERSTORM 6 MIXED PRECIP 0
HEAVY RAIN 14 RAIN 23
LIGHT RAIN 46 FREEZING RAIN 0
LT FREEZING RAIN 0 HAIL 0
HEAVY SNOW 0 SNOW 1
LIGHT SNOW 7 SLEET 0
FOG 66 FOG W/VIS <= 1/4 MILE 14
HAZE 8
- INDICATES NEGATIVE NUMBERS.
R INDICATES RECORD WAS SET OR TIED.
MM INDICATES DATA IS MISSING.
T INDICATES TRACE AMOUNT.
$$