000
CXUS53 KILX 010900
CF6DEC
PRELIMINARY LOCAL CLIMATOLOGICAL DATA (WS FORM: F-6)
STATION: DECATUR IL AIRPORT
MONTH: SEPTEMBER
YEAR: 2022
LATITUDE: 39 49 N
LONGITUDE: 88 51 W
TEMPERATURE IN F: :PCPN: SNOW: WIND :SUNSHINE: SKY :PK WND
================================================================================
1 2 3 4 5 6A 6B 7 8 9 10 11 12 13 14 15 16 17 18
12Z AVG MX 2MIN
DY MAX MIN AVG DEP HDD CDD WTR SNW DPTH SPD SPD DIR MIN PSBL S-S WX SPD DR
================================================================================
1 82 60 71 0 0 6 0.00 M M 5.2 13 180 M M 0 17 170
2 80 62 71 0 0 6 T M M 3.8 12 160 M M 2 15 150
3 81 67 74 3 0 9 2.42 M M 3.7 10 170 M M 7 13 15 160
4 80 69 75 4 0 10 0.06 M M 7.6 14 40 M M 8 13 21 20
5 74 67 71 1 0 6 0.00 M M 8.5 15 40 M M 10 1 19 30
6 82 66 74 4 0 9 0.00 M M 6.2 14 60 M M 6 1 17 20
7 80 61 71 1 0 6 0.00 M M 6.4 15 330 M M 1 1 19 360
8 81 55 68 -2 0 3 0.00 M M 2.8 10 100 M M 0 1 16 130
9 81 53 67 -2 0 2 0.00 M M 2.5 10 130 M M 1 1 15 180
10 85 57 71 2 0 6 0.00 M M 3.1 9 170 M M 3 1 12 170
11 71 55 63 -6 2 0 1.50 M M 9.7 21 310 M M 8 13 29 320
12 70 51 61 -7 4 0 T M M 9.2 21 270 M M 7 32 220
13 78 56 67 -1 0 2 0.00 M M 6.2 15 300 M M 1 21 300
14 81 51 66 -2 0 1 0.00 M M 1.3 8 140 M M 0 11 180
15 82 54 68 1 0 3 0.00 M M 4.5 12 160 M M 0 16 160
16 82 56 69 2 0 4 0.00 M M 5.8 15 170 M M 1 20 220
17 85 65 75 8 0 10 0.00 M M 9.5 22 210 M M 2 30 190
18 86 66 76 10 0 11 T M M 11.0 21 230 M M 1 3 29 210
19 81 67 74 8 0 9 0.42 M M 5.4 21 210 M M 5 13 26 250
20 93 67 80 14 0 15 0.00 M M 6.8 17 210 M M 0 1 23 210
21 86 64 75 10 0 10 0.26 M M 9.4 20 330 M M 3 1 29 260
22 69 46 58 -7 7 0 0.00 M M 10.8 21 350 M M 1 29 340
23 60 44 52 -12 13 0 0.53 M M 6.6 15 140 M M 5 1 21 130
24 80 53 67 3 0 2 T M M 7.8 16 280 M M 2 23 260
25 75 58 67 3 0 2 0.01 M M 11.8 24 300 M M 2 37 300
26 67 46 57 -6 8 0 0.00 M M 11.2 23 310 M M 0 32 300
27 68 41 55 -8 10 0 0.00 M M 9.7 24 310 M M 1 31 300
28 65 41 53 -10 12 0 0.00 M M 6.4 13 340 M M 2 19 70
29 68 38 53 -9 12 0 0.00 M M 3.9 12 70 M M 0 16 60
30 70 39 55 -7 10 0 0.00 M M 6.6 15 50 M M 0 23 30
================================================================================
SM 2323 1675 78 132 5.20 M 203.4 M 79
================================================================================
AV 77.4 55.8 6.8 FASTST M M 3 MAX(MPH)
MISC ----> # 24 300 37 300
================================================================================
NOTES:
# LAST OF SEVERAL OCCURRENCES
COLUMN 17 PEAK WIND IN M.P.H.
PRELIMINARY LOCAL CLIMATOLOGICAL DATA (WS FORM: F-6) , PAGE 2
STATION: DECATUR IL AIRPORT
MONTH: SEPTEMBER
YEAR: 2022
LATITUDE: 39 49 N
LONGITUDE: 88 51 W
[TEMPERATURE DATA] [PRECIPITATION DATA] SYMBOLS USED IN COLUMN 16
AVERAGE MONTHLY: 66.6 TOTAL FOR MONTH: 5.20 1 = FOG OR MIST
DPTR FM NORMAL: -0.4 DPTR FM NORMAL: 2.22 2 = FOG REDUCING VISIBILITY
HIGHEST: 93 ON 20 GRTST 24HR 2.48 ON 3- 4 TO 1/4 MILE OR LESS
LOWEST: 38 ON 29 3 = THUNDER
SNOW, ICE PELLETS, HAIL 4 = ICE PELLETS
TOTAL MONTH: M 5 = HAIL
GRTST 24HR M ON M 6 = FREEZING RAIN OR DRIZZLE
GRTST DEPTH: M ON M 7 = DUSTSTORM OR SANDSTORM:
VSBY 1/2 MILE OR LESS
8 = SMOKE OR HAZE
[NO. OF DAYS WITH] [WEATHER - DAYS WITH] 9 = BLOWING SNOW
X = TORNADO
MAX 32 OR BELOW: 0 0.01 INCH OR MORE: 7
MAX 90 OR ABOVE: 1 0.10 INCH OR MORE: 5
MIN 32 OR BELOW: 0 0.50 INCH OR MORE: 3
MIN 0 OR BELOW: 0 1.00 INCH OR MORE: 2
[HDD (BASE 65) ]
TOTAL THIS MO. 78 CLEAR (SCALE 0-3) 22
DPTR FM NORMAL 12 PTCLDY (SCALE 4-7) 7
TOTAL FM JUL 1 78 CLOUDY (SCALE 8-10) 1
DPTR FM NORMAL 7
[CDD (BASE 65) ]
TOTAL THIS MO. 132
DPTR FM NORMAL 8 [PRESSURE DATA]
TOTAL FM JAN 1 1214 HIGHEST SLP 30.51 ON 29
DPTR FM NORMAL 132 LOWEST SLP 29.80 ON 25
[REMARKS]
#FINAL-09-22#