000
CXUS55 KBOU 011610
CF6DEN
PRELIMINARY LOCAL CLIMATOLOGICAL DATA (WS FORM: F-6)
STATION: DENVER CO
MONTH: AUGUST
YEAR: 2022
LATITUDE: 39 52 N
LONGITUDE: 104 40 W
TEMPERATURE IN F: :PCPN: SNOW: WIND :SUNSHINE: SKY :PK WND
================================================================================
1 2 3 4 5 6A 6B 7 8 9 10 11 12 13 14 15 16 17 18
12Z AVG MX 2MIN
DY MAX MIN AVG DEP HDD CDD WTR SNW DPTH SPD SPD DIR MIN PSBL S-S WX SPD DR
================================================================================
1 98 64 81 6 0 16 0.00 0.0 0 11.1 26 210 M M 5 35 210
2 97 70 84 9 0 19 T 0.0 0 10.0 24 10 M M 6 32 300
3 92 63 78 3 0 13 T 0.0 0 10.6 24 210 M M 5 31 200
4 98 63 81 6 0 16 0.00 0.0 0 10.4 37 180 M M 4 50 160
5 101 65 83 8 0 18 0.01 0.0 0 9.0 25 310 M M 5 X 31 330
6 93 68 81 6 0 16 0.07 0.0 0 10.3 36 160 M M 6 3 42 150
7 84 64 74 0 0 9 T 0.0 0 10.6 22 350 M M 7 13 27 350
8 92 59 76 2 0 11 0.00 0.0 0 10.2 25 190 M M 4 34 190
9 95 64 80 6 0 15 0.00 0.0 0 10.0 17 120 M M 4 24 90
10 95 66 81 7 0 16 0.00 0.0 0 12.4 23 150 M M 1 29 150
11 98 63 81 7 0 16 0.00 0.0 0 12.0 24 150 M M 4 31 150
12 95 69 82 8 0 17 0.00 0.0 0 10.4 18 180 M M 4 25 340
13 94 64 79 5 0 14 0.00 0.0 0 10.0 28 330 M M 4 35 340
14 95 63 79 6 0 14 0.01 0.0 0 9.8 28 310 M M 5 3 33 320
15 86 59 73 0 0 8 0.11 0.0 0 7.2 29 320 M M 7 13 36 330
16 71 62 67 -6 0 2 0.11 0.0 0 8.2 14 20 M M 9 1 17 270
17 84 58 71 -2 0 6 0.00 0.0 0 8.1 14 200 M M 4 128 18 70
18 90 61 76 3 0 11 0.00 0.0 0 10.5 21 60 M M 2 26 360
19 85 61 73 1 0 8 T 0.0 0 8.6 16 40 M M 7 23 50
20 81 55 68 -4 0 3 T 0.0 0 12.1 25 160 M M 7 33 140
21 84 60 72 0 0 7 1.14 0.0 0 10.3 26 150 M M 7 38 33 180
22 85 60 73 1 0 8 0.00 0.0 0 9.6 20 90 M M 5 25 110
23 87 58 73 1 0 8 0.00 0.0 0 7.4 16 170 M M 3 23 180
24 88 59 74 2 0 9 0.00 0.0 0 8.8 18 180 M M 2 25 190
25 90 57 74 3 0 9 T 0.0 0 8.4 29 310 M M 5 37 290
26 84 61 73 2 0 8 0.00 0.0 0 8.2 30 170 M M 8 3 36 170
27 90 60 75 4 0 10 0.00 0.0 0 10.6 35 250 M M 4 3 47 250
28 92 65 79 8 0 14 T 0.0 0 12.4 35 190 M M 5 3 53 200
29 88 56 72 2 0 7 0.00 0.0 0 7.8 14 160 M M 3 18 60
30 93 57 75 5 0 10 0.00 0.0 0 9.9 23 170 M M 2 31 170
31 94 64 79 9 0 14 0.00 0.0 0 11.4 36 30 M M 5 378 47 20
================================================================================
SM 2799 1918 0 352 1.45 0.0 306.3 M 149
================================================================================
AV 90.3 61.9 9.9 FASTST M M 5 MAX(MPH)
MISC ----> 37 180 53 200
================================================================================
NOTES:
# LAST OF SEVERAL OCCURRENCES
COLUMN 17 PEAK WIND IN M.P.H.
PRELIMINARY LOCAL CLIMATOLOGICAL DATA (WS FORM: F-6) , PAGE 2
STATION: DENVER CO
MONTH: AUGUST
YEAR: 2022
LATITUDE: 39 52 N
LONGITUDE: 104 40 W
[TEMPERATURE DATA] [PRECIPITATION DATA] SYMBOLS USED IN COLUMN 16
AVERAGE MONTHLY: 76.1 TOTAL FOR MONTH: 1.45 1 = FOG OR MIST
DPTR FM NORMAL: 3.2 DPTR FM NORMAL: -0.13 2 = FOG REDUCING VISIBILITY
HIGHEST: 101 ON 5 GRTST 24HR 1.14 ON 20-21 TO 1/4 MILE OR LESS
LOWEST: 55 ON 20 3 = THUNDER
SNOW, ICE PELLETS, HAIL 4 = ICE PELLETS
TOTAL MONTH: 0.0 INCH 5 = HAIL
GRTST 24HR 0.0 6 = FREEZING RAIN OR DRIZZLE
GRTST DEPTH: 0 7 = DUSTSTORM OR SANDSTORM:
VSBY 1/2 MILE OR LESS
8 = SMOKE OR HAZE
[NO. OF DAYS WITH] [WEATHER - DAYS WITH] 9 = BLOWING SNOW
X = TORNADO
MAX 32 OR BELOW: 0 0.01 INCH OR MORE: 6
MAX 90 OR ABOVE: 19 0.10 INCH OR MORE: 3
MIN 32 OR BELOW: 0 0.50 INCH OR MORE: 1
MIN 0 OR BELOW: 0 1.00 INCH OR MORE: 1
[HDD (BASE 65) ]
TOTAL THIS MO. 0 CLEAR (SCALE 0-3) 7
DPTR FM NORMAL -9 PTCLDY (SCALE 4-7) 22
TOTAL FM JUL 1 0 CLOUDY (SCALE 8-10) 2
DPTR FM NORMAL -8
[CDD (BASE 65) ]
TOTAL THIS MO. 352
DPTR FM NORMAL 98 [PRESSURE DATA]
TOTAL FM JAN 1 990 HIGHEST SLP M ON M
DPTR FM NORMAL 247 LOWEST SLP 29.62 ON 27
[REMARKS]
#FINAL-08-22#