000
CXUS55 KBOU 011226
CLMDEN
CLIMATE REPORT
NATIONAL WEATHER SERVICE
526 AM MST THU FEB 01 2024
...................................
...THE DENVER CO CLIMATE SUMMARY FOR THE MONTH OF JANUARY 2024...
CLIMATE NORMAL PERIOD 1991 TO 2020
CLIMATE RECORD PERIOD 1872 TO 2024
WEATHER OBSERVED NORMAL DEPART LAST YEAR`S
VALUE DATE(S) VALUE FROM VALUE DATE(S)
NORMAL
................................................................
TEMPERATURE (F)
RECORD
HIGH 76 01/27/1888
LOW -29 01/09/1875
HIGHEST 61 01/31 76 -15 59 01/14
01/30
LOWEST -19 01/16 -29 10 -10 01/30
01/15
AVG. MAXIMUM 41.8 44.6 -2.8 34.3
AVG. MINIMUM 14.5 18.7 -4.2 15.7
MEAN 28.2 31.7 -3.5 25.0
DAYS MAX >= 90 0 0.0 0.0 0
DAYS MAX <= 32 5 5.0 0.0 14
DAYS MIN <= 32 31 29.0 2.0 30
DAYS MIN <= 0 7 2.0 5.0 3
PRECIPITATION (INCHES)
RECORD
MAXIMUM 2.35 1883
MINIMUM 0.01 1933
TOTALS 0.28 0.38 -0.10 1.25
DAILY AVG. 0.01 0.01 -0.00 0.04
DAYS >= .01 5 4.4 0.6 12
DAYS >= .10 0 1.3 -1.3 3
DAYS >= .50 0 0.0 0.0 0
DAYS >= 1.00 0 0.0 0.0 0
GREATEST
24 HR. TOTAL 0.09 01/15 TO 01/15 0.87 01/17 TO 01/18
01/13 TO 01/13
01/15 TO 01/15
STORM TOTAL 0.09 0.44
(MM/DD(HH)) MM
SNOWFALL (INCHES)
RECORDS
TOTAL MM MM
TOTALS 3.6 MM
DEGREE DAYS
HEATING TOTAL 1132 1034 98 1233
SINCE 7/1 3056 3402 -346 MM
COOLING TOTAL 0 0 0 0
SINCE 1/1 0 0 0 MM
FREEZE DATES
RECORD
EARLIEST 09/08/1962
LATEST 06/08/2007
EARLIEST 10/13
LATEST 04/23
................................................................
WIND (MPH)
AVERAGE WIND SPEED 8.9
RESULTANT WIND SPEED/DIRECTION 2/240
HIGHEST WIND SPEED/DIRECTION 37/270 DATE 01/10
HIGHEST GUST SPEED/DIRECTION 49/270 DATE 01/10
49/280 01/12
SKY COVER
POSSIBLE SUNSHINE (PERCENT) MM
AVERAGE SKY COVER 0.51
NUMBER OF DAYS FAIR 6
NUMBER OF DAYS PC 22
NUMBER OF DAYS CLOUDY 3
WEATHER CONDITIONS. NUMBER OF DAYS WITH
THUNDERSTORM 1 MIXED PRECIP 0
HEAVY RAIN 0 RAIN 0
LIGHT RAIN 1 FREEZING RAIN 0
LT FREEZING RAIN 0 HAIL 0
HEAVY SNOW 0 SNOW 2
LIGHT SNOW 10 SLEET 0
FOG 6 FOG W/VIS <= 1/4 MILE 1
HAZE 2
- INDICATES NEGATIVE NUMBERS.
R INDICATES RECORD WAS SET OR TIED.
MM INDICATES DATA IS MISSING.
T INDICATES TRACE AMOUNT.
$$