000
CXUS54 KSHV 011300
CF6DEQ
PRELIMINARY LOCAL CLIMATOLOGICAL DATA (WS FORM: F-6)
STATION: DE QUEEN
MONTH: MAY
YEAR: 2022
LATITUDE: 34 2 N
LONGITUDE: 94 24 W
TEMPERATURE IN F: :PCPN: SNOW: WIND :SUNSHINE: SKY :PK WND
================================================================================
1 2 3 4 5 6A 6B 7 8 9 10 11 12 13 14 15 16 17 18
12Z AVG MX 2MIN
DY MAX MIN AVG DEP HDD CDD WTR SNW DPTH SPD SPD DIR MIN PSBL S-S WX SPD DR
================================================================================
1 84 50 67 1 0 2 0.00 0.0 0 2.3 9 120 M M 0 1 14 130
2 84 63 74 8 0 9 0.77 0.0 0 6.7 25 320 M M 7 13 39 330
3 69 63 66 -1 0 1 0.43 0.0 0 4.1 23 170 M M 9 13 32 310
4 81 62 72 5 0 7 0.04 0.0 0 7.5 14 100 M M 5 3 19 110
5 72 62 67 0 0 2 2.02 0.0 0 6.7 21 260 M M 6 123 26 270
6 79 55 67 -1 0 2 0.00 0.0 0 6.0 15 270 M M 1 20 270
7 85 53 69 1 0 4 0.00 0.0 0 5.0 13 110 M M 0 1 19 100
8 90 65 78 10 0 13 0.00 0.0 0 7.1 15 110 M M 5 18 21 130
9 90 70 80 11 0 15 0.00 0.0 0 6.0 15 170 M M 7 1 20 160
10 91 72 82 13 0 17 0.00 0.0 0 6.1 14 180 M M 1 1 19 160
11 90 67 79 10 0 14 0.00 0.0 0 2.5 12 170 M M 1 1 16 180
12 92 65 79 9 0 14 0.00 0.0 0 2.5 12 230 M M 1 12 16 240
13 91 64 78 8 0 13 0.00 0.0 0 1.9 10 200 M M 1 12 13 190
14 90 69 80 10 0 15 0.00 0.0 0 3.3 14 110 M M 2 18 17 110
15 91 69 80 9 0 15 T 0.0 0 4.9 25 200 M M 1 18 33 200
16 88 68 78 7 0 13 0.00 0.0 0 4.3 10 160 M M 2 16 170
17 86 65 76 5 0 11 0.00 0.0 0 4.1 13 110 M M 1 19 180
18 89 66 78 6 0 13 0.00 0.0 0 4.4 15 220 M M 2 12 20 240
19 91 67 79 7 0 14 0.00 0.0 0 6.9 20 210 M M 2 1 28 220
20 89 71 80 8 0 15 0.00 0.0 0 7.5 17 180 M M 5 27 200
21 91 61 76 4 0 11 0.40 0.0 0 6.9 16 200 M M 6 13 23 190
22 66 61 64 -9 1 0 0.22 0.0 0 6.1 13 50 M M 10 138 17 40
23 78 55 67 -6 0 2 0.00 0.0 0 5.2 16 100 M M 7 20 110
24 77 65 71 -2 0 6 0.62 0.0 0 6.1 14 320 M M 9 138 19 90
25 77 60 69 -5 0 4 0.30 0.0 0 7.8 23 250 M M 9 1 27 290
26 77 54 66 -8 0 1 0.00 0.0 0 7.9 25 280 M M 3 33 280
27 87 50 69 -5 0 4 0.00 0.0 0 2.6 13 320 M M 0 1 20 340
28 88 56 72 -3 0 7 0.00 0.0 0 3.8 13 180 M M 1 1 18 170
29 90 63 77 2 0 12 0.00 0.0 0 6.5 15 160 M M 0 25 140
30 90 69 80 5 0 15 0.00 0.0 0 7.9 18 180 M M 2 25 190
31 92 73 83 7 0 18 0.00 0.0 0 6.3 15 190 M M 2 20 180
================================================================================
SM 2635 1953 1 289 4.80 0.0 166.9 M 108
================================================================================
AV 85.0 63.0 5.4 FASTST M M 3 MAX(MPH)
MISC ----> # 25 320 39 330
================================================================================
NOTES:
# LAST OF SEVERAL OCCURRENCES
COLUMN 17 PEAK WIND IN M.P.H.
PRELIMINARY LOCAL CLIMATOLOGICAL DATA (WS FORM: F-6) , PAGE 2
STATION: DE QUEEN
MONTH: MAY
YEAR: 2022
LATITUDE: 34 2 N
LONGITUDE: 94 24 W
[TEMPERATURE DATA] [PRECIPITATION DATA] SYMBOLS USED IN COLUMN 16
AVERAGE MONTHLY: 74.0 TOTAL FOR MONTH: 4.80 1 = FOG OR MIST
DPTR FM NORMAL: 3.2 DPTR FM NORMAL: -0.27 2 = FOG REDUCING VISIBILITY
HIGHEST: 92 ON 31,12 GRTST 24HR 2.06 ON 4- 5 TO 1/4 MILE OR LESS
LOWEST: 50 ON 27, 1 3 = THUNDER
SNOW, ICE PELLETS, HAIL 4 = ICE PELLETS
TOTAL MONTH: 0.0 INCH 5 = HAIL
GRTST 24HR 0.0 6 = FREEZING RAIN OR DRIZZLE
GRTST DEPTH: 0 7 = DUSTSTORM OR SANDSTORM:
VSBY 1/2 MILE OR LESS
8 = SMOKE OR HAZE
[NO. OF DAYS WITH] [WEATHER - DAYS WITH] 9 = BLOWING SNOW
X = TORNADO
MAX 32 OR BELOW: 0 0.01 INCH OR MORE: 8
MAX 90 OR ABOVE: 13 0.10 INCH OR MORE: 7
MIN 32 OR BELOW: 0 0.50 INCH OR MORE: 3
MIN 0 OR BELOW: 0 1.00 INCH OR MORE: 1
[HDD (BASE 65) ]
TOTAL THIS MO. 1 CLEAR (SCALE 0-3) 19
DPTR FM NORMAL -21 PTCLDY (SCALE 4-7) 8
TOTAL FM JUL 1 2501 CLOUDY (SCALE 8-10) 4
DPTR FM NORMAL -303
[CDD (BASE 65) ]
TOTAL THIS MO. 289
DPTR FM NORMAL 86 [PRESSURE DATA]
TOTAL FM JAN 1 372 HIGHEST SLP 30.20 ON 22
DPTR FM NORMAL 102 LOWEST SLP 29.57 ON 19
[REMARKS]
#FINAL-05-22#