000
CXUS56 KOTX 011010
CF6DEW
PRELIMINARY LOCAL CLIMATOLOGICAL DATA (WS FORM: F-6)
STATION: DEER_PARK WA AIRPORT
MONTH: FEBRUARY
YEAR: 2024
LATITUDE: 47 58 N
LONGITUDE: 117 25 W
TEMPERATURE IN F: :PCPN: SNOW: WIND :SUNSHINE: SKY :PK WND
================================================================================
1 2 3 4 5 6A 6B 7 8 9 10 11 12 13 14 15 16 17 18
12Z AVG MX 2MIN
DY MAX MIN AVG DEP HDD CDD WTR SNW DPTH SPD SPD DIR MIN PSBL S-S WX SPD DR
================================================================================
1 45 39 42 13 23 0 0.07 M M 2.7 14 30 M M 10 1 19 30
2 44 38 41 12 24 0 0.05 M M 2.5 8 220 M M 10 12 10 200
3 42 37 40 11 25 0 0.13 M M 4.3 9 220 M M 10 1 11 210
4 39 34 37 8 28 0 0.17 M M 5.1 13 30 M M 9 1 17 30
5 39 35 37 8 28 0 0.19 M M 8.3 14 30 M M 10 1 20 30
6 48 33 41 12 24 0 0.00 M M 4.0 10 40 M M 9 1 14 20
7 44 35 40 11 25 0 0.00 M M 2.6 8 160 M M 10 1 9 160
8 39 34 37 8 28 0 0.02 M M 5.8 10 220 M M 10 1 13 210
9 40 21 31 2 34 0 0.00 M M 0.9 12 320 M M 7 12 14 320
10 37 19 28 -1 37 0 0.00 M M 1.5 6 360 M M 7 8 190
11 38 32 35 6 30 0 0.09 M M 2.3 8 150 M M 10 1 11 170
12 42 26 34 4 31 0 0.26 M M 2.0 9 320 M M 10 12 12 310
13 40 23 32 2 33 0 0.00 M M 3.2 8 10 M M 7 12 11 300
14 37 22 30 0 35 0 0.00 M M 12.9 22 40 M M 2 31 40
15 31 24 28 -2 37 0 0.04 M M 12.8 26 50 M M 10 18 38 60
16 38 16 27 -3 38 0 0.00 M M 7.5 15 50 M M 1 19 40
17 41 18 30 0 35 0 0.00 M M 11.0 18 40 M M 0 25 40
18 35 32 34 4 31 0 T M M 4.6 12 30 M M 10 18 16 30
19 43 33 38 7 27 0 0.11 M M 8.5 17 30 M M 10 1 23 20
20 44 36 40 9 25 0 0.04 M M 2.7 8 200 M M 10 1 10 200
21 45 30 38 7 27 0 0.25 M M 2.1 8 70 M M 10 12 9 80
22 47 28 38 7 27 0 0.00 M M 3.1 10 190 M M 10 12 13 210
23 47 27 37 5 28 0 0.00 M M 1.9 10 150 M M 8 12 13 200
24 51 35 43 11 22 0 0.02 M M 10.6 21 210 M M 5 1 28 220
25 47 38 43 11 22 0 T M M 14.3 28 220 M M 8 43 230
26 42 25 34 2 31 0 0.02 M M 8.9 21 260 M M 3 31 300
27 37 20 29 -4 36 0 0.09 M M 6.6 18 210 M M 5 1 25 210
28 43 31 37 4 28 0 0.38 M M 12.5 21 160 M M 10 1 31 170
29 49 35 42 9 23 0 0.17 M M 12.3 22 190 M M 10 1 30 190
================================================================================
SM 1214 856 842 0 2.10 M 177.5 M 231
================================================================================
AV 41.9 29.5 6.1 FASTST M M 8 MAX(MPH)
MISC ----> 28 220 43 230
================================================================================
NOTES:
# LAST OF SEVERAL OCCURRENCES
COLUMN 17 PEAK WIND IN M.P.H.
PRELIMINARY LOCAL CLIMATOLOGICAL DATA (WS FORM: F-6) , PAGE 2
STATION: DEER_PARK WA AIRPORT
MONTH: FEBRUARY
YEAR: 2024
LATITUDE: 47 58 N
LONGITUDE: 117 25 W
[TEMPERATURE DATA] [PRECIPITATION DATA] SYMBOLS USED IN COLUMN 16
AVERAGE MONTHLY: 35.7 TOTAL FOR MONTH: 2.10 1 = FOG OR MIST
DPTR FM NORMAL: 5.5 DPTR FM NORMAL: 0.47 2 = FOG REDUCING VISIBILITY
HIGHEST: 51 ON 24 GRTST 24HR 0.46 ON 27-28 TO 1/4 MILE OR LESS
LOWEST: 16 ON 16 3 = THUNDER
SNOW, ICE PELLETS, HAIL 4 = ICE PELLETS
TOTAL MONTH: M 5 = HAIL
GRTST 24HR M ON M 6 = FREEZING RAIN OR DRIZZLE
GRTST DEPTH: M ON M 7 = DUSTSTORM OR SANDSTORM:
VSBY 1/2 MILE OR LESS
8 = SMOKE OR HAZE
[NO. OF DAYS WITH] [WEATHER - DAYS WITH] 9 = BLOWING SNOW
X = TORNADO
MAX 32 OR BELOW: 1 0.01 INCH OR MORE: 17
MAX 90 OR ABOVE: 0 0.10 INCH OR MORE: 8
MIN 32 OR BELOW: 16 0.50 INCH OR MORE: 0
MIN 0 OR BELOW: 0 1.00 INCH OR MORE: 0
[HDD (BASE 65) ]
TOTAL THIS MO. 842 CLEAR (SCALE 0-3) 4
DPTR FM NORMAL -132 PTCLDY (SCALE 4-7) 7
TOTAL FM JUL 1 4723 CLOUDY (SCALE 8-10) 18
DPTR FM NORMAL -587
[CDD (BASE 65) ]
TOTAL THIS MO. 0
DPTR FM NORMAL 0 [PRESSURE DATA]
TOTAL FM JAN 1 0 HIGHEST SLP M ON M
DPTR FM NORMAL 0 LOWEST SLP 29.33 ON 29
[REMARKS]
#FINAL-02-24#