000
CXUS53 KIWX 010800
CF6DFI
PRELIMINARY LOCAL CLIMATOLOGICAL DATA (WS FORM: F-6)
STATION: DEFIANCE MEMORIAL
MONTH: JUNE
YEAR: 2020
LATITUDE: 41 20 N
LONGITUDE: 84 26 W
TEMPERATURE IN F: :PCPN: SNOW: WIND :SUNSHINE: SKY :PK WND
================================================================================
1 2 3 4 5 6A 6B 7 8 9 10 11 12 13 14 15 16 17 18
12Z AVG MX 2MIN
DY MAX MIN AVG DEP HDD CDD WTR SNW DPTH SPD SPD DIR MIN PSBL S-S WX SPD DR
================================================================================
1 73 44 59 -5 6 0 0.00 0.0 0 3.5 8 200 M M 1 M M
2 92 56 74 9 0 9 0.00 0.0 0 9.6 17 250 M M 1 31 210
3 83 67 75 10 0 10 0.00 0.0 0 7.0 22 300 M M 3 30 300
4 85 66 76 11 0 11 T 0.0 0 4.4 14 220 M M 4 20 230
5 89 64 77 11 0 12 T 0.0 0 2.7 12 250 M M 2 138 19 270
6 86 66 76 10 0 11 0.00 0.0 0 7.3 18 310 M M 2 26 300
7 81 55 68 2 0 3 0.00 0.0 0 4.1 12 80 M M 0 18 20
8 87 57 72 6 0 7 0.00 0.0 0 6.5 14 120 M M 0 19 90
9 95 58 77 10 0 12 0.02 0.0 0 9.5 26 180 M M 1 42 190
10 90 70 80 13 0 15 T M M 15.0 28 180 M M 6 3 42 160
11 80 61 71 4 0 6 T M M 8.8 23 300 M M 2 35 300
12 82 57 70 2 0 5 T M M 7.1 17 50 M M 3 1 26 310
13 70 54 62 -6 3 0 T M M 9.0 18 100 M M 2 13 26 90
14 72 50 61 -7 4 0 0.00 M M 10.0 20 80 M M 0 31 60
15 78 52 65 -4 0 0 0.00 M M 8.3 15 40 M M 1 22 70
16 84 57 71 2 0 6 0.00 M M 4.3 13 60 M M 1 1 18 60
17 85 54 70 1 0 5 0.00 M M 4.2 13 70 M M 0 19 90
18 87 59 73 4 0 8 0.00 0.0 0 4.4 15 70 M M 1 23 80
19 90 61 76 6 0 11 0.00 0.0 0 2.0 10 320 M M 1 14 200
20 93 64 79 9 0 14 0.00 0.0 0 3.3 12 210 M M 3 19 220
21 84 66 75 5 0 10 T 0.0 0 4.2 10 300 M M 4 17 300
22 89 67 78 8 0 13 0.00 0.0 0 4.7 12 170 M M 4 18 19 220
23 78 62 70 -1 0 5 0.34 0.0 0 7.1 22 310 M M 6 13 33 290
24 79 58 69 -2 0 4 0.00 0.0 0 4.7 15 310 M M 4 22 310
25 83 57 70 -1 0 5 0.00 0.0 0 5.1 16 300 M M 2 28 280
26 86 60 73 2 0 8 0.32 0.0 0 6.0 24 300 M M 3 13 36 300
27 84 70 77 6 0 12 0.13 0.0 0 8.3 18 230 M M 5 13 31 230
28 88 67 78 6 0 13 0.00 0.0 0 3.0 10 20 M M 3 1 13 150
29 91 66 79 7 0 14 0.00 0.0 0 4.4 10 160 M M 3 15 130
30 90 67 79 7 0 14 0.00 0.0 0 6.6 15 50 M M 3 22 80
================================================================================
SM 2534 1812 13 243 0.81 0.0 185.1 M 71
================================================================================
AV 84.5 60.4 6.2 FASTST M M 2 MAX(MPH)
MISC ----> # 28 180 # 42 190
================================================================================
NOTES:
# LAST OF SEVERAL OCCURRENCES
COLUMN 17 PEAK WIND IN M.P.H.
PRELIMINARY LOCAL CLIMATOLOGICAL DATA (WS FORM: F-6) , PAGE 2
STATION: DEFIANCE MEMORIAL
MONTH: JUNE
YEAR: 2020
LATITUDE: 41 20 N
LONGITUDE: 84 26 W
[TEMPERATURE DATA] [PRECIPITATION DATA] SYMBOLS USED IN COLUMN 16
AVERAGE MONTHLY: 72.4 TOTAL FOR MONTH: 0.81 1 = FOG OR MIST
DPTR FM NORMAL: 3.9 DPTR FM NORMAL: -2.66 2 = FOG REDUCING VISIBILITY
HIGHEST: 95 ON 9 GRTST 24HR 0.34 ON 23-23 TO 1/4 MILE OR LESS
LOWEST: 44 ON 1 3 = THUNDER
SNOW, ICE PELLETS, HAIL 4 = ICE PELLETS
TOTAL MONTH: 0.0 INCH 5 = HAIL
GRTST 24HR 0.0 6 = FREEZING RAIN OR DRIZZLE
GRTST DEPTH: 0 7 = DUSTSTORM OR SANDSTORM:
VSBY 1/2 MILE OR LESS
8 = SMOKE OR HAZE
[NO. OF DAYS WITH] [WEATHER - DAYS WITH] 9 = BLOWING SNOW
X = TORNADO
MAX 32 OR BELOW: 0 0.01 INCH OR MORE: 4
MAX 90 OR ABOVE: 7 0.10 INCH OR MORE: 3
MIN 32 OR BELOW: 0 0.50 INCH OR MORE: 0
MIN 0 OR BELOW: 0 1.00 INCH OR MORE: 0
[HDD (BASE 65) ]
TOTAL THIS MO. 13 CLEAR (SCALE 0-3) 23
DPTR FM NORMAL -29 PTCLDY (SCALE 4-7) 7
TOTAL FM JUL 1 5451 CLOUDY (SCALE 8-10) 0
DPTR FM NORMAL -785
[CDD (BASE 65) ]
TOTAL THIS MO. 243
DPTR FM NORMAL 96 [PRESSURE DATA]
TOTAL FM JAN 1 304 HIGHEST SLP 30.38 ON 16
DPTR FM NORMAL 112 LOWEST SLP 29.50 ON 10
[REMARKS]
#FINAL-06-20#