000
CXUS53 KIWX 010800
CF6DFI
PRELIMINARY LOCAL CLIMATOLOGICAL DATA (WS FORM: F-6)
STATION: DEFIANCE MEMORIAL
MONTH: FEBRUARY
YEAR: 2020
LATITUDE: 41 20 N
LONGITUDE: 84 26 W
TEMPERATURE IN F: :PCPN: SNOW: WIND :SUNSHINE: SKY :PK WND
================================================================================
1 2 3 4 5 6A 6B 7 8 9 10 11 12 13 14 15 16 17 18
12Z AVG MX 2MIN
DY MAX MIN AVG DEP HDD CDD WTR SNW DPTH SPD SPD DIR MIN PSBL S-S WX SPD DR
================================================================================
1 38 27 33 8 32 0 T M 0 5.5 15 230 M M 9 18 23 260
2 56 34 45 20 20 0 0.00 0.0 0 9.9 18 290 M M 3 30 280
3 57 29 43 17 22 0 0.00 0.0 0 3.2 10 110 M M 1 18 15 120
4 43 34 39 13 26 0 T M 0 9.8 18 30 M M 8 8 26 30
5 35 26 31 5 34 0 0.15 M M 10.8 18 90 M M 10 1268 27 40
6 28 25 27 1 38 0 0.01 M M 9.8 16 30 M M 10 168 23 20
7 35 24 30 4 35 0 T M M 9.3 17 320 M M 7 18 23 320
8 35 22 29 3 36 0 0.03 M M 2.4 8 200 M M 10 18 11 200
9 36 24 30 4 35 0 0.11 M M 8.7 18 200 M M 8 1268 30 200
10 39 34 37 10 28 0 0.03 M M 4.7 10 310 M M 10 18 15 330
11 40 27 34 7 31 0 0.00 0.0 0 5.4 15 280 M M 5 18 27 260
12 36 26 31 4 34 0 0.09 M 0 5.8 12 200 M M 4 1 16 190
13 36 21 29 2 36 0 0.02 M 0 9.7 17 310 M M 9 18 25 300
14 22 10 16 -12 49 0 0.00 0.0 0 6.4 16 320 M M 6 21 330
15 37 10 24 -4 41 0 T M 0 10.2 21 190 M M 6 30 200
16 40 27 34 6 31 0 0.00 0.0 0 4.9 12 310 M M 2 18 16 280
17 40 25 33 5 32 0 0.03 M 0 7.8 20 100 M M 6 18 24 100
18 43 30 37 8 28 0 0.03 M M 9.4 22 300 M M 8 1 31 280
19 34 24 29 0 36 0 0.00 0.0 0 8.9 16 320 M M 0 22 310
20 29 19 24 -5 41 0 0.00 0.0 0 8.7 17 340 M M 3 24 340
21 35 16 26 -4 39 0 0.00 0.0 0 8.8 18 210 M M 0 26 240
22 48 24 36 6 29 0 0.00 0.0 M 9.6 20 230 M M 0 30 230
23 53 29 41 11 24 0 0.00 0.0 0 9.9 18 210 M M 0 26 200
24 46 36 41 11 24 0 0.29 0.0 0 4.8 9 200 M M 4 1 14 190
25 40 34 37 6 28 0 0.20 M M 10.9 22 30 M M 9 1 28 30
26 34 25 30 -1 35 0 0.09 M M 12.2 21 30 M M 10 1 29 20
27 28 17 23 -8 42 0 T M M 7.5 20 310 M M 8 18 27 280
28 29 12 21 -11 44 0 0.00 M M 7.5 20 300 M M 3 18 30 310
29 32 15 24 -8 41 0 0.00 0.0 M 6.5 13 250 M M 0 22 300
================================================================================
SM 1104 706 971 0 1.08 0.0 229.0 M 159
================================================================================
AV 38.1 24.3 7.9 FASTST M M 5 MAX(MPH)
MISC ----> # 22 300 # 31 280
================================================================================
NOTES:
# LAST OF SEVERAL OCCURRENCES
COLUMN 17 PEAK WIND IN M.P.H.
PRELIMINARY LOCAL CLIMATOLOGICAL DATA (WS FORM: F-6) , PAGE 2
STATION: DEFIANCE MEMORIAL
MONTH: FEBRUARY
YEAR: 2020
LATITUDE: 41 20 N
LONGITUDE: 84 26 W
[TEMPERATURE DATA] [PRECIPITATION DATA] SYMBOLS USED IN COLUMN 16
AVERAGE MONTHLY: 31.2 TOTAL FOR MONTH: 1.08 1 = FOG OR MIST
DPTR FM NORMAL: 3.3 DPTR FM NORMAL: -0.55 2 = FOG REDUCING VISIBILITY
HIGHEST: 57 ON 3 GRTST 24HR 0.29 ON 24-24 TO 1/4 MILE OR LESS
LOWEST: 10 ON 15,14 3 = THUNDER
SNOW, ICE PELLETS, HAIL 4 = ICE PELLETS
TOTAL MONTH: 0.0 INCH 5 = HAIL
GRTST 24HR 0.0 6 = FREEZING RAIN OR DRIZZLE
GRTST DEPTH: 0 7 = DUSTSTORM OR SANDSTORM:
VSBY 1/2 MILE OR LESS
8 = SMOKE OR HAZE
[NO. OF DAYS WITH] [WEATHER - DAYS WITH] 9 = BLOWING SNOW
X = TORNADO
MAX 32 OR BELOW: 6 0.01 INCH OR MORE: 12
MAX 90 OR ABOVE: 0 0.10 INCH OR MORE: 4
MIN 32 OR BELOW: 24 0.50 INCH OR MORE: 0
MIN 0 OR BELOW: 0 1.00 INCH OR MORE: 0
[HDD (BASE 65) ]
TOTAL THIS MO. 971 CLEAR (SCALE 0-3) 9
DPTR FM NORMAL -66 PTCLDY (SCALE 4-7) 11
TOTAL FM JUL 1 4005 CLOUDY (SCALE 8-10) 9
DPTR FM NORMAL -679
[CDD (BASE 65) ]
TOTAL THIS MO. 0
DPTR FM NORMAL 0 [PRESSURE DATA]
TOTAL FM JAN 1 0 HIGHEST SLP 30.66 ON 21
DPTR FM NORMAL 0 LOWEST SLP 29.45 ON 7
[REMARKS]
#FINAL-02-20#