267
CXUS54 KFWD 110133
CF6DFW
PRELIMINARY LOCAL CLIMATOLOGICAL DATA (WS FORM: F-6)
STATION: DALLAS FORT WORTH
MONTH: JUNE
YEAR: 2020
LATITUDE: 32 54 N
LONGITUDE: 97 2 W
TEMPERATURE IN F: :PCPN: SNOW: WIND :SUNSHINE: SKY :PK WND
================================================================================
1 2 3 4 5 6A 6B 7 8 9 10 11 12 13 14 15 16 17 18
12Z AVG MX 2MIN
DY MAX MIN AVG DEP HDD CDD WTR SNW DPTH SPD SPD DIR MIN PSBL S-S WX SPD DR
================================================================================
1 87 69 78 0 0 13 0.00 0.0 0 6.5 14 140 M M 9 18 150
2 90 71 81 3 0 16 T 0.0 0 8.8 17 180 M M 6 22 200
3 92 74 83 4 0 18 0.00 0.0 0 9.8 15 190 M M 2 20 170
4 95 74 85 6 0 20 0.00 0.0 0 11.6 30 340 M M 4 38 330
5 95 77 86 7 0 21 0.00 0.0 0 9.5 17 160 M M 5 34 170
6 98 76 87 7 0 22 0.00 0.0 0 6.6 17 100 M M 2 8 24 90
7 94 77 86 6 0 21 0.00 0.0 0 7.9 16 80 M M 2 22 80
8 97 78 88 8 0 23 0.00 0.0 0 5.3 13 170 M M 3 20 360
9 97 72 85 5 0 20 0.00 0.0 0 18.0 35 340 M M 1 78 45 330
10 89 65 77 -3 0 12 0.00 0.0 0 11.5 24 340 M M 1 35 330
11 92 62 77 -4 0 12 0.00 0.0 0 5.3 14 60 M M 1 22 40
12 92 67 80 -1 0 15 0.00 0.0 0 5.2 12 100 M M 4 17 100
13 93 70 82 1 0 17 0.00 0.0 0 6.9 14 150 M M 2 19 120
14 92 69 81 0 0 16 0.00 0.0 0 7.5 20 130 M M 1 26 110
15 94 71 83 2 0 18 0.00 0.0 0 8.0 15 130 M M 4 22 110
16 93 74 84 2 0 19 0.00 0.0 0 10.5 17 190 M M 5 24 180
17 93 72 83 1 0 18 0.00 0.0 0 11.8 22 180 M M 2 33 150
18 93 73 83 1 0 18 0.00 0.0 0 14.9 23 150 M M 5 34 180
19 94 67 81 -1 0 16 1.04 0.0 0 16.7 46 360 M M 6 1378 63 10
20 88 67 78 -4 0 13 0.81 0.0 0 7.6 16 260 M M 6 13 22 260
21 87 67 77 -5 0 12 0.32 0.0 0 12.2 36 190 M M 8 13 43 180
22 91 66 79 -4 0 14 0.69 0.0 0 9.9 35 10 M M 7 13 45 40
23 80 68 74 -9 0 9 2.49 0.0 0 8.4 21 310 M M 9 13 29 270
24 91 69 80 -3 0 15 0.00 0.0 0 7.0 14 50 M M 4 20 50
25 89 73 81 -2 0 16 0.00 0.0 0 7.2 16 150 M M 6 21 170
26 91 75 83 0 0 18 0.00 0.0 0 15.6 24 180 M M 5 33 180
27 93 74 84 1 0 19 0.00 0.0 0 16.5 26 200 M M 5 78 36 200
28 92 77 85 1 0 20 T 0.0 0 18.7 31 200 M M 8 3 39 180
29 93 79 86 2 0 21 0.00 0.0 0 19.8 32 180 M M 8 40 180
30 93 80 87 3 0 22 0.00 0.0 0 17.7 26 200 M M 7 37 180
================================================================================
SM 2758 2153 0 514 5.35 0.0 322.9 M 138
================================================================================
AV 91.9 71.8 10.8 FASTST M M 5 MAX(MPH)
MISC ----> # 46 360 # 63 10
================================================================================
NOTES:
# LAST OF SEVERAL OCCURRENCES
COLUMN 17 PEAK WIND IN M.P.H.
PRELIMINARY LOCAL CLIMATOLOGICAL DATA (WS FORM: F-6) , PAGE 2
STATION: DALLAS FORT WORTH
MONTH: JUNE
YEAR: 2020
LATITUDE: 32 54 N
LONGITUDE: 97 2 W
[TEMPERATURE DATA] [PRECIPITATION DATA] SYMBOLS USED IN COLUMN 16
AVERAGE MONTHLY: 81.9 TOTAL FOR MONTH: 5.35 1 = FOG OR MIST
DPTR FM NORMAL: 0.6 DPTR FM NORMAL: 1.56 2 = FOG REDUCING VISIBILITY
HIGHEST: 98 ON 6 GRTST 24HR 2.49 ON 23-23 TO 1/4 MILE OR LESS
LOWEST: 62 ON 11 3 = THUNDER
SNOW, ICE PELLETS, HAIL 4 = ICE PELLETS
TOTAL MONTH: 0.0 INCH 5 = HAIL
GRTST 24HR 0.0 6 = FREEZING RAIN OR DRIZZLE
GRTST DEPTH: 0 7 = DUSTSTORM OR SANDSTORM:
VSBY 1/2 MILE OR LESS
8 = SMOKE OR HAZE
[NO. OF DAYS WITH] [WEATHER - DAYS WITH] 9 = BLOWING SNOW
X = TORNADO
MAX 32 OR BELOW: 0 0.01 INCH OR MORE: 5
MAX 90 OR ABOVE: 24 0.10 INCH OR MORE: 5
MIN 32 OR BELOW: 0 0.50 INCH OR MORE: 4
MIN 0 OR BELOW: 0 1.00 INCH OR MORE: 2
[HDD (BASE 65) ]
TOTAL THIS MO. 0 CLEAR (SCALE 0-3) 10
DPTR FM NORMAL 0 PTCLDY (SCALE 4-7) 18
TOTAL FM JUL 1 2098 CLOUDY (SCALE 8-10) 2
DPTR FM NORMAL -186
[CDD (BASE 65) ]
TOTAL THIS MO. 514
DPTR FM NORMAL 23 [PRESSURE DATA]
TOTAL FM JAN 1 1000 HIGHEST SLP 30.28 ON 12
DPTR FM NORMAL 87 LOWEST SLP 29.53 ON 9
[REMARKS]
EDITED WX ON 9TH, 19TH, AND 27TH
#FINAL-06-20#