000
CXUS55 KCYS 070536 CCA
CF6DGW
PRELIMINARY LOCAL CLIMATOLOGICAL DATA (WS FORM: F-6)...CORRECTED
STATION: CONVERSE CO (DOUGLAS) WY ARPT
MONTH: MARCH
YEAR: 2023
LATITUDE: 42 46 N
LONGITUDE: 105 22 W
TEMPERATURE IN F: :PCPN: SNOW: WIND :SUNSHINE: SKY :PK WND
================================================================================
1 2 3 4 5 6A 6B 7 8 9 10 11 12 13 14 15 16 17 18
12Z AVG MX 2MIN
DY MAX MIN AVG DEP HDD CDD WTR SNW DPTH SPD SPD DIR MIN PSBL S-S WX SPD DR
================================================================================
1 36 10 23 -8 42 0 0.00 M M 10.7 26 150 M M 2 35 160
2 36 10 23 -8 42 0 0.00 M M 8.3 25 270 M M 0 35 280
3 35 22 29 -3 36 0 T M M 11.0 24 310 M M 9 1 34 270
4 37 3 20 -12 45 0 T M M 8.7 21 140 M M 6 128 29 140
5 36 14 25 -7 40 0 T M M 9.1 20 270 M M 2 25 260
6 31 16 24 -9 41 0 T M M 16.4 33 150 M M 9 1 42 130
7 33 15 24 -9 41 0 0.00 M M 6.1 16 140 M M 6 23 150
8 33 15 24 -10 41 0 T M M 18.9 32 140 M M 8 1 45 140
9 35 21 28 -6 37 0 T M M 12.7 26 290 M M 5 1 36 140
10 52 22 37 3 28 0 0.00 M M 19.1 44 230 M M 4 60 230
11 43 17 30 -5 35 0 0.00 M M 18.7 39 290 M M 1 51 270
12 35 16 26 -9 39 0 0.00 M M 5.3 10 320 M M 3 M M
13 49 16 33 -3 32 0 0.00 M M 8.3 21 260 M M 0 30 270
14 57 37 47 11 18 0 0.00 M M 19.3 40 270 M M 2 52 270
15 62 26 44 8 21 0 T M M 20.6 37 240 M M 5 56 240
16 35 22 29 -8 36 0 0.01 M M 15.9 29 340 M M 8 39 340
17 33 19 26 -11 39 0 T M M 16.7 31 340 M M 5 41 340
18 44 16 30 -8 35 0 0.00 M M 10.1 20 320 M M 0 32 300
19 50 14 32 -6 33 0 0.00 M M 12.7 32 290 M M 0 46 280
20 48 18 33 -5 32 0 0.00 M M 6.3 23 200 M M 3 28 190
21 47 20 34 -5 31 0 0.01 M M 12.9 35 280 M M 3 1 52 280
22 32 21 27 -12 38 0 T M M 12.5 23 50 M M 9 12 28 110
23 48 16 32 -7 33 0 0.00 M M 7.6 23 270 M M 3 1 32 290
24 50 21 36 -4 29 0 0.00 M M 7.9 26 280 M M 2 37 290
25 36 24 30 -10 35 0 0.00 M M 16.2 29 280 M M 9 36 260
26 40 15 28 -12 37 0 0.00 M M 7.8 22 280 M M 1 29 310
27 34 13 24 -16 41 0 T M M 9.7 22 340 M M 4 31 330
28 49 14 32 -8 33 0 0.00 M M 9.3 24 270 M M 3 36 260
29 38 18 28 -13 37 0 0.00 M M 16.1 29 140 M M 3 36 130
30 64 20 42 1 23 0 T M M 13.2 31 240 M M 4 12 42 240
31 37 22 30 -11 35 0 0.01 M M 15.1 30 310 M M 8 18 40 330
================================================================================
SM 1295 553 1085 0 0.03 M 383.2 M 127
================================================================================
AV 41.8 17.8 12.4 FASTST M M 4 MAX(MPH)
MISC ----> 44 230 60 230
================================================================================
NOTES:
# LAST OF SEVERAL OCCURRENCES
COLUMN 17 PEAK WIND IN M.P.H.
PRELIMINARY LOCAL CLIMATOLOGICAL DATA (WS FORM: F-6) , PAGE 2
STATION: CONVERSE CO (DOUGLAS) WY ARPT
MONTH: MARCH
YEAR: 2023
LATITUDE: 42 46 N
LONGITUDE: 105 22 W
[TEMPERATURE DATA] [PRECIPITATION DATA] SYMBOLS USED IN COLUMN 16
AVERAGE MONTHLY: 29.8 TOTAL FOR MONTH: 0.03 1 = FOG OR MIST
DPTR FM NORMAL: -6.7 DPTR FM NORMAL: -0.65 2 = FOG REDUCING VISIBILITY
HIGHEST: 64 ON 30 GRTST 24HR 0.01 ON 15-16 TO 1/4 MILE OR LESS
LOWEST: 3 ON 4 3 = THUNDER
SNOW, ICE PELLETS, HAIL 4 = ICE PELLETS
TOTAL MONTH: M 5 = HAIL
GRTST 24HR M ON M 6 = FREEZING RAIN OR DRIZZLE
GRTST DEPTH: M ON M 7 = DUSTSTORM OR SANDSTORM:
VSBY 1/2 MILE OR LESS
8 = SMOKE OR HAZE
[NO. OF DAYS WITH] [WEATHER - DAYS WITH] 9 = BLOWING SNOW
X = TORNADO
MAX 32 OR BELOW: 2 0.01 INCH OR MORE: 3
MAX 90 OR ABOVE: 0 0.10 INCH OR MORE: 0
MIN 32 OR BELOW: 30 0.50 INCH OR MORE: 0
MIN 0 OR BELOW: 0 1.00 INCH OR MORE: 0
[HDD (BASE 65) ]
TOTAL THIS MO. 1085 CLEAR (SCALE 0-3) 13
DPTR FM NORMAL 201 PTCLDY (SCALE 4-7) 14
TOTAL FM JUL 1 6696 CLOUDY (SCALE 8-10) 4
DPTR FM NORMAL 528
[CDD (BASE 65) ]
TOTAL THIS MO. 0
DPTR FM NORMAL 0 [PRESSURE DATA]
TOTAL FM JAN 1 0 HIGHEST SLP 30.46 ON 18
DPTR FM NORMAL 0 LOWEST SLP 29.38 ON 30
[REMARKS]
MARCH 12...MISSING PEAK WIND SPEED AND DIRECTION.
#FINAL-03-23#