000
CXUS53 KBIS 010830
CF6DIK
PRELIMINARY LOCAL CLIMATOLOGICAL DATA (WS FORM: F-6)
STATION: DICKINSON ND
MONTH: JUNE
YEAR: 2020
LATITUDE: 46 47 N
LONGITUDE: 102 48 W
TEMPERATURE IN F: :PCPN: SNOW: WIND :SUNSHINE: SKY :PK WND
================================================================================
1 2 3 4 5 6A 6B 7 8 9 10 11 12 13 14 15 16 17 18
12Z AVG MX 2MIN
DY MAX MIN AVG DEP HDD CDD WTR SNW DPTH SPD SPD DIR MIN PSBL S-S WX SPD DR
================================================================================
1 84 58 71 13 0 6 0.00 M M 8.4 20 330 M M 0 26 340
2 79 47 63 5 2 0 T M M 12.2 28 290 M M 3 37 270
3 82 45 64 5 1 0 0.01 M M 13.0 31 200 M M 1 3 39 200
4 78 45 62 3 3 0 0.10 M M 5.7 16 40 M M 2 3 21 40
5 78 44 61 2 4 0 T M M 9.2 23 120 M M 3 30 120
6 79 58 69 9 0 4 0.11 M M 24.4 39 130 M M 1 13 51 130
7 82 55 69 9 0 4 0.18 M M 10.9 24 230 M M 1 3 30 170
8 71 51 61 1 4 0 0.00 M M 14.0 26 290 M M 2 34 280
9 62 44 53 -7 12 0 0.02 M M 16.1 31 310 M M 3 40 300
10 74 39 57 -4 8 0 0.00 M M 14.6 26 300 M M 3 36 290
11 82 45 64 3 1 0 0.00 M M 9.1 20 290 M M 0 32 270
12 85 48 67 6 0 2 0.00 M M 12.2 22 110 M M 0 29 120
13 93 54 74 12 0 9 0.00 M M 23.5 39 150 M M 0 53 150
14 89 58 74 12 0 9 0.05 M M 14.5 29 150 M M 1 3 41 130
15 80 52 66 4 0 1 0.00 M M 9.7 24 300 M M 0 31 290
16 93 53 73 11 0 8 T M M 13.7 25 160 M M 1 3 33 160
17 79 49 64 1 1 0 0.00 M M 10.7 23 280 M M 2 29 290
18 65 42 54 -9 11 0 0.07 M M 13.0 23 290 M M 6 1 29 300
19 75 41 58 -5 7 0 0.09 M M 8.2 32 250 M M 5 3 39 250
20 79 49 64 0 1 0 0.00 M M 10.1 21 280 M M 1 34 270
21 75 49 62 -2 3 0 0.21 M M 7.5 24 270 M M 7 13 31 270
22 74 48 61 -3 4 0 0.00 M M 6.3 20 350 M M 3 25 310
23 82 46 64 0 1 0 0.00 M M 4.7 12 170 M M 1 16 150
24 90 56 73 8 0 8 0.00 M M 7.4 15 170 M M 1 20 180
25 86 58 72 7 0 7 T M M 10.9 28 300 M M 3 35 330
26 86 54 70 5 0 5 0.00 M M 7.2 15 160 M M 0 21 180
27 97 59 78 12 0 13 T M M 14.5 24 160 M M 0 35 180
28 84 63 74 8 0 9 0.00 M M 11.4 23 350 M M 4 34 350
29 96 62 79 13 0 14 0.59 M M 13.3 28 170 M M 5 1238 37 160
30 67 53 60 -6 5 0 0.70 M M 9.7 23 300 M M 6 13 32 270
================================================================================
SM 2426 1525 68 99 2.13 M 346.1 M 65
================================================================================
AV 80.9 50.8 11.5 FASTST M M 2 MAX(MPH)
MISC ----> # 39 130 # 53 150
================================================================================
NOTES:
# LAST OF SEVERAL OCCURRENCES
COLUMN 17 PEAK WIND IN M.P.H.
PRELIMINARY LOCAL CLIMATOLOGICAL DATA (WS FORM: F-6) , PAGE 2
STATION: DICKINSON ND
MONTH: JUNE
YEAR: 2020
LATITUDE: 46 47 N
LONGITUDE: 102 48 W
[TEMPERATURE DATA] [PRECIPITATION DATA] SYMBOLS USED IN COLUMN 16
AVERAGE MONTHLY: 65.9 TOTAL FOR MONTH: 2.13 1 = FOG OR MIST
DPTR FM NORMAL: 3.6 DPTR FM NORMAL: -1.07 2 = FOG REDUCING VISIBILITY
HIGHEST: 97 ON 27 GRTST 24HR 0.70 ON 30-30 TO 1/4 MILE OR LESS
LOWEST: 39 ON 10 3 = THUNDER
SNOW, ICE PELLETS, HAIL 4 = ICE PELLETS
TOTAL MONTH: M 5 = HAIL
GRTST 24HR M ON M 6 = FREEZING RAIN OR DRIZZLE
GRTST DEPTH: M ON M 7 = DUSTSTORM OR SANDSTORM:
VSBY 1/2 MILE OR LESS
8 = SMOKE OR HAZE
[NO. OF DAYS WITH] [WEATHER - DAYS WITH] 9 = BLOWING SNOW
X = TORNADO
MAX 32 OR BELOW: 0 0.01 INCH OR MORE: 11
MAX 90 OR ABOVE: 5 0.10 INCH OR MORE: 6
MIN 32 OR BELOW: 0 0.50 INCH OR MORE: 2
MIN 0 OR BELOW: 0 1.00 INCH OR MORE: 0
[HDD (BASE 65) ]
TOTAL THIS MO. 68 CLEAR (SCALE 0-3) 22
DPTR FM NORMAL -69 PTCLDY (SCALE 4-7) 8
TOTAL FM JUL 1 8412 CLOUDY (SCALE 8-10) 0
DPTR FM NORMAL -165
[CDD (BASE 65) ]
TOTAL THIS MO. 99
DPTR FM NORMAL 45 [PRESSURE DATA]
TOTAL FM JAN 1 107 HIGHEST SLP 30.26 ON 12
DPTR FM NORMAL 43 LOWEST SLP 29.35 ON 28
[REMARKS]
#FINAL-06-20#