000
CXUS54 KEPZ 221306
CF6DMN
PRELIMINARY LOCAL CLIMATOLOGICAL DATA (WS FORM: F-6)
STATION: DEMING
MONTH: NOVEMBER
YEAR: 2022
LATITUDE: 32 15 N
LONGITUDE: 107 42 W
TEMPERATURE IN F: :PCPN: SNOW: WIND :SUNSHINE: SKY :PK WND
================================================================================
1 2 3 4 5 6A 6B 7 8 9 10 11 12 13 14 15 16 17 18
12Z AVG MX 2MIN
DY MAX MIN AVG DEP HDD CDD WTR SNW DPTH SPD SPD DIR MIN PSBL S-S WX SPD DR
================================================================================
1 73 35 54 -2 11 0 0.00 M M 5.0 13 190 M M 0 19 100
2 73 38 56 0 9 0 0.00 M M 6.9 17 230 M M 0 24 220
3 70 41 56 1 9 0 0.00 M M 13.4 33 240 M M 2 47 240
4 56 34 45 -10 20 0 0.00 M M 15.8 26 310 M M 1 39 320
5 65 31 48 -7 17 0 0.00 M M 9.2 24 250 M M 0 32 240
6 74 35 55 1 10 0 0.00 M M 6.7 15 250 M M 0 20 250
7 73 37 55 1 10 0 0.00 0.0 0 4.8 9 210 M M 0 14 210
8 77 36 57 4 8 0 0.00 M M 4.1 14 220 M M 0 19 230
9 77 42 60 7 5 0 0.00 M M 10.7 26 240 M M 0 39 240
10 65 39 52 0 13 0 0.00 M M 10.9 24 270 M M 0 33 270
11 58 36 47 -5 18 0 0.00 M M 6.8 21 40 M M 3 28 50
12 61 31 46 -6 19 0 0.00 M M 7.0 14 80 M M 1 24 80
13 70 34 52 1 13 0 0.00 M M 7.9 24 240 M M 0 34 240
14 59 34 47 -4 18 0 0.00 M M 10.5 24 290 M M 1 37 290
15 60 24 42 -9 23 0 0.00 M M 4.8 14 90 M M 0 19 90
16 54 32 43 -7 22 0 0.00 M M 13.3 22 80 M M 5 32 70
17 54 24 39 -11 26 0 0.00 M M 3.8 9 60 M M 0 13 140
18 60 27 44 -5 21 0 0.00 M M 7.0 23 70 M M 0 31 80
19 52 33 43 -6 22 0 0.00 M M 13.8 23 70 M M 2 32 120
20 52 28 40 -9 25 0 0.00 M M 6.6 15 110 M M 4 22 110
21 58 22 40 -8 25 0 0.00 M M 3.7 9 70 M M 0 14 130
22 60 25 43 -5 22 0 0.00 M M 4.0 13 70 M M 0 16 100
23 66 29 48 0 17 0 0.00 M M 7.8 22 270 M M 0 30 270
24 54 29 42 -5 23 0 0.00 M M 16.7 30 30 M M 1 44 30
25 52 31 42 -5 23 0 0.00 M M 15.0 30 30 M M 5 40 30
26 63 27 45 -2 20 0 0.00 M M 12.6 29 260 M M 0 38 280
27 62 29 46 0 19 0 0.00 M M 10.2 24 260 M M 0 34 270
28 63 26 45 -1 20 0 0.00 M M 9.6 25 270 M M 0 8 34 250
29 64 33 49 3 16 0 0.00 M M 13.2 29 270 M M 0 41 280
30 64 26 45 0 20 0 0.00 M M 7.0 14 70 M M 0 19 80
================================================================================
SM 1889 948 524 0 0.00 0.0 268.8 M 25
================================================================================
AV 63.0 31.6 9.0 FASTST M M 1 MAX(MPH)
MISC ----> 33 240 47 240
================================================================================
NOTES:
# LAST OF SEVERAL OCCURRENCES
COLUMN 17 PEAK WIND IN M.P.H.
PRELIMINARY LOCAL CLIMATOLOGICAL DATA (WS FORM: F-6) , PAGE 2
STATION: DEMING
MONTH: NOVEMBER
YEAR: 2022
LATITUDE: 32 15 N
LONGITUDE: 107 42 W
[TEMPERATURE DATA] [PRECIPITATION DATA] SYMBOLS USED IN COLUMN 16
AVERAGE MONTHLY: 47.3 TOTAL FOR MONTH: 0.00 1 = FOG OR MIST
DPTR FM NORMAL: -3.2 DPTR FM NORMAL: -0.50 2 = FOG REDUCING VISIBILITY
HIGHEST: 77 ON 9, 8 GRTST 24HR 0.00 ON 1- 1 TO 1/4 MILE OR LESS
LOWEST: 22 ON 21 3 = THUNDER
SNOW, ICE PELLETS, HAIL 4 = ICE PELLETS
TOTAL MONTH: 0.0 INCH 5 = HAIL
GRTST 24HR 0.0 6 = FREEZING RAIN OR DRIZZLE
GRTST DEPTH: 0 7 = DUSTSTORM OR SANDSTORM:
VSBY 1/2 MILE OR LESS
8 = SMOKE OR HAZE
[NO. OF DAYS WITH] [WEATHER - DAYS WITH] 9 = BLOWING SNOW
X = TORNADO
MAX 32 OR BELOW: 0 0.01 INCH OR MORE: 0
MAX 90 OR ABOVE: 0 0.10 INCH OR MORE: 0
MIN 32 OR BELOW: 16 0.50 INCH OR MORE: 0
MIN 0 OR BELOW: 0 1.00 INCH OR MORE: 0
[HDD (BASE 65) ]
TOTAL THIS MO. 524 CLEAR (SCALE 0-3) 26
DPTR FM NORMAL 89 PTCLDY (SCALE 4-7) 4
TOTAL FM JUL 1 698 CLOUDY (SCALE 8-10) 0
DPTR FM NORMAL 141
[CDD (BASE 65) ]
TOTAL THIS MO. 0
DPTR FM NORMAL 0 [PRESSURE DATA]
TOTAL FM JAN 1 2024 HIGHEST SLP 30.39 ON 17
DPTR FM NORMAL 210 LOWEST SLP 29.67 ON 29
[REMARKS]
#FINAL-11-22#