000
CXUS53 KEAX 010850
CLMDMO
CLIMATE REPORT
NATIONAL WEATHER SERVICE KANSAS CITY/PLEASANT HILL MO
243 AM CST THU FEB 01 2024
...................................
...THE SEDALIA MO CLIMATE SUMMARY FOR THE MONTH OF JANUARY 2024...
CLIMATE NORMAL PERIOD: 1991 TO 2020
CLIMATE RECORD PERIOD: 9999 TO 9999
WEATHER OBSERVED NORMAL DEPART LAST YEAR`S
VALUE DATE(S) VALUE FROM VALUE DATE(S)
NORMAL
................................................................
TEMPERATURE (F)
HIGHEST 59 01/29 62 -3 64 01/02
LOWEST -9 01/14 -8 9 01/31
AVG. MAXIMUM 34.7 38.6 -3.9 45.8
AVG. MINIMUM 20.1 21.2 -1.1 29.2
MEAN 27.4 29.9 -2.5 37.5
DAYS MAX >= 90 0 0.0 0.0 0
DAYS MAX <= 32 7 9.3 -2.3 4
DAYS MIN <= 32 25 25.2 -0.2 20
DAYS MIN <= 0 5 1.3 3.7 0
PRECIPITATION (INCHES)
TOTALS 2.06 1.53 0.53 1.55
DAILY AVG. 0.07 0.05 0.02 0.05
DAYS >= .01 7 6.3 0.7 9
DAYS >= .10 6 3.0 3.0 4
DAYS >= .50 2 0.9 1.1 1
DAYS >= 1.00 0 0.3 -0.3 0
GREATEST
24 HR. TOTAL 0.84 01/08 TO 01/09
DEGREE DAYS
HEATING TOTAL 1157 1088 69 844
SINCE 7/1 2572 3017 -445 MM
COOLING TOTAL 0 0 0 0
SINCE 1/1 0 0 0 MM
................................................................
WIND (MPH)
AVERAGE WIND SPEED 8.9
HIGHEST WIND SPEED/DIRECTION 32/310 DATE 01/09
HIGHEST GUST SPEED/DIRECTION 46/330 DATE 01/09
SKY COVER
POSSIBLE SUNSHINE (PERCENT) MM
AVERAGE SKY COVER 0.51
NUMBER OF DAYS FAIR 11
NUMBER OF DAYS PC 11
NUMBER OF DAYS CLOUDY 9
AVERAGE RH (PERCENT) 75
WEATHER CONDITIONS. NUMBER OF DAYS WITH
THUNDERSTORM 0 MIXED PRECIP 0
HEAVY RAIN 0 RAIN 4
LIGHT RAIN 6 FREEZING RAIN 0
LT FREEZING RAIN 1 HAIL 0
HEAVY SNOW 3 SNOW 3
LIGHT SNOW 11 SLEET 0
FOG 19 FOG W/VIS <= 1/4 MILE 10
HAZE 7
- INDICATES NEGATIVE NUMBERS.
R INDICATES RECORD WAS SET OR TIED.
MM INDICATES DATA IS MISSING.
T INDICATES TRACE AMOUNT.
$$