000
CXUS55 KVEF 010910
CF6DRA
PRELIMINARY LOCAL CLIMATOLOGICAL DATA (WS FORM: F-6)
STATION: DESERT ROCK-MERCURY NV
MONTH: AUGUST
YEAR: 2022
LATITUDE: 36 37 N
LONGITUDE: 116 1 W
TEMPERATURE IN F: :PCPN: SNOW: WIND :SUNSHINE: SKY :PK WND
================================================================================
1 2 3 4 5 6A 6B 7 8 9 10 11 12 13 14 15 16 17 18
12Z AVG MX 2MIN
DY MAX MIN AVG DEP HDD CDD WTR SNW DPTH SPD SPD DIR MIN PSBL S-S WX SPD DR
================================================================================
1 96 71 84 -2 0 19 0.00 0.0 0 8.1 18 240 M M 1 30 220
2 99 72 86 0 0 21 0.00 0.0 0 5.0 14 230 M M 0 23 99
3 103 74 89 3 0 24 0.00 0.0 0 5.8 14 230 M M 1 23 230
4 95 71 83 -3 0 18 0.07 0.0 0 11.6 27 230 M M 2 44 230
5 82 68 75 -11 0 10 0.24 0.0 0 6.1 20 220 M M 8 1 31 220
6 95 67 81 -5 0 16 0.00 0.0 0 6.2 14 220 M M 0 17 230
7 102 76 89 3 0 24 T 0.0 0 9.5 24 90 M M 2 38 140
8 99 78 89 3 0 24 0.00 0.0 0 6.1 16 220 M M 0 18 200
9 97 74 86 0 0 21 0.03 0.0 0 8.5 28 110 M M 3 40 120
10 99 75 87 2 0 22 0.16 0.0 0 8.1 23 100 M M 3 31 230
11 100 74 87 2 0 22 0.00 0.0 0 7.0 15 250 M M 1 24 240
12 99 74 87 2 0 22 0.00 0.0 0 9.2 22 120 M M 0 35 120
13 94 75 85 0 0 20 0.00 0.0 0 8.0 15 250 M M 2 23 240
14 99 77 88 3 0 23 0.00 0.0 0 8.3 27 30 M M 1 43 20
15 100 73 87 2 0 22 0.00 0.0 0 9.0 23 110 M M 1 37 110
16 101 74 88 4 0 23 0.00 0.0 0 10.6 25 40 M M 2 48 50
17 101 76 89 5 0 24 0.00 0.0 0 8.9 24 20 M M 1 40 20
18 102 74 88 4 0 23 0.05 0.0 0 11.4 24 180 M M 3 41 90
19 101 71 86 2 0 21 0.00 0.0 0 6.4 16 140 M M 1 18 99
20 103 73 88 4 0 23 0.00 0.0 0 7.1 17 190 M M 0 33 200
21 104 74 89 5 0 24 0.00 0.0 0 5.0 12 260 M M 0 22 280
22 103 73 88 5 0 23 0.00 0.0 0 4.6 15 120 M M 0 18 230
23 107 72 90 7 0 25 T 0.0 0 6.0 14 130 M M 0 21 230
24 103 76 90 7 0 25 0.00 0.0 0 8.3 30 130 M M 0 41 130
25 96 74 85 2 0 20 0.00 0.0 0 8.5 27 150 M M 2 39 150
26 99 71 85 2 0 20 0.00 0.0 0 5.8 13 240 M M 0 22 230
27 101 67 84 2 0 19 0.00 0.0 0 8.7 21 220 M M 0 40 190
28 100 76 88 6 0 23 0.00 0.0 0 8.2 17 230 M M 0 30 220
29 102 74 88 6 0 23 0.00 0.0 0 4.8 15 210 M M 1 25 240
30 104 73 89 7 0 24 0.00 0.0 0 4.2 10 240 M M 0 M M
31 108 70 89 8 0 24 0.00 0.0 0 4.9 14 220 M M 0 22 220
================================================================================
SM 3094 2267 0 672 0.55 0.0 229.9 M 35
================================================================================
AV 99.8 73.1 7.4 FASTST M M 1 MAX(MPH)
MISC ----> 30 130 48 50
================================================================================
NOTES:
# LAST OF SEVERAL OCCURRENCES
COLUMN 17 PEAK WIND IN M.P.H.
PRELIMINARY LOCAL CLIMATOLOGICAL DATA (WS FORM: F-6) , PAGE 2
STATION: DESERT ROCK-MERCURY NV
MONTH: AUGUST
YEAR: 2022
LATITUDE: 36 37 N
LONGITUDE: 116 1 W
[TEMPERATURE DATA] [PRECIPITATION DATA] SYMBOLS USED IN COLUMN 16
AVERAGE MONTHLY: 86.5 TOTAL FOR MONTH: 0.55 1 = FOG OR MIST
DPTR FM NORMAL: 2.2 DPTR FM NORMAL: 0.16 2 = FOG REDUCING VISIBILITY
HIGHEST: 108 ON 31 GRTST 24HR 0.24 ON 5- 5 TO 1/4 MILE OR LESS
LOWEST: 67 ON 27, 6 3 = THUNDER
SNOW, ICE PELLETS, HAIL 4 = ICE PELLETS
TOTAL MONTH: 0.0 INCH 5 = HAIL
GRTST 24HR 0.0 6 = FREEZING RAIN OR DRIZZLE
GRTST DEPTH: 0 7 = DUSTSTORM OR SANDSTORM:
VSBY 1/2 MILE OR LESS
8 = SMOKE OR HAZE
[NO. OF DAYS WITH] [WEATHER - DAYS WITH] 9 = BLOWING SNOW
X = TORNADO
MAX 32 OR BELOW: 0 0.01 INCH OR MORE: 5
MAX 90 OR ABOVE: 30 0.10 INCH OR MORE: 2
MIN 32 OR BELOW: 0 0.50 INCH OR MORE: 0
MIN 0 OR BELOW: 0 1.00 INCH OR MORE: 0
[HDD (BASE 65) ]
TOTAL THIS MO. 0 CLEAR (SCALE 0-3) 30
DPTR FM NORMAL 0 PTCLDY (SCALE 4-7) 0
TOTAL FM JUL 1 0 CLOUDY (SCALE 8-10) 1
DPTR FM NORMAL 0
[CDD (BASE 65) ]
TOTAL THIS MO. 672
DPTR FM NORMAL 75 [PRESSURE DATA]
TOTAL FM JAN 1 2116 HIGHEST SLP M ON M
DPTR FM NORMAL 203 LOWEST SLP M ON M
[REMARKS]
#FINAL-08-22#