000
CXUS53 KDMX 012116
CLMDSM
CLIMATE REPORT
NATIONAL WEATHER SERVICE DES MOINES IA
416 PM CDT SUN OCT 01 2023
...................................
...THE DES MOINES IA CLIMATE SUMMARY FOR THE MONTH OF SEPTEMBER 2023...
CLIMATE NORMAL PERIOD 1991 TO 2020
CLIMATE RECORD PERIOD 1878 TO 2023
WEATHER OBSERVED NORMAL DEPART LAST YEAR`S
VALUE DATE(S) VALUE FROM VALUE
NORMAL
..............................................................
TEMPERATURE (F)
RECORD
HIGH 101 09/09/2013
09/07/1939
09/03/1939
LOW 26 09/28/1942
09/30/1899
HIGHEST 96 09/03 91 5
LOWEST 47 09/18 38 9
MEAN 70.5 66.2 4.3
DAYS MAX >= 90 6 2.3 3.7
DAYS MAX <= 32 0 0.0 0.0
DAYS MIN <= 32 0 0.0 0.0
DAYS MIN <= 0 0 0.0 0.0
PRECIPITATION (INCHES)
RECORD
MAXIMUM 14.81 1914
MINIMUM 0.15 1882
TOTALS 2.43 3.18 -0.75
DAILY AVG. 0.08 0.11 -0.03
DAYS >= .01 5
DAYS >= .10 4
DAYS >= .50 2
DAYS >= 1.00 1
SNOWFALL (INCHES)
TOTALS 0.0 0.0 0.0
SINCE 7/1 0.0 0.0 0.0
DEGREE DAYS
HEATING TOTAL 3 86 -83
SINCE 7/1 5 93 -88
COOLING TOTAL 177 120 57
SINCE 1/1 1246 1055 191
..............................................................
WIND (MPH)
HIGHEST GUST SPEED/DIRECTION 42/090 DATE 09/23
WEATHER CONDITIONS. NUMBER OF DAYS WITH
THUNDERSTORM 4 HAIL 0
SLEET 0 FOG 12
FOG W/VIS <= 1/4 MILE 3 HAZE 9
- INDICATES NEGATIVE NUMBERS.
R INDICATES RECORD WAS SET OR TIED.
MM INDICATES DATA IS MISSING.
T INDICATES TRACE AMOUNT.
$$