000
CXUS54 KFWD 010731
CF6DTO
PRELIMINARY LOCAL CLIMATOLOGICAL DATA (WS FORM: F-6)
STATION: DENTON
MONTH: AUGUST
YEAR: 2021
LATITUDE: 33 12 N
LONGITUDE: 97 12 W
TEMPERATURE IN F: :PCPN: SNOW: WIND :SUNSHINE: SKY :PK WND
================================================================================
1 2 3 4 5 6A 6B 7 8 9 10 11 12 13 14 15 16 17 18
12Z AVG MX 2MIN
DY MAX MIN AVG DEP HDD CDD WTR SNW DPTH SPD SPD DIR MIN PSBL S-S WX SPD DR
================================================================================
1 94 74 84 -2 0 19 0.15 M M 7.4 23 130 M M 1 3 30 140
2 90 72 81 -5 0 16 0.00 M M 8.1 20 10 M M 6 18 25 360
3 92 67 80 -6 0 15 0.00 M M 4.3 12 360 M M 3 18 18 20
4 92 74 83 -3 0 18 T M M 4.9 13 140 M M 5 19 140
5 94 69 82 -4 0 17 0.01 M M 7.3 26 30 M M 4 18 34 30
6 95 68 82 -4 0 17 0.00 M M 8.1 17 130 M M 1 23 120
7 97 76 87 1 0 22 0.00 M M 12.3 22 150 M M 1 28 150
8 99 77 88 3 0 23 0.00 M M 16.4 28 180 M M 0 36 180
9 99 79 89 4 0 24 0.00 M M 15.9 25 170 M M 1 39 170
10 98 76 87 2 0 22 0.00 M M 14.1 24 160 M M 0 33 160
11 99 74 87 2 0 22 0.00 M M 13.8 24 170 M M 0 35 200
12 99 78 89 4 0 24 0.00 M M 9.7 18 160 M M 0 25 160
13 97 75 86 1 0 21 0.00 M M 6.8 14 190 M M 0 20 140
14 86 74 80 -5 0 15 0.26 M M 7.3 24 20 M M 2 13 32 30
15 91 75 83 -2 0 18 0.00 M M 3.5 14 160 M M 6 22 190
16 92 71 82 -2 0 17 0.02 M M 5.0 16 90 M M 1 21 100
17 87 72 80 -4 0 15 0.76 M M 6.9 26 320 M M 3 13 40 330
18 82 74 78 -6 0 13 1.57 M M 7.8 15 150 M M 7 13 19 130
19 94 73 84 0 0 19 2.25 M M 10.3 29 180 M M 5 13 40 210
20 96 77 87 3 0 22 T M M 11.3 20 160 M M 1 3 29 160
21 96 78 87 3 0 22 0.00 M M 9.0 16 200 M M 0 22 210
22 97 76 87 4 0 22 0.00 M M 7.9 16 150 M M 0 21 150
23 97 73 85 2 0 20 0.00 M M 7.6 15 150 M M 0 20 170
24 97 69 83 0 0 18 0.00 M M 7.6 15 160 M M 0 22 180
25 97 71 84 1 0 19 0.00 M M 4.5 13 130 M M 0 18 160
26 97 73 85 3 0 20 0.00 M M 3.7 12 100 M M 1 18 70
27 93 75 84 2 0 19 0.00 M M 7.6 15 140 M M 0 25 130
28 93 71 82 0 0 17 0.00 M M 6.2 15 130 M M 1 22 110
29 91 73 82 0 0 17 0.00 M M 5.5 18 110 M M 4 25 110
30 94 72 83 2 0 18 0.00 M M 4.1 14 30 M M 1 19 20
31 97 71 84 3 0 19 0.00 M M 3.8 12 250 M M 0 15 250
================================================================================
SM 2922 2277 0 590 5.02 M 248.7 M 54
================================================================================
AV 94.3 73.5 8.0 FASTST M M 2 MAX(MPH)
MISC ----> 29 180 # 40 330
================================================================================
NOTES:
# LAST OF SEVERAL OCCURRENCES
COLUMN 17 PEAK WIND IN M.P.H.
PRELIMINARY LOCAL CLIMATOLOGICAL DATA (WS FORM: F-6) , PAGE 2
STATION: DENTON
MONTH: AUGUST
YEAR: 2021
LATITUDE: 33 12 N
LONGITUDE: 97 12 W
[TEMPERATURE DATA] [PRECIPITATION DATA] SYMBOLS USED IN COLUMN 16
AVERAGE MONTHLY: 83.9 TOTAL FOR MONTH: 5.02 1 = FOG OR MIST
DPTR FM NORMAL: -0.2 DPTR FM NORMAL: 2.63 2 = FOG REDUCING VISIBILITY
HIGHEST: 99 ON 12,11 GRTST 24HR 3.75 ON 18-19 TO 1/4 MILE OR LESS
LOWEST: 67 ON 3 3 = THUNDER
SNOW, ICE PELLETS, HAIL 4 = ICE PELLETS
TOTAL MONTH: M 5 = HAIL
GRTST 24HR M ON M 6 = FREEZING RAIN OR DRIZZLE
GRTST DEPTH: M ON M 7 = DUSTSTORM OR SANDSTORM:
VSBY 1/2 MILE OR LESS
8 = SMOKE OR HAZE
[NO. OF DAYS WITH] [WEATHER - DAYS WITH] 9 = BLOWING SNOW
X = TORNADO
MAX 32 OR BELOW: 0 0.01 INCH OR MORE: 7
MAX 90 OR ABOVE: 28 0.10 INCH OR MORE: 5
MIN 32 OR BELOW: 0 0.50 INCH OR MORE: 3
MIN 0 OR BELOW: 0 1.00 INCH OR MORE: 2
[HDD (BASE 65) ]
TOTAL THIS MO. 0 CLEAR (SCALE 0-3) 23
DPTR FM NORMAL 0 PTCLDY (SCALE 4-7) 8
TOTAL FM JUL 1 0 CLOUDY (SCALE 8-10) 0
DPTR FM NORMAL 0
[CDD (BASE 65) ]
TOTAL THIS MO. 590
DPTR FM NORMAL 0 [PRESSURE DATA]
TOTAL FM JAN 1 1840 HIGHEST SLP M ON M
DPTR FM NORMAL -158 LOWEST SLP 29.67 ON 31
[REMARKS]
#FINAL-08-21#