000
CXUS53 KDTX 010635
CF6DTW
PRELIMINARY LOCAL CLIMATOLOGICAL DATA (WS FORM: F-6)
STATION: DETROIT MI
MONTH: JUNE
YEAR: 2020
LATITUDE: 42 13 N
LONGITUDE: 83 20 W
TEMPERATURE IN F: :PCPN: SNOW: WIND :SUNSHINE: SKY :PK WND
================================================================================
1 2 3 4 5 6A 6B 7 8 9 10 11 12 13 14 15 16 17 18
12Z AVG MX 2MIN
DY MAX MIN AVG DEP HDD CDD WTR SNW DPTH SPD SPD DIR MIN PSBL S-S WX SPD DR
================================================================================
1 74 47 61 -4 4 0 0.11 0.0 0 8.9 14 250 M M 6 22 220
2 89 58 74 9 0 9 T 0.0 0 11.1 23 250 M M 6 28 250
3 83 68 76 10 0 11 0.00 0.0 0 11.4 31 310 M M 8 42 310
4 84 61 73 7 0 8 T 0.0 0 5.5 14 220 M M 8 19 220
5 89 65 77 11 0 12 0.00 0.0 0 6.1 20 210 M M 7 25 220
6 83 61 72 5 0 7 0.00 0.0 0 7.6 20 310 M M 3 27 300
7 78 53 66 -1 0 1 0.00 0.0 0 4.4 14 40 M M 4 19 50
8 81 55 68 1 0 3 0.00 0.0 0 4.2 9 160 M M 4 17 140
9 90 58 74 6 0 9 0.01 0.0 0 7.0 22 200 M M 8 32 190
10 91 68 80 12 0 15 0.19 0.0 0 17.8 31 220 M M 9 138 41 260
11 78 60 69 1 0 4 T 0.0 0 14.3 28 270 M M 6 39 230
12 74 56 65 -4 0 0 0.00 0.0 0 8.1 17 300 M M 6 24 300
13 68 49 59 -10 6 0 0.00 0.0 0 9.4 16 60 M M 7 24 60
14 70 46 58 -11 7 0 0.00 0.0 0 9.8 18 60 M M 3 27 70
15 76 50 63 -7 2 0 0.00 0.0 0 7.1 15 60 M M 2 26 40
16 82 56 69 -1 0 4 0.00 0.0 0 4.6 13 160 M M 3 16 160
17 84 57 71 1 0 6 0.00 0.0 0 3.2 13 170 M M 3 16 150
18 87 61 74 4 0 9 0.00 0.0 0 4.7 14 20 M M 6 27 10
19 86 63 75 4 0 10 0.02 0.0 0 4.1 15 130 M M 6 22 130
20 90 64 77 6 0 12 0.00 0.0 0 5.7 15 140 M M 5 1 22 150
21 85 69 77 6 0 12 T 0.0 0 7.4 16 240 M M 8 22 140
22 83 69 76 5 0 11 0.03 0.0 0 5.2 12 130 M M 8 1 19 150
23 80 62 71 -1 0 6 0.75 0.0 0 11.0 29 260 M M 8 1 38 280
24 77 60 69 -3 0 4 0.01 0.0 0 10.7 23 250 M M 6 28 240
25 82 57 70 -2 0 5 0.00 0.0 0 7.7 20 260 M M 6 29 250
26 84 60 72 0 0 7 1.01 0.0 0 7.0 25 260 M M 8 13 37 260
27 86 67 77 5 0 12 0.27 0.0 0 9.2 21 230 M M 8 13 25 220
28 87 63 75 2 0 10 0.00 0.0 0 3.6 12 10 M M 4 16 20
29 87 65 76 3 0 11 0.00 0.0 0 3.2 10 100 M M 5 16 90
30 87 64 76 3 0 11 0.00 0.0 0 4.8 13 160 M M 4 20 60
================================================================================
SM 2475 1792 19 209 2.40 0.0 224.8 M 175
================================================================================
AV 82.5 59.7 7.5 FASTST M M 6 MAX(MPH)
MISC ----> # 31 310 42 310
================================================================================
NOTES:
# LAST OF SEVERAL OCCURRENCES
COLUMN 17 PEAK WIND IN M.P.H.
PRELIMINARY LOCAL CLIMATOLOGICAL DATA (WS FORM: F-6) , PAGE 2
STATION: DETROIT MI
MONTH: JUNE
YEAR: 2020
LATITUDE: 42 13 N
LONGITUDE: 83 20 W
[TEMPERATURE DATA] [PRECIPITATION DATA] SYMBOLS USED IN COLUMN 16
AVERAGE MONTHLY: 71.1 TOTAL FOR MONTH: 2.40 1 = FOG OR MIST
DPTR FM NORMAL: 1.7 DPTR FM NORMAL: -1.12 2 = FOG REDUCING VISIBILITY
HIGHEST: 91 ON 10 GRTST 24HR 1.28 ON 26-27 TO 1/4 MILE OR LESS
LOWEST: 46 ON 14 3 = THUNDER
SNOW, ICE PELLETS, HAIL 4 = ICE PELLETS
TOTAL MONTH: 0.0 INCH 5 = HAIL
GRTST 24HR 0.0 6 = FREEZING RAIN OR DRIZZLE
GRTST DEPTH: 0 7 = DUSTSTORM OR SANDSTORM:
VSBY 1/2 MILE OR LESS
8 = SMOKE OR HAZE
[NO. OF DAYS WITH] [WEATHER - DAYS WITH] 9 = BLOWING SNOW
X = TORNADO
MAX 32 OR BELOW: 0 0.01 INCH OR MORE: 9
MAX 90 OR ABOVE: 3 0.10 INCH OR MORE: 5
MIN 32 OR BELOW: 0 0.50 INCH OR MORE: 2
MIN 0 OR BELOW: 0 1.00 INCH OR MORE: 1
[HDD (BASE 65) ]
TOTAL THIS MO. 19 CLEAR (SCALE 0-3) 5
DPTR FM NORMAL -16 PTCLDY (SCALE 4-7) 22
TOTAL FM JUL 1 5740 CLOUDY (SCALE 8-10) 3
DPTR FM NORMAL -396
[CDD (BASE 65) ]
TOTAL THIS MO. 209
DPTR FM NORMAL 42 [PRESSURE DATA]
TOTAL FM JAN 1 260 HIGHEST SLP M ON M
DPTR FM NORMAL 45 LOWEST SLP 29.51 ON 10
[REMARKS]
#FINAL-06-20#