000
CXUS51 KPBZ 010730
CF6DUJ
PRELIMINARY LOCAL CLIMATOLOGICAL DATA (WS FORM: F-6)
STATION: DUBOIS PA
MONTH: APRIL
YEAR: 2022
LATITUDE: 41 10 N
LONGITUDE: 78 54 W
TEMPERATURE IN F: :PCPN: SNOW: WIND :SUNSHINE: SKY :PK WND
================================================================================
1 2 3 4 5 6A 6B 7 8 9 10 11 12 13 14 15 16 17 18
12Z AVG MX 2MIN
DY MAX MIN AVG DEP HDD CDD WTR SNW DPTH SPD SPD DIR MIN PSBL S-S WX SPD DR
================================================================================
1 43 32 38 -3 27 0 0.04 M M 15.0 26 270 M M 10 1 42 280
2 50 30 40 -1 25 0 0.00 M M 5.3 16 290 M M 5 24 320
3 43 31 37 -5 28 0 0.19 M M 9.3 23 270 M M 10 128 30 270
4 46 26 36 -6 29 0 0.00 M M 3.3 13 250 M M 5 1 16 250
5 63 35 49 6 16 0 0.08 M M 6.9 13 120 M M 3 1 19 130
6 55 47 51 8 14 0 0.52 M M 9.9 20 130 M M 10 1 27 150
7 52 39 46 2 19 0 0.68 M M 5.7 18 240 M M 10 18 22 260
8 49 31 40 -4 25 0 0.07 M M 4.8 21 230 M M 7 12 26 240
9 48 32 40 -4 25 0 0.13 M M 8.6 26 270 M M 9 18 33 280
10 43 31 37 -8 28 0 0.06 M M 9.0 21 300 M M 7 128 29 320
11 64 27 46 1 19 0 0.41 M M 8.6 21 230 M M 4 1 26 240
12 66 46 56 10 9 0 0.22 M M 5.4 21 330 M M 5 1 31 320
13 76 48 62 16 3 0 0.01 M M 8.7 23 230 M M 5 33 230
14 67 40 54 7 11 0 0.04 M M 12.5 32 260 M M 4 18 46 250
15 66 38 52 5 13 0 0.00 M M 13.7 33 230 M M 2 45 220
16 61 33 47 -1 18 0 0.37 M M 7.8 23 240 M M 9 1 35 220
17 46 30 38 -10 27 0 0.01 M M 7.7 18 330 M M 5 1 25 340
18 38 30 34 -14 31 0 0.27 M M 12.6 24 120 M M 6 12 35 100
19 38 32 35 -14 30 0 T M M 14.5 23 270 M M 10 18 39 260
20 54 27 41 -8 24 0 T M M 7.0 17 280 M M 1 23 300
21 55 45 50 0 15 0 0.22 M M 9.9 16 220 M M 7 1 25 220
22 61 42 52 2 13 0 0.00 M M 5.3 13 250 M M 2 12 18 270
23 77 46 62 12 3 0 0.05 M M 7.5 13 120 M M 5 17 120
24 83 54 69 18 0 4 0.00 M M 7.8 20 250 M M 0 27 230
25 82 59 71 20 0 6 0.54 M M 7.7 21 220 M M 4 1 28 230
26 60 40 50 -2 15 0 0.08 M M 8.5 16 320 M M 10 1 22 270
27 40 29 35 -17 30 0 0.02 M M 13.6 22 280 M M 8 18 29 290
28 52 28 40 -12 25 0 0.00 M M 8.6 17 360 M M 4 26 350
29 62 28 45 -8 20 0 0.00 M M 5.4 14 360 M M 0 19 350
30 69 34 52 -1 13 0 0.00 M M 3.9 10 70 M M 0 12 90
================================================================================
SM 1709 1090 555 10 4.01 M 254.5 M 167
================================================================================
AV 57.0 36.3 8.5 FASTST M M 6 MAX(MPH)
MISC ----> 33 230 46 250
================================================================================
NOTES:
# LAST OF SEVERAL OCCURRENCES
COLUMN 17 PEAK WIND IN M.P.H.
PRELIMINARY LOCAL CLIMATOLOGICAL DATA (WS FORM: F-6) , PAGE 2
STATION: DUBOIS PA
MONTH: APRIL
YEAR: 2022
LATITUDE: 41 10 N
LONGITUDE: 78 54 W
[TEMPERATURE DATA] [PRECIPITATION DATA] SYMBOLS USED IN COLUMN 16
AVERAGE MONTHLY: 46.7 TOTAL FOR MONTH: 4.01 1 = FOG OR MIST
DPTR FM NORMAL: -0.5 DPTR FM NORMAL: 0.29 2 = FOG REDUCING VISIBILITY
HIGHEST: 83 ON 24 GRTST 24HR 0.90 ON 6- 7 TO 1/4 MILE OR LESS
LOWEST: 26 ON 4 3 = THUNDER
SNOW, ICE PELLETS, HAIL 4 = ICE PELLETS
TOTAL MONTH: M 5 = HAIL
GRTST 24HR M ON M 6 = FREEZING RAIN OR DRIZZLE
GRTST DEPTH: M ON M 7 = DUSTSTORM OR SANDSTORM:
VSBY 1/2 MILE OR LESS
8 = SMOKE OR HAZE
[NO. OF DAYS WITH] [WEATHER - DAYS WITH] 9 = BLOWING SNOW
X = TORNADO
MAX 32 OR BELOW: 0 0.01 INCH OR MORE: 20
MAX 90 OR ABOVE: 0 0.10 INCH OR MORE: 10
MIN 32 OR BELOW: 15 0.50 INCH OR MORE: 3
MIN 0 OR BELOW: 0 1.00 INCH OR MORE: 0
[HDD (BASE 65) ]
TOTAL THIS MO. 555 CLEAR (SCALE 0-3) 7
DPTR FM NORMAL 16 PTCLDY (SCALE 4-7) 14
TOTAL FM JUL 1 5624 CLOUDY (SCALE 8-10) 9
DPTR FM NORMAL -713
[CDD (BASE 65) ]
TOTAL THIS MO. 10
DPTR FM NORMAL 6 [PRESSURE DATA]
TOTAL FM JAN 1 10 HIGHEST SLP 30.50 ON 22
DPTR FM NORMAL 6 LOWEST SLP 29.56 ON 1
[REMARKS]
#FINAL-04-22#