000
CXUS53 KFGF 012230
CF6DVL
PRELIMINARY LOCAL CLIMATOLOGICAL DATA (WS FORM: F-6)
STATION: DEVILS LAKE ND
MONTH: MAY
YEAR: 2020
LATITUDE: 48 7 N
LONGITUDE: 98 54 W
TEMPERATURE IN F: :PCPN: SNOW: WIND :SUNSHINE: SKY :PK WND
================================================================================
1 2 3 4 5 6A 6B 7 8 9 10 11 12 13 14 15 16 17 18
12Z AVG MX 2MIN
DY MAX MIN AVG DEP HDD CDD WTR SNW DPTH SPD SPD DIR MIN PSBL S-S WX SPD DR
================================================================================
1 64 49 57 6 8 0 0.01 M M 11.7 26 290 M M 7 35 290
2 62 44 53 2 12 0 M M M 18.2 27 310 M M 0 41 300
3 51 30 41 -11 24 0 M M M 11.8 16 100 M M 4 20 80
4 42 38 40 -12 25 0 0.14 M M 10.2 16 130 M M 8 1 M M
5 53 38 46 -7 19 0 0.11 M M 6.7 15 30 M M 7 1 M M
6 61 32 47 -6 18 0 T M M 5.5 12 60 M M 3 12 18 310
7 49 31 40 -13 25 0 M M M 14.1 22 10 M M 2 28 30
8 51 23 37 -17 28 0 0.00 M M 6.6 10 220 M M 3 M M
9 45 31 38 -16 27 0 0.12 M M 17.8 29 60 M M 6 1 36 70
10 45 30 38 -16 27 0 M M M 16.0 21 350 M M 7 26 350
11 44 23 34 -21 31 0 0.00 M M 9.3 14 360 M M 0 20 330
12 51 24 38 -17 27 0 0.00 M M 6.9 14 150 M M 1 M M
13 48 40 44 -11 21 0 0.24 M M 12.0 22 140 M M 10 12 27 150
14 53 38 46 -10 19 0 0.01 M M 11.3 27 330 M M 7 12 31 290
15 65 33 49 -7 16 0 M M M 5.8 12 270 M M 0 M M
16 67 39 53 -3 12 0 M M M 5.5 12 150 M M 0 M M
17 71 41 56 0 9 0 M M M 7.5 14 150 M M 0 M M
18 72 49 61 4 4 0 M M M 13.3 22 140 M M 0 30 150
19 73 53 63 6 2 0 M M M 17.7 23 150 M M 0 30 150
20 71 55 63 6 2 0 M M M 18.3 25 160 M M 4 1 32 160
21 72 57 65 7 0 0 T M M 17.9 24 170 M M 5 31 160
22 77 58 68 10 0 3 T M M 12.5 18 140 M M 4 1 24 150
23 79 57 68 10 0 3 M M M 10.7 23 20 M M 1 1 32 340
24 69 52 61 2 4 0 0.14 M M 10.1 21 360 M M 6 1 22 350
25 65 51 58 -1 7 0 M M M 9.6 14 360 M M 4 M M
26 73 55 64 5 1 0 M M M 6.1 9 200 M M 3 M M
27 73 54 64 5 1 0 0.00 0.0 0 13.5 25 280 M M 0 32 280
28 60 50 55 -5 10 0 M M M 20.8 30 290 M M 7 40 300
29 64 47 56 -4 9 0 M 0.0 0 8.6 20 30 M M 7 24 360
30 64 38 51 -9 14 0 M M M 5.4 12 220 M M 0 M M
31 77 49 63 2 2 0 0.00 0.0 0 13.2 24 160 M M 1 31 160
================================================================================
SM 1911 1309 404 6 0.77 0.0 354.6 M 107
================================================================================
AV 61.6 42.2 11.4 FASTST M M 3 MAX(MPH)
MISC ----> 30 290 41 300
================================================================================
NOTES:
# LAST OF SEVERAL OCCURRENCES
COLUMN 17 PEAK WIND IN M.P.H.
PRELIMINARY LOCAL CLIMATOLOGICAL DATA (WS FORM: F-6) , PAGE 2
STATION: DEVILS LAKE ND
MONTH: MAY
YEAR: 2020
LATITUDE: 48 7 N
LONGITUDE: 98 54 W
[TEMPERATURE DATA] [PRECIPITATION DATA] SYMBOLS USED IN COLUMN 16
AVERAGE MONTHLY: 51.9 TOTAL FOR MONTH: 0.77 1 = FOG OR MIST
DPTR FM NORMAL: -4.1 DPTR FM NORMAL: -1.70 2 = FOG REDUCING VISIBILITY
HIGHEST: 79 ON 23 GRTST 24HR 0.24 ON 13-13 TO 1/4 MILE OR LESS
LOWEST: 23 ON 11, 8 3 = THUNDER
SNOW, ICE PELLETS, HAIL 4 = ICE PELLETS
TOTAL MONTH: 0.0 INCH 5 = HAIL
GRTST 24HR 0.0 6 = FREEZING RAIN OR DRIZZLE
GRTST DEPTH: 0 7 = DUSTSTORM OR SANDSTORM:
VSBY 1/2 MILE OR LESS
8 = SMOKE OR HAZE
[NO. OF DAYS WITH] [WEATHER - DAYS WITH] 9 = BLOWING SNOW
X = TORNADO
MAX 32 OR BELOW: 0 0.01 INCH OR MORE: 7
MAX 90 OR ABOVE: 0 0.10 INCH OR MORE: 5
MIN 32 OR BELOW: 8 0.50 INCH OR MORE: 0
MIN 0 OR BELOW: 0 1.00 INCH OR MORE: 0
[HDD (BASE 65) ]
TOTAL THIS MO. 404 CLEAR (SCALE 0-3) 15
DPTR FM NORMAL 105 PTCLDY (SCALE 4-7) 15
TOTAL FM JUL 1 9664 CLOUDY (SCALE 8-10) 1
DPTR FM NORMAL 518
[CDD (BASE 65) ]
TOTAL THIS MO. 6
DPTR FM NORMAL -14 [PRESSURE DATA]
TOTAL FM JAN 1 6 HIGHEST SLP M ON M
DPTR FM NORMAL -16 LOWEST SLP M ON M
[REMARKS]
#FINAL-05-20#