000
CXUS55 KPSR 011005
CF6DVT
PRELIMINARY LOCAL CLIMATOLOGICAL DATA (WS FORM: F-6)
STATION: DEER VLY/PHOENIX AZ
MONTH: MAY
YEAR: 2022
LATITUDE: 33 41 N
LONGITUDE: 112 4 W
TEMPERATURE IN F: :PCPN: SNOW: WIND :SUNSHINE: SKY :PK WND
================================================================================
1 2 3 4 5 6A 6B 7 8 9 10 11 12 13 14 15 16 17 18
12Z AVG MX 2MIN
DY MAX MIN AVG DEP HDD CDD WTR SNW DPTH SPD SPD DIR MIN PSBL S-S WX SPD DR
================================================================================
1 93 58 76 2 0 11 0.00 M M 10.8 25 240 M M 0 39 270
2 89 61 75 1 0 10 0.00 M M 6.1 16 270 M M 0 24 250
3 88 62 75 1 0 10 0.00 M M 8.3 20 230 M M 0 27 230
4 90 60 75 1 0 10 0.00 M M 4.5 17 200 M M 0 28 210
5 93 63 78 3 0 13 0.00 M M 4.6 14 250 M M 0 18 270
6 95 63 79 4 0 14 0.00 M M 4.5 18 240 M M 0 25 250
7 97 64 81 6 0 16 0.00 M M 9.4 23 230 M M 0 38 250
8 91 68 80 4 0 15 0.00 M M 12.6 26 260 M M 0 37 270
9 85 64 75 -1 0 10 0.00 M M 9.9 21 230 M M 0 31 190
10 87 57 72 -4 0 7 0.00 M M 6.5 16 260 M M 0 21 250
11 84 57 71 -6 0 6 0.00 M M 8.7 20 250 M M 0 27 260
12 84 54 69 -8 0 4 0.00 M M 5.0 12 230 M M 0 18 270
13 94 57 76 -1 0 11 0.00 M M 3.6 12 270 M M 0 17 260
14 101 63 82 4 0 17 0.00 M M 3.9 12 300 M M 0 17 200
15 103 65 84 6 0 19 0.00 M M 4.9 17 240 M M 0 22 240
16 101 68 85 7 0 20 0.00 M M 6.0 17 270 M M 0 24 200
17 99 70 85 7 0 20 0.00 M M 5.1 15 230 M M 0 23 240
18 97 67 82 3 0 17 0.00 M M 5.4 15 250 M M 0 20 240
19 96 65 81 2 0 16 0.00 M M 7.9 22 240 M M 0 28 240
20 95 67 81 2 0 16 0.00 M M 10.7 28 270 M M 0 48 270
21 90 66 78 -2 0 13 0.00 M M 7.3 17 250 M M 0 26 270
22 93 66 80 0 0 15 0.00 M M 6.7 17 250 M M 0 24 270
23 93 61 77 -3 0 12 0.00 M M 6.5 18 250 M M 0 25 250
24 97 65 81 1 0 16 0.00 M M 6.8 18 270 M M 0 26 230
25 101 67 84 3 0 19 0.00 M M 6.6 16 240 M M 0 22 240
26 102 68 85 4 0 20 0.00 M M 5.3 16 250 M M 0 23 240
27 101 72 87 6 0 22 0.00 M M 5.6 16 260 M M 0 22 260
28 98 71 85 3 0 20 0.00 M M 9.7 24 260 M M 0 33 260
29 91 72 82 0 0 17 0.00 M M 11.6 22 240 M M 0 29 260
30 91 70 81 -1 0 16 0.00 M M 8.5 20 230 M M 0 31 250
31 94 65 80 -2 0 15 0.00 M M 5.8 16 260 M M 0 24 270
================================================================================
SM 2913 1996 0 447 0.00 M 218.8 M 0
================================================================================
AV 94.0 64.4 7.1 FASTST M M 0 MAX(MPH)
MISC ----> 28 270 48 270
================================================================================
NOTES:
# LAST OF SEVERAL OCCURRENCES
COLUMN 17 PEAK WIND IN M.P.H.
PRELIMINARY LOCAL CLIMATOLOGICAL DATA (WS FORM: F-6) , PAGE 2
STATION: DEER VLY/PHOENIX AZ
MONTH: MAY
YEAR: 2022
LATITUDE: 33 41 N
LONGITUDE: 112 4 W
[TEMPERATURE DATA] [PRECIPITATION DATA] SYMBOLS USED IN COLUMN 16
AVERAGE MONTHLY: 79.2 TOTAL FOR MONTH: 0.00 1 = FOG OR MIST
DPTR FM NORMAL: 1.1 DPTR FM NORMAL: -0.19 2 = FOG REDUCING VISIBILITY
HIGHEST: 103 ON 15 GRTST 24HR 0.00 ON 1- 1 TO 1/4 MILE OR LESS
LOWEST: 54 ON 12 3 = THUNDER
SNOW, ICE PELLETS, HAIL 4 = ICE PELLETS
TOTAL MONTH: M 5 = HAIL
GRTST 24HR M ON M 6 = FREEZING RAIN OR DRIZZLE
GRTST DEPTH: M ON M 7 = DUSTSTORM OR SANDSTORM:
VSBY 1/2 MILE OR LESS
8 = SMOKE OR HAZE
[NO. OF DAYS WITH] [WEATHER - DAYS WITH] 9 = BLOWING SNOW
X = TORNADO
MAX 32 OR BELOW: 0 0.01 INCH OR MORE: 0
MAX 90 OR ABOVE: 25 0.10 INCH OR MORE: 0
MIN 32 OR BELOW: 0 0.50 INCH OR MORE: 0
MIN 0 OR BELOW: 0 1.00 INCH OR MORE: 0
[HDD (BASE 65) ]
TOTAL THIS MO. 0 CLEAR (SCALE 0-3) 31
DPTR FM NORMAL -2 PTCLDY (SCALE 4-7) 0
TOTAL FM JUL 1 945 CLOUDY (SCALE 8-10) 0
DPTR FM NORMAL -254
[CDD (BASE 65) ]
TOTAL THIS MO. 447
DPTR FM NORMAL 38 [PRESSURE DATA]
TOTAL FM JAN 1 729 HIGHEST SLP 30.05 ON 12
DPTR FM NORMAL 95 LOWEST SLP 29.47 ON 29
[REMARKS]
#FINAL-05-22#