000
CXUS54 KEWX 011010
CF6DZB
PRELIMINARY LOCAL CLIMATOLOGICAL DATA (WS FORM: F-6)
STATION: HORSESHOE BAY
MONTH: MARCH
YEAR: 2021
LATITUDE: 30 31 N
LONGITUDE: 98 22 W
TEMPERATURE IN F: :PCPN: SNOW: WIND :SUNSHINE: SKY :PK WND
================================================================================
1 2 3 4 5 6A 6B 7 8 9 10 11 12 13 14 15 16 17 18
12Z AVG MX 2MIN
DY MAX MIN AVG DEP HDD CDD WTR SNW DPTH SPD SPD DIR MIN PSBL S-S WX SPD DR
================================================================================
1 56 45 51 M 14 0 0.08 M M 6.7 18 360 M M 10 29 360
2 64 35 50 M 15 0 0.00 M M 2.7 8 360 M M 1 M M
3 73 33 53 M 12 0 0.00 M M 4.7 9 170 M M 0 M M
4 78 50 64 M 1 0 0.00 M M 7.7 15 160 M M 2 24 180
5 76 53 65 M 0 0 0.00 M M 8.9 20 340 M M 4 29 340
6 67 44 56 M 9 0 0.00 M M 5.0 15 340 M M 5 21 340
7 69 35 52 M 13 0 0.00 M M 4.7 10 130 M M 0 17 140
8 69 42 56 M 9 0 0.00 M M 6.3 12 150 M M 5 18 180
9 75 51 63 M 2 0 0.00 M M 10.2 18 150 M M 7 27 150
10 79 64 72 M 0 7 0.00 M M 12.0 21 170 M M 7 31 170
11 80 67 74 M 0 9 0.00 M M 10.5 17 190 M M 7 25 190
12 82 66 74 M 0 9 0.00 M M 10.5 18 170 M M 8 29 170
13 76 67 72 M 0 7 0.02 M M 11.5 22 170 M M 9 40 170
14 77 50 64 M 1 0 0.01 M M 5.8 12 290 M M 5 31 170
15 87 40 64 M 1 0 0.00 M M 4.0 9 180 M M 0 18 240
16 82 57 70 M 0 5 0.00 M M 6.2 14 160 M M 5 1 20 160
17 72 50 61 M 4 0 0.10 M M 12.4 20 330 M M 3 35 310
18 69 43 56 M 9 0 0.00 M M 9.5 17 340 M M 0 28 330
19 68 38 53 M 12 0 0.00 M M 4.9 9 20 M M 0 17 360
20 72 36 54 M 11 0 0.00 M M 2.8 8 90 M M 0 16 100
21 74 48 61 M 4 0 0.00 M M 7.6 13 150 M M 2 21 170
22 69 57 63 M 2 0 0.48 M M 8.7 17 160 M M 8 13 26 160
23 78 49 64 M 1 0 0.00 M M 2.5 6 150 M M 1 M M
24 75 46 61 M 4 0 0.04 M M 6.1 12 110 M M 6 18 140
25 72 52 62 M 3 0 0.64 M M 5.9 14 340 M M 4 3 21 340
26 83 47 65 M 0 0 0.00 M M 7.6 13 170 M M 0 21 170
27 83 60 72 M 0 7 0.00 M M 3.4 8 190 M M 6 17 160
28 74 44 59 M 6 0 0.00 M M 8.2 15 30 M M 2 25 30
29 77 39 58 M 7 0 0.00 M M 6.0 14 160 M M 3 21 190
30 81 61 71 M 0 6 0.00 M M 7.2 16 200 M M 7 24 200
31 72 44 58 M 7 0 0.00 M M 6.9 15 30 M M 5 22 10
================================================================================
SM 2309 1513 147 50 1.37 M 217.2 M 122
================================================================================
AV 74.5 48.8 7.0 FASTST M M 4 MAX(MPH)
MISC ----> 22 170 40 170
================================================================================
NOTES:
# LAST OF SEVERAL OCCURRENCES
COLUMN 17 PEAK WIND IN M.P.H.
PRELIMINARY LOCAL CLIMATOLOGICAL DATA (WS FORM: F-6) , PAGE 2
STATION: HORSESHOE BAY
MONTH: MARCH
YEAR: 2021
LATITUDE: 30 31 N
LONGITUDE: 98 22 W
[TEMPERATURE DATA] [PRECIPITATION DATA] SYMBOLS USED IN COLUMN 16
AVERAGE MONTHLY: 61.6 TOTAL FOR MONTH: 1.37 1 = FOG OR MIST
DPTR FM NORMAL: 0.0 DPTR FM NORMAL: M 2 = FOG REDUCING VISIBILITY
HIGHEST: 87 ON 15 GRTST 24HR 0.64 ON 25-25 TO 1/4 MILE OR LESS
LOWEST: 33 ON 3 3 = THUNDER
SNOW, ICE PELLETS, HAIL 4 = ICE PELLETS
TOTAL MONTH: M 5 = HAIL
GRTST 24HR M ON M 6 = FREEZING RAIN OR DRIZZLE
GRTST DEPTH: M ON M 7 = DUSTSTORM OR SANDSTORM:
VSBY 1/2 MILE OR LESS
8 = SMOKE OR HAZE
[NO. OF DAYS WITH] [WEATHER - DAYS WITH] 9 = BLOWING SNOW
X = TORNADO
MAX 32 OR BELOW: 0 0.01 INCH OR MORE: 7
MAX 90 OR ABOVE: 0 0.10 INCH OR MORE: 3
MIN 32 OR BELOW: 0 0.50 INCH OR MORE: 1
MIN 0 OR BELOW: 0 1.00 INCH OR MORE: 0
[HDD (BASE 65) ]
TOTAL THIS MO. 147 CLEAR (SCALE 0-3) 13
DPTR FM NORMAL M PTCLDY (SCALE 4-7) 15
TOTAL FM JUL 1 1812 CLOUDY (SCALE 8-10) 3
DPTR FM NORMAL M
[CDD (BASE 65) ]
TOTAL THIS MO. 50
DPTR FM NORMAL M [PRESSURE DATA]
TOTAL FM JAN 1 58 HIGHEST SLP M ON M
DPTR FM NORMAL M LOWEST SLP M ON M
[REMARKS]
#FINAL-03-21#