000
CXUS56 KOTX 011010
CF6EAT
PRELIMINARY LOCAL CLIMATOLOGICAL DATA (WS FORM: F-6)
STATION: WENATCHEE WA PANGBORN FIELD
MONTH: NOVEMBER
YEAR: 2023
LATITUDE: 47 23 N
LONGITUDE: 120 12 W
TEMPERATURE IN F: :PCPN: SNOW: WIND :SUNSHINE: SKY :PK WND
================================================================================
1 2 3 4 5 6A 6B 7 8 9 10 11 12 13 14 15 16 17 18
12Z AVG MX 2MIN
DY MAX MIN AVG DEP HDD CDD WTR SNW DPTH SPD SPD DIR MIN PSBL S-S WX SPD DR
================================================================================
1 43 31 37 -6 28 0 0.11 M M 1.5 6 90 M M 6 1 7 90
2 45 35 40 -2 25 0 0.15 M M 2.3 10 60 M M 7 1 12 80
3 44 35 40 -2 25 0 0.06 M M 6.0 14 90 M M 8 12 19 100
4 49 40 45 3 20 0 0.15 M M 2.4 10 290 M M 9 12 11 290
5 47 36 42 1 23 0 0.04 M M 2.0 8 60 M M 8 12 9 70
6 48 41 45 4 20 0 0.24 M M 2.2 9 290 M M 9 12 11 130
7 55 41 48 8 17 0 0.00 M M 9.8 25 300 M M 2 31 300
8 55 35 45 5 20 0 0.00 M M 4.5 12 320 M M 0 8 14 310
9 42 31 37 -3 28 0 0.02 M M 2.1 8 300 M M 7 9 220
10 39 34 37 -2 28 0 0.00 M M 6.7 15 120 M M 6 12 19 120
11 52 36 44 5 21 0 T M M 7.1 22 260 M M 4 1 28 260
12 44 33 39 1 26 0 0.00 M M 3.2 10 300 M M 5 12 310
13 53 34 44 6 21 0 0.00 M M 6.7 16 290 M M 1 20 310
14 45 29 37 -1 28 0 0.00 M M 4.7 14 310 M M 0 17 320
15 41 29 35 -2 30 0 0.00 M M 2.1 9 260 M M 4 8 11 260
16 44 25 35 -2 30 0 0.00 M M 4.1 10 110 M M 0 13 100
17 39 25 32 -5 33 0 0.00 M M 3.6 10 120 M M 1 12 13 120
18 38 27 33 -3 32 0 0.05 M M 3.0 9 310 M M 7 1 10 290
19 50 34 42 6 23 0 T M M 8.2 22 310 M M 3 1 27 310
20 42 30 36 0 29 0 0.00 M M 2.9 15 270 M M 2 19 270
21 41 32 37 2 28 0 0.00 M M 2.0 8 290 M M 4 11 270
22 45 32 39 4 26 0 0.00 M M 3.3 14 280 M M 2 16 290
23 47 30 39 4 26 0 0.00 M M 6.5 16 310 M M 1 19 310
24 42 26 34 0 31 0 0.00 M M 4.8 12 300 M M 0 15 320
25 39 24 32 -2 33 0 0.00 M M 5.2 13 110 M M 0 16 130
26 36 22 29 -5 36 0 T M M 3.5 9 100 M M 5 12 12 130
27 35 30 33 0 32 0 0.00 M M 1.2 6 310 M M 10 7 310
28 34 29 32 -1 33 0 0.00 M M 5.1 10 90 M M 10 1 13 100
29 30 28 29 -4 36 0 0.00 M M 7.5 12 100 M M 10 1 15 120
30 31 27 29 -3 36 0 T M M 5.9 10 150 M M 10 1 14 100
================================================================================
SM 1295 941 824 0 0.82 M 130.1 M 141
================================================================================
AV 43.2 31.4 4.3 FASTST M M 5 MAX(MPH)
MISC ----> 25 300 31 300
================================================================================
NOTES:
# LAST OF SEVERAL OCCURRENCES
COLUMN 17 PEAK WIND IN M.P.H.
PRELIMINARY LOCAL CLIMATOLOGICAL DATA (WS FORM: F-6) , PAGE 2
STATION: WENATCHEE WA PANGBORN FIELD
MONTH: NOVEMBER
YEAR: 2023
LATITUDE: 47 23 N
LONGITUDE: 120 12 W
[TEMPERATURE DATA] [PRECIPITATION DATA] SYMBOLS USED IN COLUMN 16
AVERAGE MONTHLY: 37.3 TOTAL FOR MONTH: 0.82 1 = FOG OR MIST
DPTR FM NORMAL: -0.1 DPTR FM NORMAL: -0.03 2 = FOG REDUCING VISIBILITY
HIGHEST: 55 ON 8, 7 GRTST 24HR 0.28 ON 5- 6 TO 1/4 MILE OR LESS
LOWEST: 22 ON 26 3 = THUNDER
SNOW, ICE PELLETS, HAIL 4 = ICE PELLETS
TOTAL MONTH: M 5 = HAIL
GRTST 24HR M ON M 6 = FREEZING RAIN OR DRIZZLE
GRTST DEPTH: M ON M 7 = DUSTSTORM OR SANDSTORM:
VSBY 1/2 MILE OR LESS
8 = SMOKE OR HAZE
[NO. OF DAYS WITH] [WEATHER - DAYS WITH] 9 = BLOWING SNOW
X = TORNADO
MAX 32 OR BELOW: 2 0.01 INCH OR MORE: 8
MAX 90 OR ABOVE: 0 0.10 INCH OR MORE: 4
MIN 32 OR BELOW: 18 0.50 INCH OR MORE: 0
MIN 0 OR BELOW: 0 1.00 INCH OR MORE: 0
[HDD (BASE 65) ]
TOTAL THIS MO. 824 CLEAR (SCALE 0-3) 11
DPTR FM NORMAL -6 PTCLDY (SCALE 4-7) 12
TOTAL FM JUL 1 1298 CLOUDY (SCALE 8-10) 7
DPTR FM NORMAL -81
[CDD (BASE 65) ]
TOTAL THIS MO. 0
DPTR FM NORMAL 0 [PRESSURE DATA]
TOTAL FM JAN 1 1097 HIGHEST SLP M ON M
DPTR FM NORMAL 290 LOWEST SLP 29.55 ON 6
[REMARKS]
#FINAL-11-23#