000
CXUS51 KAKQ 012202
CF6ECG
PRELIMINARY LOCAL CLIMATOLOGICAL DATA (WS FORM: F-6)
STATION: ELIZABETH CITY NC
MONTH: FEBRUARY
YEAR: 2023
LATITUDE: 36 16 N
LONGITUDE: 76 11 W
TEMPERATURE IN F: :PCPN: SNOW: WIND :SUNSHINE: SKY :PK WND
================================================================================
1 2 3 4 5 6A 6B 7 8 9 10 11 12 13 14 15 16 17 18
12Z AVG MX 2MIN
DY MAX MIN AVG DEP HDD CDD WTR SNW DPTH SPD SPD DIR MIN PSBL S-S WX SPD DR
================================================================================
1 46 38 42 -1 23 0 0.16 0.0 0 12.8 23 10 M M 10 1 30 360
2 41 36 39 -4 26 0 0.28 0.0 0 7.2 14 340 M M 10 1 17 350
3 48 29 39 -5 26 0 0.01 0.0 0 13.3 21 350 M M 5 18 26 10
4 34 22 28 -16 37 0 0.00 0.0 0 8.6 22 360 M M 0 26 350
5 54 28 41 -3 24 0 0.13 0.0 0 4.1 10 200 M M 5 12 M M
6 58 38 48 4 17 0 0.05 0.0 0 11.5 29 340 M M 4 12 36 340
7 57 29 43 -1 22 0 0.00 0.0 0 5.4 14 200 M M 0 1 17 130
8 71 43 57 13 8 0 0.00 0.0 0 8.3 16 240 M M 0 8 21 250
9 71 41 56 12 9 0 0.00 0.0 0 9.0 20 190 M M 1 12 28 190
10 76 55 66 22 0 1 0.05 0.0 0 10.9 17 30 M M 6 23 210
11 55 45 50 6 15 0 0.00 0.0 0 11.4 18 40 M M 3 22 50
12 60 44 52 7 13 0 1.21 0.0 0 16.1 31 50 M M 9 1 38 40
13 61 42 52 7 13 0 0.12 0.0 0 12.7 23 320 M M 4 1 30 300
14 60 38 49 4 16 0 0.00 0.0 0 7.2 17 40 M M 0 20 40
15 75 43 59 14 6 0 0.00 0.0 0 10.9 24 210 M M 0 30 220
16 76 59 68 23 0 3 0.00 0.0 0 12.3 21 220 M M 2 27 210
17 71 43 57 12 8 0 0.16 0.0 0 15.8 30 290 M M 7 1 41 290
18 48 33 41 -4 24 0 0.00 0.0 0 9.4 25 340 M M 0 31 330
19 61 31 46 0 19 0 T 0.0 0 5.8 14 170 M M 4 18 130
20 64 52 58 12 7 0 0.00 0.0 0 9.2 17 220 M M 3 22 210
21 74 50 62 16 3 0 0.00 0.0 0 8.7 21 260 M M 1 30 260
22 77 48 63 17 2 0 0.00 0.0 0 9.9 22 210 M M 0 27 220
23 85 64 75 29 0 10 0.10 0.0 0 12.9 24 250 M M 2 18 34 260
24 76 50 63 17 2 0 0.00 0.0 0 13.8 25 340 M M 1 30 340
25 50 43 47 1 18 0 0.30 0.0 0 10.4 24 30 M M 7 1 28 40
26 54 43 49 2 16 0 T 0.0 0 8.4 16 10 M M 7 20 10
27 63 42 53 6 12 0 0.10 0.0 0 10.6 23 210 M M 4 1 35 210
28 77 49 63 16 2 0 0.00 0.0 0 9.3 20 230 M M 1 12 28 230
================================================================================
SM 1743 1178 368 14 2.67 0.0 285.9 M 96
================================================================================
AV 62.3 42.1 10.2 FASTST M M 3 MAX(MPH)
MISC ----> 31 50 41 290
================================================================================
NOTES:
# LAST OF SEVERAL OCCURRENCES
COLUMN 17 PEAK WIND IN M.P.H.
PRELIMINARY LOCAL CLIMATOLOGICAL DATA (WS FORM: F-6) , PAGE 2
STATION: ELIZABETH CITY NC
MONTH: FEBRUARY
YEAR: 2023
LATITUDE: 36 16 N
LONGITUDE: 76 11 W
[TEMPERATURE DATA] [PRECIPITATION DATA] SYMBOLS USED IN COLUMN 16
AVERAGE MONTHLY: 52.2 TOTAL FOR MONTH: 2.67 1 = FOG OR MIST
DPTR FM NORMAL: 7.2 DPTR FM NORMAL: -0.20 2 = FOG REDUCING VISIBILITY
HIGHEST: 85 ON 23 GRTST 24HR 1.26 ON 12-13 TO 1/4 MILE OR LESS
LOWEST: 22 ON 4 3 = THUNDER
SNOW, ICE PELLETS, HAIL 4 = ICE PELLETS
TOTAL MONTH: 0.0 INCH 5 = HAIL
GRTST 24HR 0.0 6 = FREEZING RAIN OR DRIZZLE
GRTST DEPTH: 0 7 = DUSTSTORM OR SANDSTORM:
VSBY 1/2 MILE OR LESS
8 = SMOKE OR HAZE
[NO. OF DAYS WITH] [WEATHER - DAYS WITH] 9 = BLOWING SNOW
X = TORNADO
MAX 32 OR BELOW: 0 0.01 INCH OR MORE: 12
MAX 90 OR ABOVE: 0 0.10 INCH OR MORE: 9
MIN 32 OR BELOW: 5 0.50 INCH OR MORE: 1
MIN 0 OR BELOW: 0 1.00 INCH OR MORE: 1
[HDD (BASE 65) ]
TOTAL THIS MO. 368 CLEAR (SCALE 0-3) 15
DPTR FM NORMAL -194 PTCLDY (SCALE 4-7) 10
TOTAL FM JUL 1 1963 CLOUDY (SCALE 8-10) 3
DPTR FM NORMAL -396
[CDD (BASE 65) ]
TOTAL THIS MO. 14
DPTR FM NORMAL 12 [PRESSURE DATA]
TOTAL FM JAN 1 18 HIGHEST SLP 30.73 ON 4
DPTR FM NORMAL 17 LOWEST SLP 29.44 ON 28
[REMARKS]
#FINAL-02-23#